{"id":1514,"date":"2022-07-06T15:34:24","date_gmt":"2022-07-06T19:34:24","guid":{"rendered":"https:\/\/visitavina.munivina.cl\/events\/presentacion-libro-the-wallmapu-2\/"},"modified":"2022-07-06T15:34:24","modified_gmt":"2022-07-06T19:34:24","slug":"presentacion-libro-the-wallmapu-2","status":"publish","type":"mec-events","link":"https:\/\/visitavina.munivina.cl\/br\/actividad\/presentacion-libro-the-wallmapu-2\/","title":{"rendered":"Presentaci\u00f3n Libro &#8220;The Wallmapu&#8221;"},"content":{"rendered":"<p style=\"text-align: justify;\">La invitaci\u00f3n es compartir con el periodista y escritor nacional, Pedro Cayuqueo en la presentaci\u00f3n de su libro <strong>The Wallmapu<\/strong>,<\/p>\n<p style=\"text-align: justify;\"><strong>The Wallmapu<\/strong>, mantiene algunas matrices de sus libros period\u00edsticos anteriores: historias de despojo territorial, la violencia del racismo, la sobrevivencia de un pueblo y una cultura a la adversidad, su humor caracter\u00edstico, las referencias al rock (de all\u00ed el t\u00edtulo del libro, un gui\u00f1o al cl\u00e1sico disco de Pink Floyd) y la personificaci\u00f3n de sus protagonistas describiendo sus entornos y personalidades.<\/p>\n<p>Lugar: Sala Aldo Francia, Museo Palacio Rioja<br \/>\nEntrada gratuita<\/p>","protected":false},"excerpt":{"rendered":"<p>La invitaci\u00f3n es compartir con el periodista y escritor nacional, Pedro Cayuqueo en la presentaci\u00f3n de su libro The Wallmapu, The Wallmapu, mantiene algunas matrices de sus libros period\u00edsticos anteriores: historias de despojo territorial, la violencia del racismo, la sobrevivencia de un pueblo y una cultura a la adversidad, su humor caracter\u00edstico, las referencias al [&hellip;]<\/p>\n","protected":false},"author":2,"featured_media":0,"comment_status":"open","ping_status":"closed","template":"","tags":[],"mec_category":[],"class_list":["post-1514","mec-events","type-mec-events","status-publish","hentry"],"acf":[],"_links":{"self":[{"href":"https:\/\/visitavina.munivina.cl\/br\/wp-json\/wp\/v2\/mec-events\/1514","targetHints":{"allow":["GET"]}}],"collection":[{"href":"https:\/\/visitavina.munivina.cl\/br\/wp-json\/wp\/v2\/mec-events"}],"about":[{"href":"https:\/\/visitavina.munivina.cl\/br\/wp-json\/wp\/v2\/types\/mec-events"}],"author":[{"embeddable":true,"href":"https:\/\/visitavina.munivina.cl\/br\/wp-json\/wp\/v2\/users\/2"}],"replies":[{"embeddable":true,"href":"https:\/\/visitavina.munivina.cl\/br\/wp-json\/wp\/v2\/comments?post=1514"}],"wp:attachment":[{"href":"https:\/\/visitavina.munivina.cl\/br\/wp-json\/wp\/v2\/media?parent=1514"}],"wp:term":[{"taxonomy":"post_tag","embeddable":true,"href":"https:\/\/visitavina.munivina.cl\/br\/wp-json\/wp\/v2\/tags?post=1514"},{"taxonomy":"mec_category","embeddable":true,"href":"https:\/\/visitavina.munivina.cl\/br\/wp-json\/wp\/v2\/mec_category?post=1514"}],"curies":[{"name":"wp","href":"https:\/\/api.w.org\/{rel}","templated":true}]}}

Presentación Libro &#8220;The Wallmapu&#8221;

<p style="text-align: justify;">La invitación es compartir con el periodista y escritor nacional, Pedro Cayuqueo en la presentación de su libro <strong>The Wallmapu</strong>,</p>
<p style="text-align: justify;"><strong>The Wallmapu</strong>, mantiene algunas matrices de sus libros periodísticos anteriores: historias de despojo territorial, la violencia del racismo, la sobrevivencia de un pueblo y una cultura a la adversidad, su humor característico, las referencias al rock (de allí el título del libro, un guiño al clásico disco de Pink Floyd) y la personificación de sus protagonistas describiendo sus entornos y personalidades.</p>
<p>Lugar: Sala Aldo Francia, Museo Palacio Rioja<br />
Entrada gratuita</p>

<p>La invitación es compartir con el periodista y escritor nacional, Pedro Cayuqueo en la presentación de su libro The Wallmapu, The Wallmapu, mantiene algunas matrices de sus libros periodísticos anteriores: historias de despojo territorial, la violencia del racismo, la sobrevivencia de un pueblo y una cultura a la adversidad, su humor característico, las referencias al [&hellip;]</p>
