{"id":1520,"date":"2022-07-06T15:39:05","date_gmt":"2022-07-06T19:39:05","guid":{"rendered":"https:\/\/visitavina.munivina.cl\/events\/presentacion-libro-la-via-damma-2\/"},"modified":"2022-07-06T15:39:05","modified_gmt":"2022-07-06T19:39:05","slug":"presentacion-libro-la-via-damma-2","status":"publish","type":"mec-events","link":"https:\/\/visitavina.munivina.cl\/br\/actividad\/presentacion-libro-la-via-damma-2\/","title":{"rendered":"Presentaci\u00f3n Libro &#8220;La V\u00eda Damma&#8221;"},"content":{"rendered":"<p style=\"text-align: justify;\">Presentaci\u00f3n del libro &#8220;<b>La V\u00eda Damma<\/b>&#8221; de <strong>Francisca Solar<\/strong>, Joven escritora nacional presenta atractiva novela de historia, misterio y terror en el Palacio Rioja,\u00a0 Francisca Solar ha publicado 13 libros en 16 pa\u00edses y cinco idiomas.<br \/>\nEs la escritora chilena m\u00e1s joven en firmar un contrato de edici\u00f3n internacional.<\/p>\n<p>Lugar:\u00a0 Sala Aldo Francia del Palacio Rioja.<br \/>\n        Entrada Liberada, ingreso por orden de llegada (aforo m\u00e1ximo 50 personas)<\/p>","protected":false},"excerpt":{"rendered":"<p>Presentaci\u00f3n del libro &#8220;La V\u00eda Damma&#8221; de Francisca Solar, Joven escritora nacional presenta atractiva novela de historia, misterio y terror en el Palacio Rioja,\u00a0 Francisca Solar ha publicado 13 libros en 16 pa\u00edses y cinco idiomas. Es la escritora chilena m\u00e1s joven en firmar un contrato de edici\u00f3n internacional. Lugar:\u00a0 Sala Aldo Francia del Palacio [&hellip;]<\/p>\n","protected":false},"author":2,"featured_media":0,"comment_status":"open","ping_status":"closed","template":"","tags":[],"mec_category":[],"class_list":["post-1520","mec-events","type-mec-events","status-publish","hentry"],"acf":[],"_links":{"self":[{"href":"https:\/\/visitavina.munivina.cl\/br\/wp-json\/wp\/v2\/mec-events\/1520","targetHints":{"allow":["GET"]}}],"collection":[{"href":"https:\/\/visitavina.munivina.cl\/br\/wp-json\/wp\/v2\/mec-events"}],"about":[{"href":"https:\/\/visitavina.munivina.cl\/br\/wp-json\/wp\/v2\/types\/mec-events"}],"author":[{"embeddable":true,"href":"https:\/\/visitavina.munivina.cl\/br\/wp-json\/wp\/v2\/users\/2"}],"replies":[{"embeddable":true,"href":"https:\/\/visitavina.munivina.cl\/br\/wp-json\/wp\/v2\/comments?post=1520"}],"wp:attachment":[{"href":"https:\/\/visitavina.munivina.cl\/br\/wp-json\/wp\/v2\/media?parent=1520"}],"wp:term":[{"taxonomy":"post_tag","embeddable":true,"href":"https:\/\/visitavina.munivina.cl\/br\/wp-json\/wp\/v2\/tags?post=1520"},{"taxonomy":"mec_category","embeddable":true,"href":"https:\/\/visitavina.munivina.cl\/br\/wp-json\/wp\/v2\/mec_category?post=1520"}],"curies":[{"name":"wp","href":"https:\/\/api.w.org\/{rel}","templated":true}]}}

Presentación Libro &#8220;La Vía Damma&#8221;

<p style="text-align: justify;">Presentación del libro &#8220;<b>La Vía Damma</b>&#8221; de <strong>Francisca Solar</strong>, Joven escritora nacional presenta atractiva novela de historia, misterio y terror en el Palacio Rioja,  Francisca Solar ha publicado 13 libros en 16 países y cinco idiomas.<br />
Es la escritora chilena más joven en firmar un contrato de edición internacional.</p>
<p>Lugar:  Sala Aldo Francia del Palacio Rioja.<br />
        Entrada Liberada, ingreso por orden de llegada (aforo máximo 50 personas)</p>

<p>Presentación del libro &#8220;La Vía Damma&#8221; de Francisca Solar, Joven escritora nacional presenta atractiva novela de historia, misterio y terror en el Palacio Rioja,  Francisca Solar ha publicado 13 libros en 16 países y cinco idiomas. Es la escritora chilena más joven en firmar un contrato de edición internacional. Lugar:  Sala Aldo Francia del Palacio [&hellip;]</p>
