{"id":1574,"date":"2022-07-06T15:47:11","date_gmt":"2022-07-06T19:47:11","guid":{"rendered":"https:\/\/visitavina.munivina.cl\/events\/conversatorio-conservacion-y-restauracion-2\/"},"modified":"2022-07-06T15:47:11","modified_gmt":"2022-07-06T19:47:11","slug":"conversatorio-conservacion-y-restauracion-2","status":"publish","type":"mec-events","link":"https:\/\/visitavina.munivina.cl\/br\/actividad\/conversatorio-conservacion-y-restauracion-2\/","title":{"rendered":"Conversatorio &#8220;Conservaci\u00f3n y Restauraci\u00f3n&#8221;"},"content":{"rendered":"<p style=\"text-align: justify;\">Conversatorio sobre conservaci\u00f3n y restauraci\u00f3n en el Museo Palacio Vergara. El \u00c1rea de Conservaci\u00f3n y Restauraci\u00f3n del museo dar\u00e1 a conocer la labor que realiza, abordando la importancia de la disciplina y sus distintas etapas gracias al resguardo, protecci\u00f3n y puesta en valor de la colecci\u00f3n del Museo Vergara y su aporte en la comunidad educativa relacionada al \u00e1rea.<\/p>\n<p><img decoding=\"async\" src=\"https:\/\/visitavina.munivina.cl\/wp-content\/uploads\/2023\/02\/1f310.png\" alt=\"\ud83c\udf10\" title=\"\"> Auditorio Museo Palacio Vergara<br \/>\n<img decoding=\"async\" src=\"https:\/\/visitavina.munivina.cl\/wp-content\/uploads\/2023\/02\/270d.png\" alt=\"\u270d\" title=\"\">\u00a0 Inscripciones a trav\u00e9s de: mediaci\u00f3n.museovergara@gmail.com<\/p>","protected":false},"excerpt":{"rendered":"<p>Conversatorio sobre conservaci\u00f3n y restauraci\u00f3n en el Museo Palacio Vergara. El \u00c1rea de Conservaci\u00f3n y Restauraci\u00f3n del museo dar\u00e1 a conocer la labor que realiza, abordando la importancia de la disciplina y sus distintas etapas gracias al resguardo, protecci\u00f3n y puesta en valor de la colecci\u00f3n del Museo Vergara y su aporte en la comunidad [&hellip;]<\/p>\n","protected":false},"author":2,"featured_media":0,"comment_status":"open","ping_status":"closed","template":"","tags":[],"mec_category":[],"class_list":["post-1574","mec-events","type-mec-events","status-publish","hentry"],"acf":[],"_links":{"self":[{"href":"https:\/\/visitavina.munivina.cl\/br\/wp-json\/wp\/v2\/mec-events\/1574","targetHints":{"allow":["GET"]}}],"collection":[{"href":"https:\/\/visitavina.munivina.cl\/br\/wp-json\/wp\/v2\/mec-events"}],"about":[{"href":"https:\/\/visitavina.munivina.cl\/br\/wp-json\/wp\/v2\/types\/mec-events"}],"author":[{"embeddable":true,"href":"https:\/\/visitavina.munivina.cl\/br\/wp-json\/wp\/v2\/users\/2"}],"replies":[{"embeddable":true,"href":"https:\/\/visitavina.munivina.cl\/br\/wp-json\/wp\/v2\/comments?post=1574"}],"wp:attachment":[{"href":"https:\/\/visitavina.munivina.cl\/br\/wp-json\/wp\/v2\/media?parent=1574"}],"wp:term":[{"taxonomy":"post_tag","embeddable":true,"href":"https:\/\/visitavina.munivina.cl\/br\/wp-json\/wp\/v2\/tags?post=1574"},{"taxonomy":"mec_category","embeddable":true,"href":"https:\/\/visitavina.munivina.cl\/br\/wp-json\/wp\/v2\/mec_category?post=1574"}],"curies":[{"name":"wp","href":"https:\/\/api.w.org\/{rel}","templated":true}]}}

Conversatorio &#8220;Conservación y Restauración&#8221;

<p style="text-align: justify;">Conversatorio sobre conservación y restauración en el Museo Palacio Vergara. El Área de Conservación y Restauración del museo dará a conocer la labor que realiza, abordando la importancia de la disciplina y sus distintas etapas gracias al resguardo, protección y puesta en valor de la colección del Museo Vergara y su aporte en la comunidad educativa relacionada al área.</p>
<p><img decoding="async" src="https://visitavina.munivina.cl/wp-content/uploads/2023/02/1f310.png" alt="🌐" title=""> Auditorio Museo Palacio Vergara<br />
<img decoding="async" src="https://visitavina.munivina.cl/wp-content/uploads/2023/02/270d.png" alt="✍" title="">  Inscripciones a través de: mediación.museovergara@gmail.com</p>

<p>Conversatorio sobre conservación y restauración en el Museo Palacio Vergara. El Área de Conservación y Restauración del museo dará a conocer la labor que realiza, abordando la importancia de la disciplina y sus distintas etapas gracias al resguardo, protección y puesta en valor de la colección del Museo Vergara y su aporte en la comunidad [&hellip;]</p>
