{"id":22296,"date":"2025-10-01T10:49:11","date_gmt":"2025-10-01T13:49:11","guid":{"rendered":"https:\/\/visitavina.munivina.cl\/?post_type=mec-events&#038;p=22296"},"modified":"2025-10-01T16:31:05","modified_gmt":"2025-10-01T19:31:05","slug":"mesa-del-padre-pelayo-una-noche-solidaria","status":"publish","type":"mec-events","link":"https:\/\/visitavina.munivina.cl\/br\/actividad\/mesa-del-padre-pelayo-una-noche-solidaria\/","title":{"rendered":"Mesa del Padre Pelayo | Una noche solidaria"},"content":{"rendered":"<p style=\"text-align: justify;\"><span data-sheets-root=\"1\">Una noche solidaria que cambiar\u00e1 vidas<br \/>\nEncuentro solidario, en el que la comunidad de la Regi\u00f3n de Valpara\u00edso se re\u00fane para apoyar a los ni\u00f1os, ni\u00f1as y adolescentes de la Fundaci\u00f3n Patronato de los Sagrados Corazones.<\/span><\/p>\n<p>Venda de ingressos por meio de<a href=\"https:\/\/ticketplus.cl\/events\/la-mesa-del-padre-pelayo-2025\" target=\"_blank\" rel=\"noopener nofollow\"> www.ticketplus.cl\u00a0<\/a><\/p>","protected":false},"excerpt":{"rendered":"<p>Una noche solidaria que cambiar\u00e1 vidas Encuentro solidario, en el que la comunidad de la Regi\u00f3n de Valpara\u00edso se re\u00fane para apoyar a los ni\u00f1os, ni\u00f1as y adolescentes de la Fundaci\u00f3n Patronato de los Sagrados Corazones. Venta de entradas a trav\u00e9s de www.ticketplus.cl\u00a0<\/p>","protected":false},"author":10,"featured_media":0,"comment_status":"closed","ping_status":"closed","template":"","tags":[],"mec_category":[],"class_list":["post-22296","mec-events","type-mec-events","status-publish","hentry"],"acf":[],"_links":{"self":[{"href":"https:\/\/visitavina.munivina.cl\/br\/wp-json\/wp\/v2\/mec-events\/22296","targetHints":{"allow":["GET"]}}],"collection":[{"href":"https:\/\/visitavina.munivina.cl\/br\/wp-json\/wp\/v2\/mec-events"}],"about":[{"href":"https:\/\/visitavina.munivina.cl\/br\/wp-json\/wp\/v2\/types\/mec-events"}],"author":[{"embeddable":true,"href":"https:\/\/visitavina.munivina.cl\/br\/wp-json\/wp\/v2\/users\/10"}],"replies":[{"embeddable":true,"href":"https:\/\/visitavina.munivina.cl\/br\/wp-json\/wp\/v2\/comments?post=22296"}],"wp:attachment":[{"href":"https:\/\/visitavina.munivina.cl\/br\/wp-json\/wp\/v2\/media?parent=22296"}],"wp:term":[{"taxonomy":"post_tag","embeddable":true,"href":"https:\/\/visitavina.munivina.cl\/br\/wp-json\/wp\/v2\/tags?post=22296"},{"taxonomy":"mec_category","embeddable":true,"href":"https:\/\/visitavina.munivina.cl\/br\/wp-json\/wp\/v2\/mec_category?post=22296"}],"curies":[{"name":"wp","href":"https:\/\/api.w.org\/{rel}","templated":true}]}}

<p style="text-align: justify;"><span data-sheets-root="1">Una noche solidaria que cambiará vidas<br />
Encuentro solidario, en el que la comunidad de la Región de Valparaíso se reúne para apoyar a los niños, niñas y adolescentes de la Fundación Patronato de los Sagrados Corazones.</span></p>
<p>Venda de ingressos por meio de<a href="https://ticketplus.cl/events/la-mesa-del-padre-pelayo-2025" target="_blank" rel="noopener nofollow"> www.ticketplus.cl </a></p>

<p>Una noche solidaria que cambiará vidas Encuentro solidario, en el que la comunidad de la Región de Valparaíso se reúne para apoyar a los niños, niñas y adolescentes de la Fundación Patronato de los Sagrados Corazones. Venta de entradas a través de www.ticketplus.cl </p>
