{"id":22303,"date":"2025-10-01T12:49:50","date_gmt":"2025-10-01T15:49:50","guid":{"rendered":"https:\/\/visitavina.munivina.cl\/?post_type=mec-events&#038;p=22303"},"modified":"2025-10-01T12:49:50","modified_gmt":"2025-10-01T15:49:50","slug":"programa-formacion-de-publicos-ficvina-3","status":"publish","type":"mec-events","link":"https:\/\/visitavina.munivina.cl\/br\/actividad\/programa-formacion-de-publicos-ficvina-3\/","title":{"rendered":"Programa Formaci\u00f3n de p\u00fablicos FICVI\u00d1A"},"content":{"rendered":"<p><span data-sheets-root=\"1\"><strong>Francisca, Manoel de Oliveira &#8211; Portugal<\/strong><br \/>\nEs una pel\u00edcula dram\u00e1tica portuguesa de 1981 basada en la novela Fanny Owen de Agustina Bessa-Lu\u00eds y dirigida por Manoel de Oliveira. La pel\u00edcula fue seleccionada como la candidata portuguesa a la Mejor Pel\u00edcula de habla no inglesa en la 55.\u00aa edici\u00f3n de los Premios \u00d3scar, pero no fue aceptada como nominada.<br \/>\nLa historia trata de un joven, hijo de un oficial ingl\u00e9s, que termina en el fatalismo y la desgracia debido a una pasi\u00f3n desafortunada.<\/span><\/p>\n<p><span data-sheets-root=\"1\">Entrada gratuita. Mayores de 14 a\u00f1os<\/span><\/p>","protected":false},"excerpt":{"rendered":"<p>Francisca, Manoel de Oliveira &#8211; Portugal Es una pel\u00edcula dram\u00e1tica portuguesa de 1981 basada en la novela Fanny Owen de Agustina Bessa-Lu\u00eds y dirigida por Manoel de Oliveira. La pel\u00edcula fue seleccionada como la candidata portuguesa a la Mejor Pel\u00edcula de habla no inglesa en la 55.\u00aa edici\u00f3n de los Premios \u00d3scar, pero no fue [&hellip;]<\/p>\n","protected":false},"author":10,"featured_media":0,"comment_status":"closed","ping_status":"closed","template":"","tags":[],"mec_category":[],"class_list":["post-22303","mec-events","type-mec-events","status-publish","hentry"],"acf":[],"_links":{"self":[{"href":"https:\/\/visitavina.munivina.cl\/br\/wp-json\/wp\/v2\/mec-events\/22303","targetHints":{"allow":["GET"]}}],"collection":[{"href":"https:\/\/visitavina.munivina.cl\/br\/wp-json\/wp\/v2\/mec-events"}],"about":[{"href":"https:\/\/visitavina.munivina.cl\/br\/wp-json\/wp\/v2\/types\/mec-events"}],"author":[{"embeddable":true,"href":"https:\/\/visitavina.munivina.cl\/br\/wp-json\/wp\/v2\/users\/10"}],"replies":[{"embeddable":true,"href":"https:\/\/visitavina.munivina.cl\/br\/wp-json\/wp\/v2\/comments?post=22303"}],"wp:attachment":[{"href":"https:\/\/visitavina.munivina.cl\/br\/wp-json\/wp\/v2\/media?parent=22303"}],"wp:term":[{"taxonomy":"post_tag","embeddable":true,"href":"https:\/\/visitavina.munivina.cl\/br\/wp-json\/wp\/v2\/tags?post=22303"},{"taxonomy":"mec_category","embeddable":true,"href":"https:\/\/visitavina.munivina.cl\/br\/wp-json\/wp\/v2\/mec_category?post=22303"}],"curies":[{"name":"wp","href":"https:\/\/api.w.org\/{rel}","templated":true}]}}

Programa Formación de públicos FICVIÑA

<p><span data-sheets-root="1"><strong>Francisca, Manoel de Oliveira &#8211; Portugal</strong><br />
Es una película dramática portuguesa de 1981 basada en la novela Fanny Owen de Agustina Bessa-Luís y dirigida por Manoel de Oliveira. La película fue seleccionada como la candidata portuguesa a la Mejor Película de habla no inglesa en la 55.ª edición de los Premios Óscar, pero no fue aceptada como nominada.<br />
La historia trata de un joven, hijo de un oficial inglés, que termina en el fatalismo y la desgracia debido a una pasión desafortunada.</span></p>
<p><span data-sheets-root="1">Entrada gratuita. Mayores de 14 años</span></p>

<p>Francisca, Manoel de Oliveira &#8211; Portugal Es una película dramática portuguesa de 1981 basada en la novela Fanny Owen de Agustina Bessa-Luís y dirigida por Manoel de Oliveira. La película fue seleccionada como la candidata portuguesa a la Mejor Película de habla no inglesa en la 55.ª edición de los Premios Óscar, pero no fue [&hellip;]</p>
