{"id":22304,"date":"2025-10-01T16:05:38","date_gmt":"2025-10-01T19:05:38","guid":{"rendered":"https:\/\/visitavina.munivina.cl\/?post_type=mec-events&#038;p=22304"},"modified":"2025-10-01T16:59:24","modified_gmt":"2025-10-01T19:59:24","slug":"ciclo-cine-de-autor-ettore-scola-3","status":"publish","type":"mec-events","link":"https:\/\/visitavina.munivina.cl\/br\/actividad\/ciclo-cine-de-autor-ettore-scola-3\/","title":{"rendered":"Ciclo Cine de Autor | Ettore Scola"},"content":{"rendered":"<p style=\"text-align: justify;\"><span data-sheets-root=\"1\"><strong>La Familia.<\/strong><br \/>\nUna pel\u00edcula dram\u00e1tica italiana de 1987 dirigida por Ettore Scola y protagonizada por Vittorio Gassman, Fanny Ardant, Philippe Noiret y Stefania Sandrelli. Fue estrenada en el Festival de Cannes de ese a\u00f1o.<br \/>\nLa pel\u00edcula muestra a una familia burguesa italiana vista a trav\u00e9s de los ojos de Carlo, un viejo profesor jubilado que es el \u00faltimo patriarca de su familia. Las memorias de Carlo caracterizan toda la pel\u00edcula, desde la \u00e9poca de la Belle \u00c9poque hasta la d\u00e9cada de 1980, a trav\u00e9s de dos guerras mundiales, el auge econ\u00f3mico, el amor, la amistad y todos los eventos que constituyen la vida humana.\u00a0<\/span><\/p>\n<p><span data-sheets-root=\"1\">Entrada gratuita. Mayores de 14 a\u00f1os<\/span><\/p>","protected":false},"excerpt":{"rendered":"<p>La Familia. Una pel\u00edcula dram\u00e1tica italiana de 1987 dirigida por Ettore Scola y protagonizada por Vittorio Gassman, Fanny Ardant, Philippe Noiret y Stefania Sandrelli. Fue estrenada en el Festival de Cannes de ese a\u00f1o. La pel\u00edcula muestra a una familia burguesa italiana vista a trav\u00e9s de los ojos de Carlo, un viejo profesor jubilado que [&hellip;]<\/p>\n","protected":false},"author":10,"featured_media":0,"comment_status":"closed","ping_status":"closed","template":"","tags":[],"mec_category":[],"class_list":["post-22304","mec-events","type-mec-events","status-publish","hentry"],"acf":[],"_links":{"self":[{"href":"https:\/\/visitavina.munivina.cl\/br\/wp-json\/wp\/v2\/mec-events\/22304","targetHints":{"allow":["GET"]}}],"collection":[{"href":"https:\/\/visitavina.munivina.cl\/br\/wp-json\/wp\/v2\/mec-events"}],"about":[{"href":"https:\/\/visitavina.munivina.cl\/br\/wp-json\/wp\/v2\/types\/mec-events"}],"author":[{"embeddable":true,"href":"https:\/\/visitavina.munivina.cl\/br\/wp-json\/wp\/v2\/users\/10"}],"replies":[{"embeddable":true,"href":"https:\/\/visitavina.munivina.cl\/br\/wp-json\/wp\/v2\/comments?post=22304"}],"wp:attachment":[{"href":"https:\/\/visitavina.munivina.cl\/br\/wp-json\/wp\/v2\/media?parent=22304"}],"wp:term":[{"taxonomy":"post_tag","embeddable":true,"href":"https:\/\/visitavina.munivina.cl\/br\/wp-json\/wp\/v2\/tags?post=22304"},{"taxonomy":"mec_category","embeddable":true,"href":"https:\/\/visitavina.munivina.cl\/br\/wp-json\/wp\/v2\/mec_category?post=22304"}],"curies":[{"name":"wp","href":"https:\/\/api.w.org\/{rel}","templated":true}]}}

<p style="text-align: justify;"><span data-sheets-root="1"><strong>La Familia.</strong><br />
Una película dramática italiana de 1987 dirigida por Ettore Scola y protagonizada por Vittorio Gassman, Fanny Ardant, Philippe Noiret y Stefania Sandrelli. Fue estrenada en el Festival de Cannes de ese año.<br />
La película muestra a una familia burguesa italiana vista a través de los ojos de Carlo, un viejo profesor jubilado que es el último patriarca de su familia. Las memorias de Carlo caracterizan toda la película, desde la época de la Belle Époque hasta la década de 1980, a través de dos guerras mundiales, el auge económico, el amor, la amistad y todos los eventos que constituyen la vida humana. </span></p>
<p><span data-sheets-root="1">Entrada gratuita. Mayores de 14 años</span></p>

<p>La Familia. Una película dramática italiana de 1987 dirigida por Ettore Scola y protagonizada por Vittorio Gassman, Fanny Ardant, Philippe Noiret y Stefania Sandrelli. Fue estrenada en el Festival de Cannes de ese año. La película muestra a una familia burguesa italiana vista a través de los ojos de Carlo, un viejo profesor jubilado que [&hellip;]</p>
