{"id":22317,"date":"2025-10-02T09:42:03","date_gmt":"2025-10-02T12:42:03","guid":{"rendered":"https:\/\/visitavina.munivina.cl\/?post_type=mec-events&#038;p=22317"},"modified":"2025-10-02T09:42:03","modified_gmt":"2025-10-02T12:42:03","slug":"presentacion-libro-la-nina-en-la-higuera-de-pedro-toro","status":"publish","type":"mec-events","link":"https:\/\/visitavina.munivina.cl\/br\/actividad\/presentacion-libro-la-nina-en-la-higuera-de-pedro-toro\/","title":{"rendered":"Presentaci\u00f3n libro | La ni\u00f1a en la higuera de Pedro Toro"},"content":{"rendered":"<p><span data-sheets-root=\"1\">Es una novela basada en la historia de la abuela del escritor. Cuenta su vida desde ni\u00f1a a la tremenda mujer que lleg\u00f3 a ser. Fue una de las primeras en llegar a Legua Emergencia y construy\u00f3 una familia y un futuro para muchos de nosotros. La novela se construy\u00f3 a partir de entrevistas a sus hijos e hijas y de las historias que ella misma contaba cada vez que pod\u00eda. Est\u00e1 novela estuvo colgada en un blogs en internet varios a\u00f1os, algunos de sus cuentos y fragmentos fueron tambi\u00e9n publicados en foros y en otras compilaciones.<\/span><\/p>\n<p><span data-sheets-root=\"1\">Entrada gratuita.<\/span><\/p>","protected":false},"excerpt":{"rendered":"<p>Es una novela basada en la historia de la abuela del escritor. Cuenta su vida desde ni\u00f1a a la tremenda mujer que lleg\u00f3 a ser. Fue una de las primeras en llegar a Legua Emergencia y construy\u00f3 una familia y un futuro para muchos de nosotros. La novela se construy\u00f3 a partir de entrevistas a [&hellip;]<\/p>\n","protected":false},"author":10,"featured_media":0,"comment_status":"closed","ping_status":"closed","template":"","tags":[],"mec_category":[],"class_list":["post-22317","mec-events","type-mec-events","status-publish","hentry"],"acf":[],"_links":{"self":[{"href":"https:\/\/visitavina.munivina.cl\/br\/wp-json\/wp\/v2\/mec-events\/22317","targetHints":{"allow":["GET"]}}],"collection":[{"href":"https:\/\/visitavina.munivina.cl\/br\/wp-json\/wp\/v2\/mec-events"}],"about":[{"href":"https:\/\/visitavina.munivina.cl\/br\/wp-json\/wp\/v2\/types\/mec-events"}],"author":[{"embeddable":true,"href":"https:\/\/visitavina.munivina.cl\/br\/wp-json\/wp\/v2\/users\/10"}],"replies":[{"embeddable":true,"href":"https:\/\/visitavina.munivina.cl\/br\/wp-json\/wp\/v2\/comments?post=22317"}],"wp:attachment":[{"href":"https:\/\/visitavina.munivina.cl\/br\/wp-json\/wp\/v2\/media?parent=22317"}],"wp:term":[{"taxonomy":"post_tag","embeddable":true,"href":"https:\/\/visitavina.munivina.cl\/br\/wp-json\/wp\/v2\/tags?post=22317"},{"taxonomy":"mec_category","embeddable":true,"href":"https:\/\/visitavina.munivina.cl\/br\/wp-json\/wp\/v2\/mec_category?post=22317"}],"curies":[{"name":"wp","href":"https:\/\/api.w.org\/{rel}","templated":true}]}}

Presentación libro | La niña en la higuera de Pedro Toro

<p><span data-sheets-root="1">Es una novela basada en la historia de la abuela del escritor. Cuenta su vida desde niña a la tremenda mujer que llegó a ser. Fue una de las primeras en llegar a Legua Emergencia y construyó una familia y un futuro para muchos de nosotros. La novela se construyó a partir de entrevistas a sus hijos e hijas y de las historias que ella misma contaba cada vez que podía. Está novela estuvo colgada en un blogs en internet varios años, algunos de sus cuentos y fragmentos fueron también publicados en foros y en otras compilaciones.</span></p>
<p><span data-sheets-root="1">Entrada gratuita.</span></p>

<p>Es una novela basada en la historia de la abuela del escritor. Cuenta su vida desde niña a la tremenda mujer que llegó a ser. Fue una de las primeras en llegar a Legua Emergencia y construyó una familia y un futuro para muchos de nosotros. La novela se construyó a partir de entrevistas a [&hellip;]</p>
