{"id":22336,"date":"2025-10-02T13:39:11","date_gmt":"2025-10-02T16:39:11","guid":{"rendered":"https:\/\/visitavina.munivina.cl\/?post_type=mec-events&#038;p=22336"},"modified":"2025-10-02T13:39:11","modified_gmt":"2025-10-02T16:39:11","slug":"concierto-trio-sophia","status":"publish","type":"mec-events","link":"https:\/\/visitavina.munivina.cl\/br\/actividad\/concierto-trio-sophia\/","title":{"rendered":"Concierto | Tr\u00edo Sophia"},"content":{"rendered":"<p style=\"text-align: justify;\">Integrantes: <strong>Eduardo Vargas, Pedro Aguilera y Camila Leal.<\/strong><br \/>\nTraves\u00edas Sonoras es un recorrido musical por paisajes culturales, emocionales y estil\u00edsticos que dialogan entre pasado y presente, tradici\u00f3n e innovaci\u00f3n. A trav\u00e9s de un repertorio cuidadosamente seleccionado, este concierto propone un viaje a trav\u00e9s de distintas geograf\u00edas sonoras: desde la m\u00fasica contempor\u00e1nea latinoamericana, pasando por danzas mestizas y relecturas barrocas, hasta llegar a las calles nost\u00e1lgicas de Buenos Aires.<\/p>\n<p>Actividad gratuita,\u00a0 inscripci\u00f3n en el formulario en la bio de Instagram\u00a0<a href=\"https:\/\/www.instagram.com\/museopalaciorioja\/\" target=\"_blank\" rel=\"noopener nofollow\">Pal\u00e1cio Rioja<\/a><\/p>","protected":false},"excerpt":{"rendered":"<p>Integrantes: Eduardo Vargas, Pedro Aguilera y Camila Leal. Traves\u00edas Sonoras es un recorrido musical por paisajes culturales, emocionales y estil\u00edsticos que dialogan entre pasado y presente, tradici\u00f3n e innovaci\u00f3n. A trav\u00e9s de un repertorio cuidadosamente seleccionado, este concierto propone un viaje a trav\u00e9s de distintas geograf\u00edas sonoras: desde la m\u00fasica contempor\u00e1nea latinoamericana, pasando por danzas [&hellip;]<\/p>\n","protected":false},"author":2,"featured_media":0,"comment_status":"closed","ping_status":"closed","template":"","tags":[],"mec_category":[],"class_list":["post-22336","mec-events","type-mec-events","status-publish","hentry"],"acf":[],"_links":{"self":[{"href":"https:\/\/visitavina.munivina.cl\/br\/wp-json\/wp\/v2\/mec-events\/22336","targetHints":{"allow":["GET"]}}],"collection":[{"href":"https:\/\/visitavina.munivina.cl\/br\/wp-json\/wp\/v2\/mec-events"}],"about":[{"href":"https:\/\/visitavina.munivina.cl\/br\/wp-json\/wp\/v2\/types\/mec-events"}],"author":[{"embeddable":true,"href":"https:\/\/visitavina.munivina.cl\/br\/wp-json\/wp\/v2\/users\/2"}],"replies":[{"embeddable":true,"href":"https:\/\/visitavina.munivina.cl\/br\/wp-json\/wp\/v2\/comments?post=22336"}],"wp:attachment":[{"href":"https:\/\/visitavina.munivina.cl\/br\/wp-json\/wp\/v2\/media?parent=22336"}],"wp:term":[{"taxonomy":"post_tag","embeddable":true,"href":"https:\/\/visitavina.munivina.cl\/br\/wp-json\/wp\/v2\/tags?post=22336"},{"taxonomy":"mec_category","embeddable":true,"href":"https:\/\/visitavina.munivina.cl\/br\/wp-json\/wp\/v2\/mec_category?post=22336"}],"curies":[{"name":"wp","href":"https:\/\/api.w.org\/{rel}","templated":true}]}}

Concierto | Trío Sophia

<p style="text-align: justify;">Integrantes: <strong>Eduardo Vargas, Pedro Aguilera y Camila Leal.</strong><br />
Travesías Sonoras es un recorrido musical por paisajes culturales, emocionales y estilísticos que dialogan entre pasado y presente, tradición e innovación. A través de un repertorio cuidadosamente seleccionado, este concierto propone un viaje a través de distintas geografías sonoras: desde la música contemporánea latinoamericana, pasando por danzas mestizas y relecturas barrocas, hasta llegar a las calles nostálgicas de Buenos Aires.</p>
<p>Actividad gratuita,  inscripción en el formulario en la bio de Instagram <a href="https://www.instagram.com/museopalaciorioja/" target="_blank" rel="noopener nofollow">Palácio Rioja</a></p>

<p>Integrantes: Eduardo Vargas, Pedro Aguilera y Camila Leal. Travesías Sonoras es un recorrido musical por paisajes culturales, emocionales y estilísticos que dialogan entre pasado y presente, tradición e innovación. A través de un repertorio cuidadosamente seleccionado, este concierto propone un viaje a través de distintas geografías sonoras: desde la música contemporánea latinoamericana, pasando por danzas [&hellip;]</p>
