{"id":22342,"date":"2025-10-02T15:34:32","date_gmt":"2025-10-02T18:34:32","guid":{"rendered":"https:\/\/visitavina.munivina.cl\/?post_type=mec-events&#038;p=22342"},"modified":"2025-10-02T15:34:32","modified_gmt":"2025-10-02T18:34:32","slug":"ciclo-cine-de-autor-ettore-scola-4","status":"publish","type":"mec-events","link":"https:\/\/visitavina.munivina.cl\/br\/actividad\/ciclo-cine-de-autor-ettore-scola-4\/","title":{"rendered":"Ciclo Cine de autor | Ettore Scola"},"content":{"rendered":"<p style=\"text-align: justify;\"><strong>Qu\u00e9 extra\u00f1o llamarse Federico <\/strong>(+14 a\u00f1os)<br \/>\nDocumental que rinde homenaje al director italiano Federico Fellini para conmemorar el vig\u00e9simo aniversario de su muerte. Combina im\u00e1genes de archivo y escenas rodadas en Cinecitt\u00e0. Ettore Scola evoca su encuentro con \u00e9l en la revista sat\u00edrica Marc\u2019Aurelio en los a\u00f1os cincuenta, recuerda los amigos comunes (entre ellos Marcello Mastroianni) y, sobre todo, el placer compartido de hacer cine.<\/p>\n<p>Entrada gratuita.<\/p>\n<p>&nbsp;<\/p>","protected":false},"excerpt":{"rendered":"<p>Qu\u00e9 extra\u00f1o llamarse Federico (+14 a\u00f1os) Documental que rinde homenaje al director italiano Federico Fellini para conmemorar el vig\u00e9simo aniversario de su muerte. Combina im\u00e1genes de archivo y escenas rodadas en Cinecitt\u00e0. Ettore Scola evoca su encuentro con \u00e9l en la revista sat\u00edrica Marc\u2019Aurelio en los a\u00f1os cincuenta, recuerda los amigos comunes (entre ellos Marcello [&hellip;]<\/p>\n","protected":false},"author":2,"featured_media":0,"comment_status":"closed","ping_status":"closed","template":"","tags":[],"mec_category":[],"class_list":["post-22342","mec-events","type-mec-events","status-publish","hentry"],"acf":[],"_links":{"self":[{"href":"https:\/\/visitavina.munivina.cl\/br\/wp-json\/wp\/v2\/mec-events\/22342","targetHints":{"allow":["GET"]}}],"collection":[{"href":"https:\/\/visitavina.munivina.cl\/br\/wp-json\/wp\/v2\/mec-events"}],"about":[{"href":"https:\/\/visitavina.munivina.cl\/br\/wp-json\/wp\/v2\/types\/mec-events"}],"author":[{"embeddable":true,"href":"https:\/\/visitavina.munivina.cl\/br\/wp-json\/wp\/v2\/users\/2"}],"replies":[{"embeddable":true,"href":"https:\/\/visitavina.munivina.cl\/br\/wp-json\/wp\/v2\/comments?post=22342"}],"wp:attachment":[{"href":"https:\/\/visitavina.munivina.cl\/br\/wp-json\/wp\/v2\/media?parent=22342"}],"wp:term":[{"taxonomy":"post_tag","embeddable":true,"href":"https:\/\/visitavina.munivina.cl\/br\/wp-json\/wp\/v2\/tags?post=22342"},{"taxonomy":"mec_category","embeddable":true,"href":"https:\/\/visitavina.munivina.cl\/br\/wp-json\/wp\/v2\/mec_category?post=22342"}],"curies":[{"name":"wp","href":"https:\/\/api.w.org\/{rel}","templated":true}]}}

<p style="text-align: justify;"><strong>Qué extraño llamarse Federico </strong>(+14 años)<br />
Documental que rinde homenaje al director italiano Federico Fellini para conmemorar el vigésimo aniversario de su muerte. Combina imágenes de archivo y escenas rodadas en Cinecittà. Ettore Scola evoca su encuentro con él en la revista satírica Marc’Aurelio en los años cincuenta, recuerda los amigos comunes (entre ellos Marcello Mastroianni) y, sobre todo, el placer compartido de hacer cine.</p>
<p>Entrada gratuita.</p>
<p>&nbsp;</p>

<p>Qué extraño llamarse Federico (+14 años) Documental que rinde homenaje al director italiano Federico Fellini para conmemorar el vigésimo aniversario de su muerte. Combina imágenes de archivo y escenas rodadas en Cinecittà. Ettore Scola evoca su encuentro con él en la revista satírica Marc’Aurelio en los años cincuenta, recuerda los amigos comunes (entre ellos Marcello [&hellip;]</p>
