{"id":22412,"date":"2025-10-08T11:58:19","date_gmt":"2025-10-08T14:58:19","guid":{"rendered":"https:\/\/visitavina.munivina.cl\/?post_type=mec-events&#038;p=22412"},"modified":"2025-10-08T11:58:19","modified_gmt":"2025-10-08T14:58:19","slug":"grupo-literario-radioteatro","status":"publish","type":"mec-events","link":"https:\/\/visitavina.munivina.cl\/br\/actividad\/grupo-literario-radioteatro\/","title":{"rendered":"Grupo literario | Radioteatro"},"content":{"rendered":"<p>O\u00eddos, corazones e imaginaci\u00f3n para disfrutando de un radioteatro creado por el bac\u00e1n Grupo Literario Gerontes, que recordar\u00e1n la belleza de contar historias con la voz, la memoria y la emoci\u00f3n.<br \/>\nRelatos llenos de imaginaci\u00f3n, humor y sabidur\u00eda, un cruce de generaciones donde aprendemos a cuidar, respetar y valorar la experiencia de quienes nos preceden.O\u00eddos, corazones e imaginaci\u00f3n para disfrutando de un radioteatro creado por el bac\u00e1n Grupo Literario Gerontes, que recordar\u00e1n la belleza de contar historias con la voz, la memoria y la emoci\u00f3n.<br \/>\nRelatos llenos de imaginaci\u00f3n, humor y sabidur\u00eda, un cruce de generaciones donde aprendemos a cuidar, respetar y valorar la experiencia de quienes nos preceden.<br \/>\nLas emociones a cargo de las historias:<br \/>\nEl sost\u00e9n cancer\u00edgeno<br \/>\nCaperucita Roja<br \/>\nV\u00edsperas<\/p>\n<p><span data-sheets-root=\"1\">Entrada Liberada | Cupos limitados. Para todas las edades<\/span><\/p>","protected":false},"excerpt":{"rendered":"<p>O\u00eddos, corazones e imaginaci\u00f3n para disfrutando de un radioteatro creado por el bac\u00e1n Grupo Literario Gerontes, que recordar\u00e1n la belleza de contar historias con la voz, la memoria y la emoci\u00f3n. Relatos llenos de imaginaci\u00f3n, humor y sabidur\u00eda, un cruce de generaciones donde aprendemos a cuidar, respetar y valorar la experiencia de quienes nos preceden.O\u00eddos, [&hellip;]<\/p>\n","protected":false},"author":10,"featured_media":0,"comment_status":"closed","ping_status":"closed","template":"","tags":[],"mec_category":[],"class_list":["post-22412","mec-events","type-mec-events","status-publish","hentry"],"acf":[],"_links":{"self":[{"href":"https:\/\/visitavina.munivina.cl\/br\/wp-json\/wp\/v2\/mec-events\/22412","targetHints":{"allow":["GET"]}}],"collection":[{"href":"https:\/\/visitavina.munivina.cl\/br\/wp-json\/wp\/v2\/mec-events"}],"about":[{"href":"https:\/\/visitavina.munivina.cl\/br\/wp-json\/wp\/v2\/types\/mec-events"}],"author":[{"embeddable":true,"href":"https:\/\/visitavina.munivina.cl\/br\/wp-json\/wp\/v2\/users\/10"}],"replies":[{"embeddable":true,"href":"https:\/\/visitavina.munivina.cl\/br\/wp-json\/wp\/v2\/comments?post=22412"}],"wp:attachment":[{"href":"https:\/\/visitavina.munivina.cl\/br\/wp-json\/wp\/v2\/media?parent=22412"}],"wp:term":[{"taxonomy":"post_tag","embeddable":true,"href":"https:\/\/visitavina.munivina.cl\/br\/wp-json\/wp\/v2\/tags?post=22412"},{"taxonomy":"mec_category","embeddable":true,"href":"https:\/\/visitavina.munivina.cl\/br\/wp-json\/wp\/v2\/mec_category?post=22412"}],"curies":[{"name":"wp","href":"https:\/\/api.w.org\/{rel}","templated":true}]}}

<p>Oídos, corazones e imaginación para disfrutando de un radioteatro creado por el bacán Grupo Literario Gerontes, que recordarán la belleza de contar historias con la voz, la memoria y la emoción.<br />
Relatos llenos de imaginación, humor y sabiduría, un cruce de generaciones donde aprendemos a cuidar, respetar y valorar la experiencia de quienes nos preceden.Oídos, corazones e imaginación para disfrutando de un radioteatro creado por el bacán Grupo Literario Gerontes, que recordarán la belleza de contar historias con la voz, la memoria y la emoción.<br />
Relatos llenos de imaginación, humor y sabiduría, un cruce de generaciones donde aprendemos a cuidar, respetar y valorar la experiencia de quienes nos preceden.<br />
Las emociones a cargo de las historias:<br />
El sostén cancerígeno<br />
Caperucita Roja<br />
Vísperas</p>
<p><span data-sheets-root="1">Entrada Liberada | Cupos limitados. Para todas las edades</span></p>

<p>Oídos, corazones e imaginación para disfrutando de un radioteatro creado por el bacán Grupo Literario Gerontes, que recordarán la belleza de contar historias con la voz, la memoria y la emoción. Relatos llenos de imaginación, humor y sabiduría, un cruce de generaciones donde aprendemos a cuidar, respetar y valorar la experiencia de quienes nos preceden.Oídos, [&hellip;]</p>
