{"id":22529,"date":"2025-11-03T10:10:33","date_gmt":"2025-11-03T13:10:33","guid":{"rendered":"https:\/\/visitavina.munivina.cl\/?post_type=mec-events&#038;p=22529"},"modified":"2025-11-03T10:10:33","modified_gmt":"2025-11-03T13:10:33","slug":"presentacion-del-libro-un-cafe-caliente-al-amanecer","status":"publish","type":"mec-events","link":"https:\/\/visitavina.munivina.cl\/br\/actividad\/presentacion-del-libro-un-cafe-caliente-al-amanecer\/","title":{"rendered":"Presentaci\u00f3n del libro | Un caf\u00e9 caliente al amanecer"},"content":{"rendered":"<p><span data-sheets-root=\"1\">Margarita Francisca Catril y Alberto Moya, son coautores del poemario ,Un Caf\u00e9 caliente al Amanecer, y realizan la presentaci\u00f3n de su obra en un c\u00e1lido encuentro literario de primavera.<br \/>\nLos poetas son miembros de la Filial regional Valpara\u00edso de la Sociedad de Escritores de Chile, SECH-V.<\/span><\/p>\n<p><span data-sheets-root=\"1\">Actividad gratuita. m\u00e1s informaci\u00f3n en Instagram @museopalaciorioja<\/span><\/p>","protected":false},"excerpt":{"rendered":"<p>Margarita Francisca Catril y Alberto Moya, son coautores del poemario ,Un Caf\u00e9 caliente al Amanecer, y realizan la presentaci\u00f3n de su obra en un c\u00e1lido encuentro literario de primavera. Los poetas son miembros de la Filial regional Valpara\u00edso de la Sociedad de Escritores de Chile, SECH-V. Actividad gratuita. m\u00e1s informaci\u00f3n en Instagram @museopalaciorioja<\/p>","protected":false},"author":10,"featured_media":0,"comment_status":"closed","ping_status":"closed","template":"","tags":[],"mec_category":[],"class_list":["post-22529","mec-events","type-mec-events","status-publish","hentry"],"acf":[],"_links":{"self":[{"href":"https:\/\/visitavina.munivina.cl\/br\/wp-json\/wp\/v2\/mec-events\/22529","targetHints":{"allow":["GET"]}}],"collection":[{"href":"https:\/\/visitavina.munivina.cl\/br\/wp-json\/wp\/v2\/mec-events"}],"about":[{"href":"https:\/\/visitavina.munivina.cl\/br\/wp-json\/wp\/v2\/types\/mec-events"}],"author":[{"embeddable":true,"href":"https:\/\/visitavina.munivina.cl\/br\/wp-json\/wp\/v2\/users\/10"}],"replies":[{"embeddable":true,"href":"https:\/\/visitavina.munivina.cl\/br\/wp-json\/wp\/v2\/comments?post=22529"}],"wp:attachment":[{"href":"https:\/\/visitavina.munivina.cl\/br\/wp-json\/wp\/v2\/media?parent=22529"}],"wp:term":[{"taxonomy":"post_tag","embeddable":true,"href":"https:\/\/visitavina.munivina.cl\/br\/wp-json\/wp\/v2\/tags?post=22529"},{"taxonomy":"mec_category","embeddable":true,"href":"https:\/\/visitavina.munivina.cl\/br\/wp-json\/wp\/v2\/mec_category?post=22529"}],"curies":[{"name":"wp","href":"https:\/\/api.w.org\/{rel}","templated":true}]}}

Presentación del libro | Un café caliente al amanecer

<p><span data-sheets-root="1">Margarita Francisca Catril y Alberto Moya, son coautores del poemario ,Un Café caliente al Amanecer, y realizan la presentación de su obra en un cálido encuentro literario de primavera.<br />
Los poetas son miembros de la Filial regional Valparaíso de la Sociedad de Escritores de Chile, SECH-V.</span></p>
<p><span data-sheets-root="1">Actividad gratuita. más información en Instagram @museopalaciorioja</span></p>

<p>Margarita Francisca Catril y Alberto Moya, son coautores del poemario ,Un Café caliente al Amanecer, y realizan la presentación de su obra en un cálido encuentro literario de primavera. Los poetas son miembros de la Filial regional Valparaíso de la Sociedad de Escritores de Chile, SECH-V. Actividad gratuita. más información en Instagram @museopalaciorioja</p>
