{"id":22591,"date":"2025-11-10T11:13:06","date_gmt":"2025-11-10T14:13:06","guid":{"rendered":"https:\/\/visitavina.munivina.cl\/?post_type=mec-events&#038;p=22591"},"modified":"2025-11-10T11:13:06","modified_gmt":"2025-11-10T14:13:06","slug":"viernes-de-cultura-cientifica-arqueoastronomia-bioantropologia-y-arqueologia","status":"publish","type":"mec-events","link":"https:\/\/visitavina.munivina.cl\/br\/actividad\/viernes-de-cultura-cientifica-arqueoastronomia-bioantropologia-y-arqueologia\/","title":{"rendered":"Viernes de Cultura Cient\u00edfica | Arqueoastronom\u00eda, Bioantropolog\u00eda y Arqueolog\u00eda"},"content":{"rendered":"<p>Mes de aniversario en cual el museo, celebra casi 9 d\u00e9cadas de aporte al conocimiento en la Regi\u00f3n de Valpara\u00edso: 88 a\u00f1os conectando a las personas con la riqueza de nuestro patrimonio.<br \/>\n<span data-sheets-root=\"1\"><strong>Relator: Hern\u00e1n Araya<\/strong>, Profesor de filosof\u00eda y astronom\u00eda, Tesista de Mag\u00edster de Filosof\u00eda de las Ciencias.<\/span><br \/>\n<span data-sheets-root=\"1\">Osmolog\u00edas y cosmolog\u00edas del fin del mundo.<\/span><\/p>\n<p>Atividade gratuita. <span data-sheets-root=\"1\">Cupos limitados por orden de llegada<\/span><\/p>\n<p>&nbsp;<\/p>","protected":false},"excerpt":{"rendered":"<p>Mes de aniversario en cual el museo, celebra casi 9 d\u00e9cadas de aporte al conocimiento en la Regi\u00f3n de Valpara\u00edso: 88 a\u00f1os conectando a las personas con la riqueza de nuestro patrimonio. Relator: Hern\u00e1n Araya, Profesor de filosof\u00eda y astronom\u00eda, Tesista de Mag\u00edster de Filosof\u00eda de las Ciencias. Osmolog\u00edas y cosmolog\u00edas del fin del mundo. [&hellip;]<\/p>\n","protected":false},"author":10,"featured_media":0,"comment_status":"closed","ping_status":"closed","template":"","tags":[],"mec_category":[],"class_list":["post-22591","mec-events","type-mec-events","status-publish","hentry"],"acf":[],"_links":{"self":[{"href":"https:\/\/visitavina.munivina.cl\/br\/wp-json\/wp\/v2\/mec-events\/22591","targetHints":{"allow":["GET"]}}],"collection":[{"href":"https:\/\/visitavina.munivina.cl\/br\/wp-json\/wp\/v2\/mec-events"}],"about":[{"href":"https:\/\/visitavina.munivina.cl\/br\/wp-json\/wp\/v2\/types\/mec-events"}],"author":[{"embeddable":true,"href":"https:\/\/visitavina.munivina.cl\/br\/wp-json\/wp\/v2\/users\/10"}],"replies":[{"embeddable":true,"href":"https:\/\/visitavina.munivina.cl\/br\/wp-json\/wp\/v2\/comments?post=22591"}],"wp:attachment":[{"href":"https:\/\/visitavina.munivina.cl\/br\/wp-json\/wp\/v2\/media?parent=22591"}],"wp:term":[{"taxonomy":"post_tag","embeddable":true,"href":"https:\/\/visitavina.munivina.cl\/br\/wp-json\/wp\/v2\/tags?post=22591"},{"taxonomy":"mec_category","embeddable":true,"href":"https:\/\/visitavina.munivina.cl\/br\/wp-json\/wp\/v2\/mec_category?post=22591"}],"curies":[{"name":"wp","href":"https:\/\/api.w.org\/{rel}","templated":true}]}}

Viernes de Cultura Científica | Arqueoastronomía, Bioantropología y Arqueología

<p>Mes de aniversario en cual el museo, celebra casi 9 décadas de aporte al conocimiento en la Región de Valparaíso: 88 años conectando a las personas con la riqueza de nuestro patrimonio.<br />
<span data-sheets-root="1"><strong>Relator: Hernán Araya</strong>, Profesor de filosofía y astronomía, Tesista de Magíster de Filosofía de las Ciencias.</span><br />
<span data-sheets-root="1">Osmologías y cosmologías del fin del mundo.</span></p>
<p>Atividade gratuita. <span data-sheets-root="1">Cupos limitados por orden de llegada</span></p>
<p>&nbsp;</p>

<p>Mes de aniversario en cual el museo, celebra casi 9 décadas de aporte al conocimiento en la Región de Valparaíso: 88 años conectando a las personas con la riqueza de nuestro patrimonio. Relator: Hernán Araya, Profesor de filosofía y astronomía, Tesista de Magíster de Filosofía de las Ciencias. Osmologías y cosmologías del fin del mundo. [&hellip;]</p>
