{"id":22596,"date":"2025-11-10T12:39:28","date_gmt":"2025-11-10T15:39:28","guid":{"rendered":"https:\/\/visitavina.munivina.cl\/?post_type=mec-events&#038;p=22596"},"modified":"2025-11-10T12:39:29","modified_gmt":"2025-11-10T15:39:29","slug":"viernes-de-cultura-cientifica-arqueoastronomia-bioantropologia-y-arqueologia-2","status":"publish","type":"mec-events","link":"https:\/\/visitavina.munivina.cl\/br\/actividad\/viernes-de-cultura-cientifica-arqueoastronomia-bioantropologia-y-arqueologia-2\/","title":{"rendered":"Viernes de Cultura Cient\u00edfica | Arqueoastronom\u00eda, Bioantropolog\u00eda y Arqueolog\u00eda"},"content":{"rendered":"<p><span data-sheets-root=\"1\">En el mes del aniversario del museo, se celebran casi 9 d\u00e9cadas de aporte al conocimiento en la Regi\u00f3n de Valpara\u00edso: 88 a\u00f1os conectando a las personas con la riqueza de nuestro patrimonio.<br \/>\nRelator: Pablo Silva, Antrop\u00f3logo f\u00edsico, director de Museo Neurodivergente.<\/span><br \/>\n<span data-sheets-root=\"1\">Relatos de los huesos: di\u00e1logos entre arqueolog\u00eda, biotropolog\u00eda, pasado y presente.<\/span><\/p>\n<p><span data-sheets-root=\"1\">Actividad gratuita. Cupos limitados por orden de llegada<\/span><\/p>","protected":false},"excerpt":{"rendered":"<p>En el mes del aniversario del museo, se celebran casi 9 d\u00e9cadas de aporte al conocimiento en la Regi\u00f3n de Valpara\u00edso: 88 a\u00f1os conectando a las personas con la riqueza de nuestro patrimonio. Relator: Pablo Silva, Antrop\u00f3logo f\u00edsico, director de Museo Neurodivergente. Relatos de los huesos: di\u00e1logos entre arqueolog\u00eda, biotropolog\u00eda, pasado y presente. Actividad gratuita. [&hellip;]<\/p>\n","protected":false},"author":10,"featured_media":0,"comment_status":"closed","ping_status":"closed","template":"","tags":[],"mec_category":[],"class_list":["post-22596","mec-events","type-mec-events","status-publish","hentry"],"acf":[],"_links":{"self":[{"href":"https:\/\/visitavina.munivina.cl\/br\/wp-json\/wp\/v2\/mec-events\/22596","targetHints":{"allow":["GET"]}}],"collection":[{"href":"https:\/\/visitavina.munivina.cl\/br\/wp-json\/wp\/v2\/mec-events"}],"about":[{"href":"https:\/\/visitavina.munivina.cl\/br\/wp-json\/wp\/v2\/types\/mec-events"}],"author":[{"embeddable":true,"href":"https:\/\/visitavina.munivina.cl\/br\/wp-json\/wp\/v2\/users\/10"}],"replies":[{"embeddable":true,"href":"https:\/\/visitavina.munivina.cl\/br\/wp-json\/wp\/v2\/comments?post=22596"}],"wp:attachment":[{"href":"https:\/\/visitavina.munivina.cl\/br\/wp-json\/wp\/v2\/media?parent=22596"}],"wp:term":[{"taxonomy":"post_tag","embeddable":true,"href":"https:\/\/visitavina.munivina.cl\/br\/wp-json\/wp\/v2\/tags?post=22596"},{"taxonomy":"mec_category","embeddable":true,"href":"https:\/\/visitavina.munivina.cl\/br\/wp-json\/wp\/v2\/mec_category?post=22596"}],"curies":[{"name":"wp","href":"https:\/\/api.w.org\/{rel}","templated":true}]}}

Viernes de Cultura Científica | Arqueoastronomía, Bioantropología y Arqueología

<p><span data-sheets-root="1">En el mes del aniversario del museo, se celebran casi 9 décadas de aporte al conocimiento en la Región de Valparaíso: 88 años conectando a las personas con la riqueza de nuestro patrimonio.<br />
Relator: Pablo Silva, Antropólogo físico, director de Museo Neurodivergente.</span><br />
<span data-sheets-root="1">Relatos de los huesos: diálogos entre arqueología, biotropología, pasado y presente.</span></p>
<p><span data-sheets-root="1">Actividad gratuita. Cupos limitados por orden de llegada</span></p>

<p>En el mes del aniversario del museo, se celebran casi 9 décadas de aporte al conocimiento en la Región de Valparaíso: 88 años conectando a las personas con la riqueza de nuestro patrimonio. Relator: Pablo Silva, Antropólogo físico, director de Museo Neurodivergente. Relatos de los huesos: diálogos entre arqueología, biotropología, pasado y presente. Actividad gratuita. [&hellip;]</p>
