{"id":22612,"date":"2025-11-13T09:21:37","date_gmt":"2025-11-13T12:21:37","guid":{"rendered":"https:\/\/visitavina.munivina.cl\/?post_type=mec-events&#038;p=22612"},"modified":"2025-11-13T09:21:37","modified_gmt":"2025-11-13T12:21:37","slug":"radioteatro-grupo-literario-gerontes","status":"publish","type":"mec-events","link":"https:\/\/visitavina.munivina.cl\/br\/actividad\/radioteatro-grupo-literario-gerontes\/","title":{"rendered":"RadioTeatro | Grupo Literario Gerontes"},"content":{"rendered":"<p><span data-sheets-root=\"1\"><strong>Abramos los o\u00eddos, corazones e imaginaci\u00f3n<\/strong><br \/>\nUna reuni\u00f3n a escuchar relatos llenos de imaginaci\u00f3n, humor y sabidur\u00eda, un cruce de generaciones donde aprendemos a cuidar, respetar y valorar la experiencia de quienes nos preceden.<br \/>\nLas historias: El sost\u00e9n cancer\u00edgeno, El Cafecito y V\u00edsperas<br \/>\nUn radioteatro creado por el bac\u00e1n Grupo Literario GERONTES, que nos recordar\u00e1n la belleza de contar historias con la voz, la memoria y la emoci\u00f3n.<\/span><\/p>\n<p><span data-sheets-root=\"1\">Entrada gratuita. Cupos limitados. <\/span><span data-sheets-root=\"1\">Para todas las edades<\/span><\/p>","protected":false},"excerpt":{"rendered":"<p>Abramos los o\u00eddos, corazones e imaginaci\u00f3n Una reuni\u00f3n a escuchar relatos llenos de imaginaci\u00f3n, humor y sabidur\u00eda, un cruce de generaciones donde aprendemos a cuidar, respetar y valorar la experiencia de quienes nos preceden. Las historias: El sost\u00e9n cancer\u00edgeno, El Cafecito y V\u00edsperas Un radioteatro creado por el bac\u00e1n Grupo Literario GERONTES, que nos recordar\u00e1n [&hellip;]<\/p>\n","protected":false},"author":10,"featured_media":0,"comment_status":"closed","ping_status":"closed","template":"","tags":[],"mec_category":[],"class_list":["post-22612","mec-events","type-mec-events","status-publish","hentry"],"acf":[],"_links":{"self":[{"href":"https:\/\/visitavina.munivina.cl\/br\/wp-json\/wp\/v2\/mec-events\/22612","targetHints":{"allow":["GET"]}}],"collection":[{"href":"https:\/\/visitavina.munivina.cl\/br\/wp-json\/wp\/v2\/mec-events"}],"about":[{"href":"https:\/\/visitavina.munivina.cl\/br\/wp-json\/wp\/v2\/types\/mec-events"}],"author":[{"embeddable":true,"href":"https:\/\/visitavina.munivina.cl\/br\/wp-json\/wp\/v2\/users\/10"}],"replies":[{"embeddable":true,"href":"https:\/\/visitavina.munivina.cl\/br\/wp-json\/wp\/v2\/comments?post=22612"}],"wp:attachment":[{"href":"https:\/\/visitavina.munivina.cl\/br\/wp-json\/wp\/v2\/media?parent=22612"}],"wp:term":[{"taxonomy":"post_tag","embeddable":true,"href":"https:\/\/visitavina.munivina.cl\/br\/wp-json\/wp\/v2\/tags?post=22612"},{"taxonomy":"mec_category","embeddable":true,"href":"https:\/\/visitavina.munivina.cl\/br\/wp-json\/wp\/v2\/mec_category?post=22612"}],"curies":[{"name":"wp","href":"https:\/\/api.w.org\/{rel}","templated":true}]}}

<p><span data-sheets-root="1"><strong>Abramos los oídos, corazones e imaginación</strong><br />
Una reunión a escuchar relatos llenos de imaginación, humor y sabiduría, un cruce de generaciones donde aprendemos a cuidar, respetar y valorar la experiencia de quienes nos preceden.<br />
Las historias: El sostén cancerígeno, El Cafecito y Vísperas<br />
Un radioteatro creado por el bacán Grupo Literario GERONTES, que nos recordarán la belleza de contar historias con la voz, la memoria y la emoción.</span></p>
<p><span data-sheets-root="1">Entrada gratuita. Cupos limitados. </span><span data-sheets-root="1">Para todas las edades</span></p>

<p>Abramos los oídos, corazones e imaginación Una reunión a escuchar relatos llenos de imaginación, humor y sabiduría, un cruce de generaciones donde aprendemos a cuidar, respetar y valorar la experiencia de quienes nos preceden. Las historias: El sostén cancerígeno, El Cafecito y Vísperas Un radioteatro creado por el bacán Grupo Literario GERONTES, que nos recordarán [&hellip;]</p>
