{"id":22625,"date":"2025-11-17T16:51:32","date_gmt":"2025-11-17T19:51:32","guid":{"rendered":"https:\/\/visitavina.munivina.cl\/?post_type=mec-events&#038;p=22625"},"modified":"2025-11-17T16:51:32","modified_gmt":"2025-11-17T19:51:32","slug":"jornadas-de-historia-y-patrimonio-en-vina-del-mar","status":"publish","type":"mec-events","link":"https:\/\/visitavina.munivina.cl\/br\/actividad\/jornadas-de-historia-y-patrimonio-en-vina-del-mar\/","title":{"rendered":"Jornadas de Historia y Patrimonio en Vi\u00f1a del Mar"},"content":{"rendered":"<p><span data-sheets-root=\"1\">Un espacio para la reflexi\u00f3n acad\u00e9mica y ciudadana en torno a los procesos hist\u00f3ricos y culturales que conforman la identidad de Vi\u00f1a del Mar y la regi\u00f3n de Valpara\u00edso.<br \/>\nOrganiza: Archivo Hist\u00f3rico de Vi\u00f1a del Mar.<\/span><\/p>\n<p><span data-sheets-root=\"1\">Entrada gratuita<br \/>\nInformaciones en: archivo.historico@munivina.cl<\/span><\/p>","protected":false},"excerpt":{"rendered":"<p>Un espacio para la reflexi\u00f3n acad\u00e9mica y ciudadana en torno a los procesos hist\u00f3ricos y culturales que conforman la identidad de Vi\u00f1a del Mar y la regi\u00f3n de Valpara\u00edso. Organiza: Archivo Hist\u00f3rico de Vi\u00f1a del Mar. Entrada gratuita Informaciones en: archivo.historico@munivina.cl<\/p>","protected":false},"author":10,"featured_media":0,"comment_status":"closed","ping_status":"closed","template":"","tags":[],"mec_category":[],"class_list":["post-22625","mec-events","type-mec-events","status-publish","hentry"],"acf":[],"_links":{"self":[{"href":"https:\/\/visitavina.munivina.cl\/br\/wp-json\/wp\/v2\/mec-events\/22625","targetHints":{"allow":["GET"]}}],"collection":[{"href":"https:\/\/visitavina.munivina.cl\/br\/wp-json\/wp\/v2\/mec-events"}],"about":[{"href":"https:\/\/visitavina.munivina.cl\/br\/wp-json\/wp\/v2\/types\/mec-events"}],"author":[{"embeddable":true,"href":"https:\/\/visitavina.munivina.cl\/br\/wp-json\/wp\/v2\/users\/10"}],"replies":[{"embeddable":true,"href":"https:\/\/visitavina.munivina.cl\/br\/wp-json\/wp\/v2\/comments?post=22625"}],"wp:attachment":[{"href":"https:\/\/visitavina.munivina.cl\/br\/wp-json\/wp\/v2\/media?parent=22625"}],"wp:term":[{"taxonomy":"post_tag","embeddable":true,"href":"https:\/\/visitavina.munivina.cl\/br\/wp-json\/wp\/v2\/tags?post=22625"},{"taxonomy":"mec_category","embeddable":true,"href":"https:\/\/visitavina.munivina.cl\/br\/wp-json\/wp\/v2\/mec_category?post=22625"}],"curies":[{"name":"wp","href":"https:\/\/api.w.org\/{rel}","templated":true}]}}

Jornadas de Historia y Patrimonio en Viña del Mar

<p><span data-sheets-root="1">Un espacio para la reflexión académica y ciudadana en torno a los procesos históricos y culturales que conforman la identidad de Viña del Mar y la región de Valparaíso.<br />
Organiza: Archivo Histórico de Viña del Mar.</span></p>
<p><span data-sheets-root="1">Entrada gratuita<br />
Informaciones en: archivo.historico@munivina.cl</span></p>

<p>Un espacio para la reflexión académica y ciudadana en torno a los procesos históricos y culturales que conforman la identidad de Viña del Mar y la región de Valparaíso. Organiza: Archivo Histórico de Viña del Mar. Entrada gratuita Informaciones en: archivo.historico@munivina.cl</p>
