{"id":22626,"date":"2025-11-17T17:08:51","date_gmt":"2025-11-17T20:08:51","guid":{"rendered":"https:\/\/visitavina.munivina.cl\/?post_type=mec-events&#038;p=22626"},"modified":"2025-11-17T17:12:49","modified_gmt":"2025-11-17T20:12:49","slug":"taller-del-insecto-al-titere","status":"publish","type":"mec-events","link":"https:\/\/visitavina.munivina.cl\/br\/actividad\/taller-del-insecto-al-titere\/","title":{"rendered":"Taller | Del insecto al t\u00edtere"},"content":{"rendered":"<p><strong>Tallerista: David Escalante<\/strong><br \/>\n<span data-sheets-root=\"1\">Se parte de una experiencia que une el arte y la ciencia para fabricar un t\u00edtere inspirado en un insecto.<br \/>\nEn nuestro mes aniversario te invitamos a participar en las actividades que hemos preparado para ti: 88 a\u00f1os conectando a las personas con la riqueza de nuestro patrimonio.<br \/>\nDurante la realizaci\u00f3n del taller, se observar\u00e1 la morfolog\u00eda de un insecto, espec\u00edficamente de un saltamontes, identificando su cabeza, t\u00f3rax y abdomen. Posteriormente se construir\u00e1 un t\u00edtere inspirado en \u00e9l, con materiales en desuso. El objetivo ser\u00e1 replicar sus movimientos y para ello, se fabricar\u00e1n sus dos pares de alas.<br \/>\nDirigido a: Todo p\u00fablico. En el caso de los menores de 14 a\u00f1os, requieren de la compa\u00f1\u00eda de un adulto.<\/span><\/p>\n<p><span data-sheets-root=\"1\">Inscripciones en Instagram @museofonck<\/span><br \/>\nAtividade gratuita<\/p>\n<p>&nbsp;<\/p>","protected":false},"excerpt":{"rendered":"<p>Tallerista: David Escalante Se parte de una experiencia que une el arte y la ciencia para fabricar un t\u00edtere inspirado en un insecto. En nuestro mes aniversario te invitamos a participar en las actividades que hemos preparado para ti: 88 a\u00f1os conectando a las personas con la riqueza de nuestro patrimonio. Durante la realizaci\u00f3n del [&hellip;]<\/p>\n","protected":false},"author":10,"featured_media":0,"comment_status":"closed","ping_status":"closed","template":"","tags":[],"mec_category":[],"class_list":["post-22626","mec-events","type-mec-events","status-publish","hentry"],"acf":[],"_links":{"self":[{"href":"https:\/\/visitavina.munivina.cl\/br\/wp-json\/wp\/v2\/mec-events\/22626","targetHints":{"allow":["GET"]}}],"collection":[{"href":"https:\/\/visitavina.munivina.cl\/br\/wp-json\/wp\/v2\/mec-events"}],"about":[{"href":"https:\/\/visitavina.munivina.cl\/br\/wp-json\/wp\/v2\/types\/mec-events"}],"author":[{"embeddable":true,"href":"https:\/\/visitavina.munivina.cl\/br\/wp-json\/wp\/v2\/users\/10"}],"replies":[{"embeddable":true,"href":"https:\/\/visitavina.munivina.cl\/br\/wp-json\/wp\/v2\/comments?post=22626"}],"wp:attachment":[{"href":"https:\/\/visitavina.munivina.cl\/br\/wp-json\/wp\/v2\/media?parent=22626"}],"wp:term":[{"taxonomy":"post_tag","embeddable":true,"href":"https:\/\/visitavina.munivina.cl\/br\/wp-json\/wp\/v2\/tags?post=22626"},{"taxonomy":"mec_category","embeddable":true,"href":"https:\/\/visitavina.munivina.cl\/br\/wp-json\/wp\/v2\/mec_category?post=22626"}],"curies":[{"name":"wp","href":"https:\/\/api.w.org\/{rel}","templated":true}]}}

Taller | Del insecto al títere

<p><strong>Tallerista: David Escalante</strong><br />
<span data-sheets-root="1">Se parte de una experiencia que une el arte y la ciencia para fabricar un títere inspirado en un insecto.<br />
En nuestro mes aniversario te invitamos a participar en las actividades que hemos preparado para ti: 88 años conectando a las personas con la riqueza de nuestro patrimonio.<br />
Durante la realización del taller, se observará la morfología de un insecto, específicamente de un saltamontes, identificando su cabeza, tórax y abdomen. Posteriormente se construirá un títere inspirado en él, con materiales en desuso. El objetivo será replicar sus movimientos y para ello, se fabricarán sus dos pares de alas.<br />
Dirigido a: Todo público. En el caso de los menores de 14 años, requieren de la compañía de un adulto.</span></p>
<p><span data-sheets-root="1">Inscripciones en Instagram @museofonck</span><br />
Atividade gratuita</p>
<p>&nbsp;</p>

<p>Tallerista: David Escalante Se parte de una experiencia que une el arte y la ciencia para fabricar un títere inspirado en un insecto. En nuestro mes aniversario te invitamos a participar en las actividades que hemos preparado para ti: 88 años conectando a las personas con la riqueza de nuestro patrimonio. Durante la realización del [&hellip;]</p>
