{"id":22637,"date":"2025-11-21T10:58:15","date_gmt":"2025-11-21T13:58:15","guid":{"rendered":"https:\/\/visitavina.munivina.cl\/?post_type=mec-events&#038;p=22637"},"modified":"2025-11-21T10:58:15","modified_gmt":"2025-11-21T13:58:15","slug":"taller-de-tarot-ii-abrazo-a-nuestros-padres","status":"publish","type":"mec-events","link":"https:\/\/visitavina.munivina.cl\/br\/actividad\/taller-de-tarot-ii-abrazo-a-nuestros-padres\/","title":{"rendered":"Taller de Tarot II | Abrazo a nuestros padres"},"content":{"rendered":"<p><span data-sheets-root=\"1\">Explora el Tarot desde una mirada profunda, amorosa y sanadora. En este encuentro, dirigido por Gonzalo Villar Bordones, poeta que lleva m\u00e1s de 30 a\u00f1os meditando sobre el tarot, se abordar\u00e1n los arquetipos de la Papisa, la Emperatriz y el Emperador para comprender c\u00f3mo las figuras maternas y paternas influyen en nuestro desarrollo espiritual, nuestras relaciones y nuestra propia identidad..<\/span><\/p>\n<p><span data-sheets-root=\"1\">Entrada liberada sin inscripci\u00f3n<\/span><\/p>","protected":false},"excerpt":{"rendered":"<p>Explora el Tarot desde una mirada profunda, amorosa y sanadora. En este encuentro, dirigido por Gonzalo Villar Bordones, poeta que lleva m\u00e1s de 30 a\u00f1os meditando sobre el tarot, se abordar\u00e1n los arquetipos de la Papisa, la Emperatriz y el Emperador para comprender c\u00f3mo las figuras maternas y paternas influyen en nuestro desarrollo espiritual, nuestras [&hellip;]<\/p>\n","protected":false},"author":10,"featured_media":0,"comment_status":"closed","ping_status":"closed","template":"","tags":[],"mec_category":[],"class_list":["post-22637","mec-events","type-mec-events","status-publish","hentry"],"acf":[],"_links":{"self":[{"href":"https:\/\/visitavina.munivina.cl\/br\/wp-json\/wp\/v2\/mec-events\/22637","targetHints":{"allow":["GET"]}}],"collection":[{"href":"https:\/\/visitavina.munivina.cl\/br\/wp-json\/wp\/v2\/mec-events"}],"about":[{"href":"https:\/\/visitavina.munivina.cl\/br\/wp-json\/wp\/v2\/types\/mec-events"}],"author":[{"embeddable":true,"href":"https:\/\/visitavina.munivina.cl\/br\/wp-json\/wp\/v2\/users\/10"}],"replies":[{"embeddable":true,"href":"https:\/\/visitavina.munivina.cl\/br\/wp-json\/wp\/v2\/comments?post=22637"}],"wp:attachment":[{"href":"https:\/\/visitavina.munivina.cl\/br\/wp-json\/wp\/v2\/media?parent=22637"}],"wp:term":[{"taxonomy":"post_tag","embeddable":true,"href":"https:\/\/visitavina.munivina.cl\/br\/wp-json\/wp\/v2\/tags?post=22637"},{"taxonomy":"mec_category","embeddable":true,"href":"https:\/\/visitavina.munivina.cl\/br\/wp-json\/wp\/v2\/mec_category?post=22637"}],"curies":[{"name":"wp","href":"https:\/\/api.w.org\/{rel}","templated":true}]}}

<p><span data-sheets-root="1">Explora el Tarot desde una mirada profunda, amorosa y sanadora. En este encuentro, dirigido por Gonzalo Villar Bordones, poeta que lleva más de 30 años meditando sobre el tarot, se abordarán los arquetipos de la Papisa, la Emperatriz y el Emperador para comprender cómo las figuras maternas y paternas influyen en nuestro desarrollo espiritual, nuestras relaciones y nuestra propia identidad..</span></p>
<p><span data-sheets-root="1">Entrada liberada sin inscripción</span></p>

<p>Explora el Tarot desde una mirada profunda, amorosa y sanadora. En este encuentro, dirigido por Gonzalo Villar Bordones, poeta que lleva más de 30 años meditando sobre el tarot, se abordarán los arquetipos de la Papisa, la Emperatriz y el Emperador para comprender cómo las figuras maternas y paternas influyen en nuestro desarrollo espiritual, nuestras [&hellip;]</p>
