{"id":22725,"date":"2025-12-03T16:38:09","date_gmt":"2025-12-03T19:38:09","guid":{"rendered":"https:\/\/visitavina.munivina.cl\/?post_type=mec-events&#038;p=22725"},"modified":"2025-12-03T16:38:09","modified_gmt":"2025-12-03T19:38:09","slug":"charla-la-ciencia-ficcion-latinoamericana-del-siglo-xxi","status":"publish","type":"mec-events","link":"https:\/\/visitavina.munivina.cl\/br\/actividad\/charla-la-ciencia-ficcion-latinoamericana-del-siglo-xxi\/","title":{"rendered":"Charla| La Ciencia Ficci\u00f3n Latinoamericana del Siglo XXI"},"content":{"rendered":"<p><span data-sheets-root=\"1\">La Corporaci\u00f3n Cultural de Vi\u00f1a del Mar cierra su ciclo de Autores Fant\u00e1sticos con una sesi\u00f3n imperdible para quienes disfrutan de la imaginaci\u00f3n, las distop\u00edas y los futuros posibles.<br \/>\nCharla magistral por Marcelo Novoa<br \/>\nEn esta jornada, el acad\u00e9mico y especialista en literatura fant\u00e1stica y de ciencia ficci\u00f3n Marcelo Novoa nos guiar\u00e1 por la riqueza narrativa, el pensamiento cr\u00edtico y las nuevas rutas creativas que definen el g\u00e9nero en nuestro continente. Un encuentro para reflexionar, descubrir y dialogar con la imaginaci\u00f3n como herramienta de futuro.<\/span><\/p>\n<p><span data-sheets-root=\"1\">M\u00e1s informaci\u00f3n en Instagram <a class=\"in-cell-link\" href=\"https:\/\/www.instagram.com\/corpculturalvina\/\" target=\"_blank\" rel=\"noopener nofollow\">@mcorpculturalvina<\/a><\/span><\/p>","protected":false},"excerpt":{"rendered":"<p>La Corporaci\u00f3n Cultural de Vi\u00f1a del Mar cierra su ciclo de Autores Fant\u00e1sticos con una sesi\u00f3n imperdible para quienes disfrutan de la imaginaci\u00f3n, las distop\u00edas y los futuros posibles. Charla magistral por Marcelo Novoa En esta jornada, el acad\u00e9mico y especialista en literatura fant\u00e1stica y de ciencia ficci\u00f3n Marcelo Novoa nos guiar\u00e1 por la riqueza [&hellip;]<\/p>\n","protected":false},"author":10,"featured_media":0,"comment_status":"closed","ping_status":"closed","template":"","tags":[],"mec_category":[],"class_list":["post-22725","mec-events","type-mec-events","status-publish","hentry"],"acf":[],"_links":{"self":[{"href":"https:\/\/visitavina.munivina.cl\/br\/wp-json\/wp\/v2\/mec-events\/22725","targetHints":{"allow":["GET"]}}],"collection":[{"href":"https:\/\/visitavina.munivina.cl\/br\/wp-json\/wp\/v2\/mec-events"}],"about":[{"href":"https:\/\/visitavina.munivina.cl\/br\/wp-json\/wp\/v2\/types\/mec-events"}],"author":[{"embeddable":true,"href":"https:\/\/visitavina.munivina.cl\/br\/wp-json\/wp\/v2\/users\/10"}],"replies":[{"embeddable":true,"href":"https:\/\/visitavina.munivina.cl\/br\/wp-json\/wp\/v2\/comments?post=22725"}],"wp:attachment":[{"href":"https:\/\/visitavina.munivina.cl\/br\/wp-json\/wp\/v2\/media?parent=22725"}],"wp:term":[{"taxonomy":"post_tag","embeddable":true,"href":"https:\/\/visitavina.munivina.cl\/br\/wp-json\/wp\/v2\/tags?post=22725"},{"taxonomy":"mec_category","embeddable":true,"href":"https:\/\/visitavina.munivina.cl\/br\/wp-json\/wp\/v2\/mec_category?post=22725"}],"curies":[{"name":"wp","href":"https:\/\/api.w.org\/{rel}","templated":true}]}}

Charla| La Ciencia Ficción Latinoamericana del Siglo XXI

<p><span data-sheets-root="1">La Corporación Cultural de Viña del Mar cierra su ciclo de Autores Fantásticos con una sesión imperdible para quienes disfrutan de la imaginación, las distopías y los futuros posibles.<br />
Charla magistral por Marcelo Novoa<br />
En esta jornada, el académico y especialista en literatura fantástica y de ciencia ficción Marcelo Novoa nos guiará por la riqueza narrativa, el pensamiento crítico y las nuevas rutas creativas que definen el género en nuestro continente. Un encuentro para reflexionar, descubrir y dialogar con la imaginación como herramienta de futuro.</span></p>
<p><span data-sheets-root="1">Más información en Instagram <a class="in-cell-link" href="https://www.instagram.com/corpculturalvina/" target="_blank" rel="noopener nofollow">@mcorpculturalvina</a></span></p>

<p>La Corporación Cultural de Viña del Mar cierra su ciclo de Autores Fantásticos con una sesión imperdible para quienes disfrutan de la imaginación, las distopías y los futuros posibles. Charla magistral por Marcelo Novoa En esta jornada, el académico y especialista en literatura fantástica y de ciencia ficción Marcelo Novoa nos guiará por la riqueza [&hellip;]</p>
