{"id":22763,"date":"2025-12-10T13:18:07","date_gmt":"2025-12-10T16:18:07","guid":{"rendered":"https:\/\/visitavina.munivina.cl\/?post_type=mec-events&#038;p=22763"},"modified":"2025-12-10T13:18:07","modified_gmt":"2025-12-10T16:18:07","slug":"talleres-en-patota-fabrica-de-estampas","status":"publish","type":"mec-events","link":"https:\/\/visitavina.munivina.cl\/br\/actividad\/talleres-en-patota-fabrica-de-estampas\/","title":{"rendered":"Talleres en Patota | F\u00e1brica de estampas"},"content":{"rendered":"<p><span data-sheets-root=\"1\">La naturaleza se estampa en nuestras vidas. Talleres en Patota F\u00e1brica de estampas. Tomamos lo m\u00e1s lindo de la vida al aire libre, sus hojas, flores, ramitas o cortezas. Todo es motivo de estampado, el que quedar\u00e1 impregnado en nuestras vidas por mucho tiempo, quiz\u00e1s para siempre, en papel o en recuerdos.<\/span><\/p>\n<p><span data-sheets-root=\"1\">El taller estar\u00e1 incluido con la entrada. Inscripci\u00f3n en recepci\u00f3n. Cupos limitados.<\/span><br \/>\n<span data-sheets-root=\"1\">M\u00e1s informaci\u00f3n en Instagram <a class=\"in-cell-link\" href=\"https:\/\/www.instagram.com\/artequinvina\/\" target=\"_blank\" rel=\"noopener nofollow\">@artequinvina<\/a><\/span><\/p>","protected":false},"excerpt":{"rendered":"<p>La naturaleza se estampa en nuestras vidas. Talleres en Patota F\u00e1brica de estampas. Tomamos lo m\u00e1s lindo de la vida al aire libre, sus hojas, flores, ramitas o cortezas. Todo es motivo de estampado, el que quedar\u00e1 impregnado en nuestras vidas por mucho tiempo, quiz\u00e1s para siempre, en papel o en recuerdos. El taller estar\u00e1 [&hellip;]<\/p>\n","protected":false},"author":10,"featured_media":0,"comment_status":"closed","ping_status":"closed","template":"","tags":[],"mec_category":[],"class_list":["post-22763","mec-events","type-mec-events","status-publish","hentry"],"acf":[],"_links":{"self":[{"href":"https:\/\/visitavina.munivina.cl\/br\/wp-json\/wp\/v2\/mec-events\/22763","targetHints":{"allow":["GET"]}}],"collection":[{"href":"https:\/\/visitavina.munivina.cl\/br\/wp-json\/wp\/v2\/mec-events"}],"about":[{"href":"https:\/\/visitavina.munivina.cl\/br\/wp-json\/wp\/v2\/types\/mec-events"}],"author":[{"embeddable":true,"href":"https:\/\/visitavina.munivina.cl\/br\/wp-json\/wp\/v2\/users\/10"}],"replies":[{"embeddable":true,"href":"https:\/\/visitavina.munivina.cl\/br\/wp-json\/wp\/v2\/comments?post=22763"}],"wp:attachment":[{"href":"https:\/\/visitavina.munivina.cl\/br\/wp-json\/wp\/v2\/media?parent=22763"}],"wp:term":[{"taxonomy":"post_tag","embeddable":true,"href":"https:\/\/visitavina.munivina.cl\/br\/wp-json\/wp\/v2\/tags?post=22763"},{"taxonomy":"mec_category","embeddable":true,"href":"https:\/\/visitavina.munivina.cl\/br\/wp-json\/wp\/v2\/mec_category?post=22763"}],"curies":[{"name":"wp","href":"https:\/\/api.w.org\/{rel}","templated":true}]}}

Talleres en Patota | Fábrica de estampas

<p><span data-sheets-root="1">La naturaleza se estampa en nuestras vidas. Talleres en Patota Fábrica de estampas. Tomamos lo más lindo de la vida al aire libre, sus hojas, flores, ramitas o cortezas. Todo es motivo de estampado, el que quedará impregnado en nuestras vidas por mucho tiempo, quizás para siempre, en papel o en recuerdos.</span></p>
<p><span data-sheets-root="1">El taller estará incluido con la entrada. Inscripción en recepción. Cupos limitados.</span><br />
<span data-sheets-root="1">Más información en Instagram <a class="in-cell-link" href="https://www.instagram.com/artequinvina/" target="_blank" rel="noopener nofollow">@artequinvina</a></span></p>

<p>La naturaleza se estampa en nuestras vidas. Talleres en Patota Fábrica de estampas. Tomamos lo más lindo de la vida al aire libre, sus hojas, flores, ramitas o cortezas. Todo es motivo de estampado, el que quedará impregnado en nuestras vidas por mucho tiempo, quizás para siempre, en papel o en recuerdos. El taller estará [&hellip;]</p>
