{"id":22802,"date":"2025-12-26T09:19:23","date_gmt":"2025-12-26T12:19:23","guid":{"rendered":"https:\/\/visitavina.munivina.cl\/?post_type=mec-events&#038;p=22802"},"modified":"2025-12-26T09:19:23","modified_gmt":"2025-12-26T12:19:23","slug":"vina-classic-x-mind-max-carra","status":"publish","type":"mec-events","link":"https:\/\/visitavina.munivina.cl\/br\/actividad\/vina-classic-x-mind-max-carra\/","title":{"rendered":"Vi\u00f1a Classic X Mind | Max Carra"},"content":{"rendered":"<p>Max Carra, el pr\u00edncipe del cuarteto argentino, por primera vez haciendo vibrar Vi\u00f1a del Mar.<br \/>\nTiene apenas 18 a\u00f1os, pero ya conquist\u00f3 a miles en las redes. Se hizo viral en TikTok con un sello muy particular: antes de cada cover dec\u00eda la frase Con este tema te voy a hacer viajar en el tiempo, acompa\u00f1ado de su teclado. Ese estilo lo llev\u00f3 a la popularidad y a colaborar con figuras como Flor \u00c1lvarez, M\u00e1rama y Lira.<br \/>\nSu gran salto fue con la versi\u00f3n de Tu jard\u00edn con enanitos junto a Roze, Valen y Ramky en los controles, que super\u00f3 los 60 millones de visualizaciones en YouTube.<\/p>\n<p>Venta de entradas | <a href=\"https:\/\/www.puntoticket.com\/evento\/WIC088\" rel=\"nofollow noopener\" target=\"_blank\"><strong><span style=\"color: #3366ff;\">PUNTOTICKET<\/span><\/strong><\/a><\/p>","protected":false},"excerpt":{"rendered":"<p>Max Carra, el pr\u00edncipe del cuarteto argentino, por primera vez haciendo vibrar Vi\u00f1a del Mar. Tiene apenas 18 a\u00f1os, pero ya conquist\u00f3 a miles en las redes. Se hizo viral en TikTok con un sello muy particular: antes de cada cover dec\u00eda la frase Con este tema te voy a hacer viajar en el tiempo, [&hellip;]<\/p>\n","protected":false},"author":2,"featured_media":0,"comment_status":"closed","ping_status":"closed","template":"","tags":[],"mec_category":[],"class_list":["post-22802","mec-events","type-mec-events","status-publish","hentry"],"acf":[],"_links":{"self":[{"href":"https:\/\/visitavina.munivina.cl\/br\/wp-json\/wp\/v2\/mec-events\/22802","targetHints":{"allow":["GET"]}}],"collection":[{"href":"https:\/\/visitavina.munivina.cl\/br\/wp-json\/wp\/v2\/mec-events"}],"about":[{"href":"https:\/\/visitavina.munivina.cl\/br\/wp-json\/wp\/v2\/types\/mec-events"}],"author":[{"embeddable":true,"href":"https:\/\/visitavina.munivina.cl\/br\/wp-json\/wp\/v2\/users\/2"}],"replies":[{"embeddable":true,"href":"https:\/\/visitavina.munivina.cl\/br\/wp-json\/wp\/v2\/comments?post=22802"}],"wp:attachment":[{"href":"https:\/\/visitavina.munivina.cl\/br\/wp-json\/wp\/v2\/media?parent=22802"}],"wp:term":[{"taxonomy":"post_tag","embeddable":true,"href":"https:\/\/visitavina.munivina.cl\/br\/wp-json\/wp\/v2\/tags?post=22802"},{"taxonomy":"mec_category","embeddable":true,"href":"https:\/\/visitavina.munivina.cl\/br\/wp-json\/wp\/v2\/mec_category?post=22802"}],"curies":[{"name":"wp","href":"https:\/\/api.w.org\/{rel}","templated":true}]}}

Viña Classic X Mind | Max Carra

<p>Max Carra, el príncipe del cuarteto argentino, por primera vez haciendo vibrar Viña del Mar.<br />
Tiene apenas 18 años, pero ya conquistó a miles en las redes. Se hizo viral en TikTok con un sello muy particular: antes de cada cover decía la frase Con este tema te voy a hacer viajar en el tiempo, acompañado de su teclado. Ese estilo lo llevó a la popularidad y a colaborar con figuras como Flor Álvarez, Márama y Lira.<br />
Su gran salto fue con la versión de Tu jardín con enanitos junto a Roze, Valen y Ramky en los controles, que superó los 60 millones de visualizaciones en YouTube.</p>
<p>Venta de entradas | <a href="https://www.puntoticket.com/evento/WIC088" rel="nofollow noopener" target="_blank"><strong><span style="color: #3366ff;">PUNTOTICKET</span></strong></a></p>

<p>Max Carra, el príncipe del cuarteto argentino, por primera vez haciendo vibrar Viña del Mar. Tiene apenas 18 años, pero ya conquistó a miles en las redes. Se hizo viral en TikTok con un sello muy particular: antes de cada cover decía la frase Con este tema te voy a hacer viajar en el tiempo, [&hellip;]</p>
