{"id":22843,"date":"2026-01-02T13:43:44","date_gmt":"2026-01-02T16:43:44","guid":{"rendered":"https:\/\/visitavina.munivina.cl\/?post_type=mec-events&#038;p=22843"},"modified":"2026-01-02T13:43:44","modified_gmt":"2026-01-02T16:43:44","slug":"ciclo-cine-de-autor-woody-allen-4","status":"publish","type":"mec-events","link":"https:\/\/visitavina.munivina.cl\/br\/actividad\/ciclo-cine-de-autor-woody-allen-4\/","title":{"rendered":"Ciclo Cine de Autor\u00a0| Woody Allen"},"content":{"rendered":"<p><span data-sheets-root=\"1\">D\u00edas de radio (1987)<br \/>\nD\u00edas de radio es una pel\u00edcula estadounidense de 1987 dirigida por Woody Allen que explora sus recuerdos de infancia a trav\u00e9s de an\u00e9cdotas relacionadas a la radio y sus estrellas, en una recreaci\u00f3n ambiental de los a\u00f1os 1940.\u00a0<\/span><\/p>\n<p><span data-sheets-root=\"1\">Ingreso por orden de llegada hasta completar el aforo del recinto.<\/span><\/p>","protected":false},"excerpt":{"rendered":"<p>D\u00edas de radio (1987) D\u00edas de radio es una pel\u00edcula estadounidense de 1987 dirigida por Woody Allen que explora sus recuerdos de infancia a trav\u00e9s de an\u00e9cdotas relacionadas a la radio y sus estrellas, en una recreaci\u00f3n ambiental de los a\u00f1os 1940.\u00a0 Ingreso por orden de llegada hasta completar el aforo del recinto.<\/p>","protected":false},"author":2,"featured_media":0,"comment_status":"closed","ping_status":"closed","template":"","tags":[],"mec_category":[],"class_list":["post-22843","mec-events","type-mec-events","status-publish","hentry"],"acf":[],"_links":{"self":[{"href":"https:\/\/visitavina.munivina.cl\/br\/wp-json\/wp\/v2\/mec-events\/22843","targetHints":{"allow":["GET"]}}],"collection":[{"href":"https:\/\/visitavina.munivina.cl\/br\/wp-json\/wp\/v2\/mec-events"}],"about":[{"href":"https:\/\/visitavina.munivina.cl\/br\/wp-json\/wp\/v2\/types\/mec-events"}],"author":[{"embeddable":true,"href":"https:\/\/visitavina.munivina.cl\/br\/wp-json\/wp\/v2\/users\/2"}],"replies":[{"embeddable":true,"href":"https:\/\/visitavina.munivina.cl\/br\/wp-json\/wp\/v2\/comments?post=22843"}],"wp:attachment":[{"href":"https:\/\/visitavina.munivina.cl\/br\/wp-json\/wp\/v2\/media?parent=22843"}],"wp:term":[{"taxonomy":"post_tag","embeddable":true,"href":"https:\/\/visitavina.munivina.cl\/br\/wp-json\/wp\/v2\/tags?post=22843"},{"taxonomy":"mec_category","embeddable":true,"href":"https:\/\/visitavina.munivina.cl\/br\/wp-json\/wp\/v2\/mec_category?post=22843"}],"curies":[{"name":"wp","href":"https:\/\/api.w.org\/{rel}","templated":true}]}}

<p><span data-sheets-root="1">Días de radio (1987)<br />
Días de radio es una película estadounidense de 1987 dirigida por Woody Allen que explora sus recuerdos de infancia a través de anécdotas relacionadas a la radio y sus estrellas, en una recreación ambiental de los años 1940. </span></p>
<p><span data-sheets-root="1">Ingreso por orden de llegada hasta completar el aforo del recinto.</span></p>

<p>Días de radio (1987) Días de radio es una película estadounidense de 1987 dirigida por Woody Allen que explora sus recuerdos de infancia a través de anécdotas relacionadas a la radio y sus estrellas, en una recreación ambiental de los años 1940.  Ingreso por orden de llegada hasta completar el aforo del recinto.</p>
