{"id":22857,"date":"2026-01-02T15:59:01","date_gmt":"2026-01-02T18:59:01","guid":{"rendered":"https:\/\/visitavina.munivina.cl\/?post_type=mec-events&#038;p=22857"},"modified":"2026-01-02T15:59:01","modified_gmt":"2026-01-02T18:59:01","slug":"taller-memorias-de-almacen","status":"publish","type":"mec-events","link":"https:\/\/visitavina.munivina.cl\/br\/actividad\/taller-memorias-de-almacen\/","title":{"rendered":"Taller\u00a0| Memorias de Almac\u00e9n"},"content":{"rendered":"<p><span data-sheets-root=\"1\">Memorias de almac\u00e9n es una exposici\u00f3n que recrea un almac\u00e9n de barrio como los ya casi extintos en nuestro pa\u00eds, todo en base a la colecci\u00f3n de Patricia Campos, \u00e1vida coleccionista de objetos. La exposici\u00f3n nos invita a recordar el pasado del comercio nacional y a reflexionar sobre aquello que hemos perdido en la vor\u00e1gine del consumo<\/span><\/p>\n<p><span data-sheets-root=\"1\">Inscripci\u00f3n y m\u00e1s informaci\u00f3n en <span style=\"color: #3366ff;\"><a class=\"in-cell-link\" style=\"color: #3366ff;\" href=\"https:\/\/www.instagram.com\/museopalaciorioja\/\" target=\"_blank\" rel=\"noopener nofollow\"><strong>Instagram<\/strong> <\/a><\/span><\/span><\/p>","protected":false},"excerpt":{"rendered":"<p>Memorias de almac\u00e9n es una exposici\u00f3n que recrea un almac\u00e9n de barrio como los ya casi extintos en nuestro pa\u00eds, todo en base a la colecci\u00f3n de Patricia Campos, \u00e1vida coleccionista de objetos. La exposici\u00f3n nos invita a recordar el pasado del comercio nacional y a reflexionar sobre aquello que hemos perdido en la vor\u00e1gine [&hellip;]<\/p>\n","protected":false},"author":2,"featured_media":0,"comment_status":"closed","ping_status":"closed","template":"","tags":[],"mec_category":[],"class_list":["post-22857","mec-events","type-mec-events","status-publish","hentry"],"acf":[],"_links":{"self":[{"href":"https:\/\/visitavina.munivina.cl\/br\/wp-json\/wp\/v2\/mec-events\/22857","targetHints":{"allow":["GET"]}}],"collection":[{"href":"https:\/\/visitavina.munivina.cl\/br\/wp-json\/wp\/v2\/mec-events"}],"about":[{"href":"https:\/\/visitavina.munivina.cl\/br\/wp-json\/wp\/v2\/types\/mec-events"}],"author":[{"embeddable":true,"href":"https:\/\/visitavina.munivina.cl\/br\/wp-json\/wp\/v2\/users\/2"}],"replies":[{"embeddable":true,"href":"https:\/\/visitavina.munivina.cl\/br\/wp-json\/wp\/v2\/comments?post=22857"}],"wp:attachment":[{"href":"https:\/\/visitavina.munivina.cl\/br\/wp-json\/wp\/v2\/media?parent=22857"}],"wp:term":[{"taxonomy":"post_tag","embeddable":true,"href":"https:\/\/visitavina.munivina.cl\/br\/wp-json\/wp\/v2\/tags?post=22857"},{"taxonomy":"mec_category","embeddable":true,"href":"https:\/\/visitavina.munivina.cl\/br\/wp-json\/wp\/v2\/mec_category?post=22857"}],"curies":[{"name":"wp","href":"https:\/\/api.w.org\/{rel}","templated":true}]}}

Taller | Memorias de Almacén

<p><span data-sheets-root="1">Memorias de almacén es una exposición que recrea un almacén de barrio como los ya casi extintos en nuestro país, todo en base a la colección de Patricia Campos, ávida coleccionista de objetos. La exposición nos invita a recordar el pasado del comercio nacional y a reflexionar sobre aquello que hemos perdido en la vorágine del consumo</span></p>
<p><span data-sheets-root="1">Inscripción y más información en <span style="color: #3366ff;"><a class="in-cell-link" style="color: #3366ff;" href="https://www.instagram.com/museopalaciorioja/" target="_blank" rel="noopener nofollow"><strong>Instagram</strong> </a></span></span></p>

<p>Memorias de almacén es una exposición que recrea un almacén de barrio como los ya casi extintos en nuestro país, todo en base a la colección de Patricia Campos, ávida coleccionista de objetos. La exposición nos invita a recordar el pasado del comercio nacional y a reflexionar sobre aquello que hemos perdido en la vorágine [&hellip;]</p>
