{"id":22859,"date":"2026-01-02T16:03:12","date_gmt":"2026-01-02T19:03:12","guid":{"rendered":"https:\/\/visitavina.munivina.cl\/?post_type=mec-events&#038;p=22859"},"modified":"2026-01-02T16:03:12","modified_gmt":"2026-01-02T19:03:12","slug":"taller-mis-objetos-mi-patrimonio","status":"publish","type":"mec-events","link":"https:\/\/visitavina.munivina.cl\/br\/actividad\/taller-mis-objetos-mi-patrimonio\/","title":{"rendered":"Taller\u00a0| Mis objetos mi patrimonio"},"content":{"rendered":"<p><span data-sheets-root=\"1\">Aplicaremos t\u00e9cnicas b\u00e1sicas de limpieza y cuidado de nuestros objetos preciados y vinculamos<br \/>\nnuestra memoria con la historia de nuestras colecciones para finalmente montar una exposici\u00f3n con los objetos de nuestros vecinos y vecinas<br \/>\nTraer un objeto con vinculaci\u00f3n emocional o patrimonial, ejemplo: caja de lata de galletas y materiales; un pa\u00f1o, una brocha limpia.<\/span><\/p>\n<p><span data-sheets-root=\"1\">Inscripci\u00f3n y m\u00e1s informaci\u00f3n en <strong><span style=\"color: #3366ff;\"><a class=\"in-cell-link\" style=\"color: #3366ff;\" href=\"https:\/\/www.instagram.com\/museopalaciorioja\/\" target=\"_blank\" rel=\"noopener nofollow\">Instagram <\/a><\/span><\/strong><\/span><\/p>","protected":false},"excerpt":{"rendered":"<p>Aplicaremos t\u00e9cnicas b\u00e1sicas de limpieza y cuidado de nuestros objetos preciados y vinculamos nuestra memoria con la historia de nuestras colecciones para finalmente montar una exposici\u00f3n con los objetos de nuestros vecinos y vecinas Traer un objeto con vinculaci\u00f3n emocional o patrimonial, ejemplo: caja de lata de galletas y materiales; un pa\u00f1o, una brocha limpia. [&hellip;]<\/p>\n","protected":false},"author":2,"featured_media":0,"comment_status":"closed","ping_status":"closed","template":"","tags":[],"mec_category":[],"class_list":["post-22859","mec-events","type-mec-events","status-publish","hentry"],"acf":[],"_links":{"self":[{"href":"https:\/\/visitavina.munivina.cl\/br\/wp-json\/wp\/v2\/mec-events\/22859","targetHints":{"allow":["GET"]}}],"collection":[{"href":"https:\/\/visitavina.munivina.cl\/br\/wp-json\/wp\/v2\/mec-events"}],"about":[{"href":"https:\/\/visitavina.munivina.cl\/br\/wp-json\/wp\/v2\/types\/mec-events"}],"author":[{"embeddable":true,"href":"https:\/\/visitavina.munivina.cl\/br\/wp-json\/wp\/v2\/users\/2"}],"replies":[{"embeddable":true,"href":"https:\/\/visitavina.munivina.cl\/br\/wp-json\/wp\/v2\/comments?post=22859"}],"wp:attachment":[{"href":"https:\/\/visitavina.munivina.cl\/br\/wp-json\/wp\/v2\/media?parent=22859"}],"wp:term":[{"taxonomy":"post_tag","embeddable":true,"href":"https:\/\/visitavina.munivina.cl\/br\/wp-json\/wp\/v2\/tags?post=22859"},{"taxonomy":"mec_category","embeddable":true,"href":"https:\/\/visitavina.munivina.cl\/br\/wp-json\/wp\/v2\/mec_category?post=22859"}],"curies":[{"name":"wp","href":"https:\/\/api.w.org\/{rel}","templated":true}]}}

<p><span data-sheets-root="1">Aplicaremos técnicas básicas de limpieza y cuidado de nuestros objetos preciados y vinculamos<br />
nuestra memoria con la historia de nuestras colecciones para finalmente montar una exposición con los objetos de nuestros vecinos y vecinas<br />
Traer un objeto con vinculación emocional o patrimonial, ejemplo: caja de lata de galletas y materiales; un paño, una brocha limpia.</span></p>
<p><span data-sheets-root="1">Inscripción y más información en <strong><span style="color: #3366ff;"><a class="in-cell-link" style="color: #3366ff;" href="https://www.instagram.com/museopalaciorioja/" target="_blank" rel="noopener nofollow">Instagram </a></span></strong></span></p>

<p>Aplicaremos técnicas básicas de limpieza y cuidado de nuestros objetos preciados y vinculamos nuestra memoria con la historia de nuestras colecciones para finalmente montar una exposición con los objetos de nuestros vecinos y vecinas Traer un objeto con vinculación emocional o patrimonial, ejemplo: caja de lata de galletas y materiales; un paño, una brocha limpia. [&hellip;]</p>
