{"id":22899,"date":"2026-01-07T10:31:15","date_gmt":"2026-01-07T13:31:15","guid":{"rendered":"https:\/\/visitavina.munivina.cl\/?post_type=mec-events&#038;p=22899"},"modified":"2026-01-07T10:31:15","modified_gmt":"2026-01-07T13:31:15","slug":"musical-el-mago-de-oz","status":"publish","type":"mec-events","link":"https:\/\/visitavina.munivina.cl\/br\/actividad\/musical-el-mago-de-oz\/","title":{"rendered":"Musical | \u201cEl mago de Oz\u201d"},"content":{"rendered":"<p>Vive la obra \u201cEl Mago de Oz\u201d, presentada por la ONG Down Theatre, una agrupaci\u00f3n que crea experiencias art\u00edsticas inclusivas, lindas y muy emocionantes.<br \/>\nConoceremos a personajes maravillosos y exploraremos el teatro usando nuestros sentidos, la memoria, el lenguaje y la energ\u00eda del cuerpo. Ser\u00e1 un encuentro para compartir con familias y amistades, donde el arte, la imaginaci\u00f3n y el respeto se unen en un mismo escenario.<br \/>\nEn el Museo Artequin Vi\u00f1a seguiremos abriendo espacios accesibles para que todas las personas puedan disfrutar del arte, la cultura y el aprendizaje en un entorno de naturaleza y juego.<br \/>\nVersi\u00f3n y Direcci\u00f3n de Bailey<\/p>\n<p><span data-sheets-root=\"1\">Actividad gratuita, sin inscripci\u00f3n previa<\/span><\/p>\n<p><span data-sheets-root=\"1\">M\u00e1s informaci\u00f3n en Instagram <strong><span style=\"color: #3366ff;\"><a class=\"in-cell-link\" style=\"color: #3366ff;\" href=\"https:\/\/www.instagram.com\/artequinvina\/\" target=\"_blank\" rel=\"noopener nofollow\">@artequinvina<\/a><\/span><\/strong><\/span><\/p>","protected":false},"excerpt":{"rendered":"<p>Vive la obra \u201cEl Mago de Oz\u201d, presentada por la ONG Down Theatre, una agrupaci\u00f3n que crea experiencias art\u00edsticas inclusivas, lindas y muy emocionantes. Conoceremos a personajes maravillosos y exploraremos el teatro usando nuestros sentidos, la memoria, el lenguaje y la energ\u00eda del cuerpo. Ser\u00e1 un encuentro para compartir con familias y amistades, donde el [&hellip;]<\/p>\n","protected":false},"author":2,"featured_media":0,"comment_status":"closed","ping_status":"closed","template":"","tags":[],"mec_category":[],"class_list":["post-22899","mec-events","type-mec-events","status-publish","hentry"],"acf":[],"_links":{"self":[{"href":"https:\/\/visitavina.munivina.cl\/br\/wp-json\/wp\/v2\/mec-events\/22899","targetHints":{"allow":["GET"]}}],"collection":[{"href":"https:\/\/visitavina.munivina.cl\/br\/wp-json\/wp\/v2\/mec-events"}],"about":[{"href":"https:\/\/visitavina.munivina.cl\/br\/wp-json\/wp\/v2\/types\/mec-events"}],"author":[{"embeddable":true,"href":"https:\/\/visitavina.munivina.cl\/br\/wp-json\/wp\/v2\/users\/2"}],"replies":[{"embeddable":true,"href":"https:\/\/visitavina.munivina.cl\/br\/wp-json\/wp\/v2\/comments?post=22899"}],"wp:attachment":[{"href":"https:\/\/visitavina.munivina.cl\/br\/wp-json\/wp\/v2\/media?parent=22899"}],"wp:term":[{"taxonomy":"post_tag","embeddable":true,"href":"https:\/\/visitavina.munivina.cl\/br\/wp-json\/wp\/v2\/tags?post=22899"},{"taxonomy":"mec_category","embeddable":true,"href":"https:\/\/visitavina.munivina.cl\/br\/wp-json\/wp\/v2\/mec_category?post=22899"}],"curies":[{"name":"wp","href":"https:\/\/api.w.org\/{rel}","templated":true}]}}

<p>Vive la obra “El Mago de Oz”, presentada por la ONG Down Theatre, una agrupación que crea experiencias artísticas inclusivas, lindas y muy emocionantes.<br />
Conoceremos a personajes maravillosos y exploraremos el teatro usando nuestros sentidos, la memoria, el lenguaje y la energía del cuerpo. Será un encuentro para compartir con familias y amistades, donde el arte, la imaginación y el respeto se unen en un mismo escenario.<br />
En el Museo Artequin Viña seguiremos abriendo espacios accesibles para que todas las personas puedan disfrutar del arte, la cultura y el aprendizaje en un entorno de naturaleza y juego.<br />
Versión y Dirección de Bailey</p>
<p><span data-sheets-root="1">Actividad gratuita, sin inscripción previa</span></p>
<p><span data-sheets-root="1">Más información en Instagram <strong><span style="color: #3366ff;"><a class="in-cell-link" style="color: #3366ff;" href="https://www.instagram.com/artequinvina/" target="_blank" rel="noopener nofollow">@artequinvina</a></span></strong></span></p>

<p>Vive la obra “El Mago de Oz”, presentada por la ONG Down Theatre, una agrupación que crea experiencias artísticas inclusivas, lindas y muy emocionantes. Conoceremos a personajes maravillosos y exploraremos el teatro usando nuestros sentidos, la memoria, el lenguaje y la energía del cuerpo. Será un encuentro para compartir con familias y amistades, donde el [&hellip;]</p>
