{"id":22938,"date":"2026-01-16T11:23:24","date_gmt":"2026-01-16T14:23:24","guid":{"rendered":"https:\/\/visitavina.munivina.cl\/?post_type=mec-events&#038;p=22938"},"modified":"2026-01-16T11:23:24","modified_gmt":"2026-01-16T14:23:24","slug":"taller-pintura-lagartijas-de-mi-barrio","status":"publish","type":"mec-events","link":"https:\/\/visitavina.munivina.cl\/br\/actividad\/taller-pintura-lagartijas-de-mi-barrio\/","title":{"rendered":"Taller pintura | Lagartijas de mi barrio"},"content":{"rendered":"<p><span style=\"color: #000000;\" data-sheets-root=\"1\">Gracias a esta iniciativa las y los ni\u00f1os, podr\u00e1n sorprenderse y profundizar en las lagartijas. \u00a1Esta es una excelente oportunidad para que los\/as m\u00e1s peque\u00f1os puedan disfrutar de un panorama entretenido y cultural durante estas vacaciones de verano!<\/p>\n<p>Tallerista: Laura Harfagar.<\/p>\n<p>Dirigido a: Ni\u00f1as y ni\u00f1os de 5 a 12 a\u00f1os. (Acompa\u00f1ado\/a por un adulto a cargo, quien no paga).<\/p>\n<p>A trav\u00e9s de este taller, las y los participantes conocer\u00e1n las principales caracter\u00edsticas, formas y colores de distintas lagartijas chilenas, mediante la observaci\u00f3n de im\u00e1genes proyectadas y material fotogr\u00e1fico.<br \/>\nPosteriormente, cada persona elegir\u00e1 una especie para pintarla sobre piezas de cart\u00f3n reciclado con formas corporales predise\u00f1adas, finalizando la actividad con el ensamblaje de las patas al cuerpo. Mediante esta experiencia art\u00edstica, l\u00fadica y entretenida, se busca que quienes participen reconozcan, identifiquen y valoren estas especies, promoviendo la conciencia sobre la importancia de cuidar los ambientes naturales que albergan a estos reptiles de la fauna chilena.<\/p>\n<p>El museo dispondr\u00e1 de todo lo necesario<\/span><\/p>\n<p><span data-sheets-root=\"1\"><span style=\"color: #000000;\">Inscripci\u00f3n y m\u00e1s informaci\u00f3n en Instagram <\/span><a class=\"in-cell-link\" href=\"https:\/\/www.instagram.com\/museofonck\/\" target=\"_blank\" rel=\"noopener nofollow\"><strong><span style=\"color: #3366ff;\">@museofonck<\/span><\/strong><\/a><\/span><\/p>","protected":false},"excerpt":{"rendered":"<p>Gracias a esta iniciativa las y los ni\u00f1os, podr\u00e1n sorprenderse y profundizar en las lagartijas. \u00a1Esta es una excelente oportunidad para que los\/as m\u00e1s peque\u00f1os puedan disfrutar de un panorama entretenido y cultural durante estas vacaciones de verano! Tallerista: Laura Harfagar. Dirigido a: Ni\u00f1as y ni\u00f1os de 5 a 12 a\u00f1os. (Acompa\u00f1ado\/a por un adulto [&hellip;]<\/p>\n","protected":false},"author":2,"featured_media":0,"comment_status":"closed","ping_status":"closed","template":"","tags":[],"mec_category":[],"class_list":["post-22938","mec-events","type-mec-events","status-publish","hentry"],"acf":[],"_links":{"self":[{"href":"https:\/\/visitavina.munivina.cl\/br\/wp-json\/wp\/v2\/mec-events\/22938","targetHints":{"allow":["GET"]}}],"collection":[{"href":"https:\/\/visitavina.munivina.cl\/br\/wp-json\/wp\/v2\/mec-events"}],"about":[{"href":"https:\/\/visitavina.munivina.cl\/br\/wp-json\/wp\/v2\/types\/mec-events"}],"author":[{"embeddable":true,"href":"https:\/\/visitavina.munivina.cl\/br\/wp-json\/wp\/v2\/users\/2"}],"replies":[{"embeddable":true,"href":"https:\/\/visitavina.munivina.cl\/br\/wp-json\/wp\/v2\/comments?post=22938"}],"wp:attachment":[{"href":"https:\/\/visitavina.munivina.cl\/br\/wp-json\/wp\/v2\/media?parent=22938"}],"wp:term":[{"taxonomy":"post_tag","embeddable":true,"href":"https:\/\/visitavina.munivina.cl\/br\/wp-json\/wp\/v2\/tags?post=22938"},{"taxonomy":"mec_category","embeddable":true,"href":"https:\/\/visitavina.munivina.cl\/br\/wp-json\/wp\/v2\/mec_category?post=22938"}],"curies":[{"name":"wp","href":"https:\/\/api.w.org\/{rel}","templated":true}]}}

<p><span style="color: #000000;" data-sheets-root="1">Gracias a esta iniciativa las y los niños, podrán sorprenderse y profundizar en las lagartijas. ¡Esta es una excelente oportunidad para que los/as más pequeños puedan disfrutar de un panorama entretenido y cultural durante estas vacaciones de verano!</p>
<p>Tallerista: Laura Harfagar.</p>
<p>Dirigido a: Niñas y niños de 5 a 12 años. (Acompañado/a por un adulto a cargo, quien no paga).</p>
<p>A través de este taller, las y los participantes conocerán las principales características, formas y colores de distintas lagartijas chilenas, mediante la observación de imágenes proyectadas y material fotográfico.<br />
Posteriormente, cada persona elegirá una especie para pintarla sobre piezas de cartón reciclado con formas corporales prediseñadas, finalizando la actividad con el ensamblaje de las patas al cuerpo. Mediante esta experiencia artística, lúdica y entretenida, se busca que quienes participen reconozcan, identifiquen y valoren estas especies, promoviendo la conciencia sobre la importancia de cuidar los ambientes naturales que albergan a estos reptiles de la fauna chilena.</p>
<p>El museo dispondrá de todo lo necesario</span></p>
<p><span data-sheets-root="1"><span style="color: #000000;">Inscripción y más información en Instagram </span><a class="in-cell-link" href="https://www.instagram.com/museofonck/" target="_blank" rel="noopener nofollow"><strong><span style="color: #3366ff;">@museofonck</span></strong></a></span></p>

<p>Gracias a esta iniciativa las y los niños, podrán sorprenderse y profundizar en las lagartijas. ¡Esta es una excelente oportunidad para que los/as más pequeños puedan disfrutar de un panorama entretenido y cultural durante estas vacaciones de verano! Tallerista: Laura Harfagar. Dirigido a: Niñas y niños de 5 a 12 años. (Acompañado/a por un adulto [&hellip;]</p>
