{"id":22943,"date":"2026-01-19T09:15:04","date_gmt":"2026-01-19T12:15:04","guid":{"rendered":"https:\/\/visitavina.munivina.cl\/?post_type=mec-events&#038;p=22943"},"modified":"2026-01-19T09:15:04","modified_gmt":"2026-01-19T12:15:04","slug":"concierto-25-anos-foji-imagenes-sinfonicas","status":"publish","type":"mec-events","link":"https:\/\/visitavina.munivina.cl\/br\/actividad\/concierto-25-anos-foji-imagenes-sinfonicas\/","title":{"rendered":"Concierto | 25 a\u00f1os FOJI, Im\u00e1genes Sinf\u00f3nicas"},"content":{"rendered":"<p><span style=\"color: #000000;\" data-sheets-root=\"1\">La Fundaci\u00f3n de Orquestas Juveniles e Infantiles de Chile celebra sus 25 a\u00f1os con un concierto que re\u00fane fuerza, juventud y grandes obras del repertorio sinf\u00f3nico. El programa incluye la imponente obertura de El Holand\u00e9s Errante de Wagner, el Concierto para Viola de Hoffmeister con la solista Luc\u00eda Rodr\u00edguez, y la vibrante Scheherazade de Rimsky-Korsakov.<br \/>\nUna experiencia musical que destaca el talento joven y el valor de la formaci\u00f3n art\u00edstica en Chile.<\/span><\/p>\n<p><span data-sheets-root=\"1\"><span style=\"color: #000000;\">Inscripci\u00f3n y m\u00e1s informaci\u00f3n en Instagram <\/span><a class=\"in-cell-link\" href=\"https:\/\/www.instagram.com\/teatro.munivina\/\" target=\"_blank\" rel=\"noopener nofollow\"><strong><span style=\"color: #3366ff;\">@teatro.munivina<\/span><\/strong><\/a><\/span><\/p>","protected":false},"excerpt":{"rendered":"<p>La Fundaci\u00f3n de Orquestas Juveniles e Infantiles de Chile celebra sus 25 a\u00f1os con un concierto que re\u00fane fuerza, juventud y grandes obras del repertorio sinf\u00f3nico. El programa incluye la imponente obertura de El Holand\u00e9s Errante de Wagner, el Concierto para Viola de Hoffmeister con la solista Luc\u00eda Rodr\u00edguez, y la vibrante Scheherazade de Rimsky-Korsakov. [&hellip;]<\/p>\n","protected":false},"author":2,"featured_media":0,"comment_status":"closed","ping_status":"closed","template":"","tags":[],"mec_category":[],"class_list":["post-22943","mec-events","type-mec-events","status-publish","hentry"],"acf":[],"_links":{"self":[{"href":"https:\/\/visitavina.munivina.cl\/br\/wp-json\/wp\/v2\/mec-events\/22943","targetHints":{"allow":["GET"]}}],"collection":[{"href":"https:\/\/visitavina.munivina.cl\/br\/wp-json\/wp\/v2\/mec-events"}],"about":[{"href":"https:\/\/visitavina.munivina.cl\/br\/wp-json\/wp\/v2\/types\/mec-events"}],"author":[{"embeddable":true,"href":"https:\/\/visitavina.munivina.cl\/br\/wp-json\/wp\/v2\/users\/2"}],"replies":[{"embeddable":true,"href":"https:\/\/visitavina.munivina.cl\/br\/wp-json\/wp\/v2\/comments?post=22943"}],"wp:attachment":[{"href":"https:\/\/visitavina.munivina.cl\/br\/wp-json\/wp\/v2\/media?parent=22943"}],"wp:term":[{"taxonomy":"post_tag","embeddable":true,"href":"https:\/\/visitavina.munivina.cl\/br\/wp-json\/wp\/v2\/tags?post=22943"},{"taxonomy":"mec_category","embeddable":true,"href":"https:\/\/visitavina.munivina.cl\/br\/wp-json\/wp\/v2\/mec_category?post=22943"}],"curies":[{"name":"wp","href":"https:\/\/api.w.org\/{rel}","templated":true}]}}

Concierto | 25 años FOJI, Imágenes Sinfónicas

<p><span style="color: #000000;" data-sheets-root="1">La Fundación de Orquestas Juveniles e Infantiles de Chile celebra sus 25 años con un concierto que reúne fuerza, juventud y grandes obras del repertorio sinfónico. El programa incluye la imponente obertura de El Holandés Errante de Wagner, el Concierto para Viola de Hoffmeister con la solista Lucía Rodríguez, y la vibrante Scheherazade de Rimsky-Korsakov.<br />
Una experiencia musical que destaca el talento joven y el valor de la formación artística en Chile.</span></p>
<p><span data-sheets-root="1"><span style="color: #000000;">Inscripción y más información en Instagram </span><a class="in-cell-link" href="https://www.instagram.com/teatro.munivina/" target="_blank" rel="noopener nofollow"><strong><span style="color: #3366ff;">@teatro.munivina</span></strong></a></span></p>

<p>La Fundación de Orquestas Juveniles e Infantiles de Chile celebra sus 25 años con un concierto que reúne fuerza, juventud y grandes obras del repertorio sinfónico. El programa incluye la imponente obertura de El Holandés Errante de Wagner, el Concierto para Viola de Hoffmeister con la solista Lucía Rodríguez, y la vibrante Scheherazade de Rimsky-Korsakov. [&hellip;]</p>
