{"id":22963,"date":"2026-01-21T11:32:25","date_gmt":"2026-01-21T14:32:25","guid":{"rendered":"https:\/\/visitavina.munivina.cl\/?post_type=mec-events&#038;p=22963"},"modified":"2026-01-21T11:32:25","modified_gmt":"2026-01-21T14:32:25","slug":"teatro-historia-de-amor-para-un-alma-vieja","status":"publish","type":"mec-events","link":"https:\/\/visitavina.munivina.cl\/br\/actividad\/teatro-historia-de-amor-para-un-alma-vieja\/","title":{"rendered":"Teatro | Historia de amor para un alma vieja"},"content":{"rendered":"<p><span style=\"color: #000000;\" data-sheets-root=\"1\">Un viejo capit\u00e1n retirado espera un misterioso llamado telef\u00f3nico ante la curiosidad de su nieta Nora, quien lo ha visitado para juntos pasar las anheladas vacaciones de invierno.<br \/>\nEl anciano ha cometido un error que no sabe c\u00f3mo remediar. Cuando Nora descubra el suceso y de qui\u00e9n es el esperado llamado, emprender\u00e1 junto a \u00e9l un c\u00famulo de acciones para ablandar su inflexibilidad e impulsar su \u00edmpetu para pedir perd\u00f3n.<\/p>\n<p>Compa\u00f1\u00eda FA<\/p>\n<p>Direcci\u00f3n y dramaturgia: Felipe Zambrano<br \/>\nElenco: Eduardo Barril, Luz Jim\u00e9nez, Colomba Larra\u00edn, Pascale Zelaya<br \/>\nM\u00fasico en escena y arreglos sonoros: Jos\u00e9 Tom\u00e1s Moscoso<br \/>\nProducci\u00f3n: Almendra Ovalle<br \/>\nAsistente de producci\u00f3n: Federica Larra\u00edn<br \/>\nDise\u00f1o Integral: Tamara Figueroa<br \/>\nSonido: Jorge Manzo<\/span><\/p>\n<p><span data-sheets-root=\"1\"><span style=\"color: #000000;\">Inscripci\u00f3n y m\u00e1s informaci\u00f3n en Instagram | <\/span><a class=\"in-cell-link\" href=\"https:\/\/www.instagram.com\/stories\/teatro.munivina\" target=\"_blank\" rel=\"noopener nofollow\"><strong><span style=\"color: #3366ff;\">@teatro.munivina<\/span><\/strong><\/a><\/span><\/p>","protected":false},"excerpt":{"rendered":"<p>Un viejo capit\u00e1n retirado espera un misterioso llamado telef\u00f3nico ante la curiosidad de su nieta Nora, quien lo ha visitado para juntos pasar las anheladas vacaciones de invierno. El anciano ha cometido un error que no sabe c\u00f3mo remediar. Cuando Nora descubra el suceso y de qui\u00e9n es el esperado llamado, emprender\u00e1 junto a \u00e9l [&hellip;]<\/p>\n","protected":false},"author":2,"featured_media":0,"comment_status":"closed","ping_status":"closed","template":"","tags":[],"mec_category":[],"class_list":["post-22963","mec-events","type-mec-events","status-publish","hentry"],"acf":[],"_links":{"self":[{"href":"https:\/\/visitavina.munivina.cl\/br\/wp-json\/wp\/v2\/mec-events\/22963","targetHints":{"allow":["GET"]}}],"collection":[{"href":"https:\/\/visitavina.munivina.cl\/br\/wp-json\/wp\/v2\/mec-events"}],"about":[{"href":"https:\/\/visitavina.munivina.cl\/br\/wp-json\/wp\/v2\/types\/mec-events"}],"author":[{"embeddable":true,"href":"https:\/\/visitavina.munivina.cl\/br\/wp-json\/wp\/v2\/users\/2"}],"replies":[{"embeddable":true,"href":"https:\/\/visitavina.munivina.cl\/br\/wp-json\/wp\/v2\/comments?post=22963"}],"wp:attachment":[{"href":"https:\/\/visitavina.munivina.cl\/br\/wp-json\/wp\/v2\/media?parent=22963"}],"wp:term":[{"taxonomy":"post_tag","embeddable":true,"href":"https:\/\/visitavina.munivina.cl\/br\/wp-json\/wp\/v2\/tags?post=22963"},{"taxonomy":"mec_category","embeddable":true,"href":"https:\/\/visitavina.munivina.cl\/br\/wp-json\/wp\/v2\/mec_category?post=22963"}],"curies":[{"name":"wp","href":"https:\/\/api.w.org\/{rel}","templated":true}]}}

<p><span style="color: #000000;" data-sheets-root="1">Un viejo capitán retirado espera un misterioso llamado telefónico ante la curiosidad de su nieta Nora, quien lo ha visitado para juntos pasar las anheladas vacaciones de invierno.<br />
El anciano ha cometido un error que no sabe cómo remediar. Cuando Nora descubra el suceso y de quién es el esperado llamado, emprenderá junto a él un cúmulo de acciones para ablandar su inflexibilidad e impulsar su ímpetu para pedir perdón.</p>
<p>Compañía FA</p>
<p>Dirección y dramaturgia: Felipe Zambrano<br />
Elenco: Eduardo Barril, Luz Jiménez, Colomba Larraín, Pascale Zelaya<br />
Músico en escena y arreglos sonoros: José Tomás Moscoso<br />
Producción: Almendra Ovalle<br />
Asistente de producción: Federica Larraín<br />
Diseño Integral: Tamara Figueroa<br />
Sonido: Jorge Manzo</span></p>
<p><span data-sheets-root="1"><span style="color: #000000;">Inscripción y más información en Instagram | </span><a class="in-cell-link" href="https://www.instagram.com/stories/teatro.munivina" target="_blank" rel="noopener nofollow"><strong><span style="color: #3366ff;">@teatro.munivina</span></strong></a></span></p>

<p>Un viejo capitán retirado espera un misterioso llamado telefónico ante la curiosidad de su nieta Nora, quien lo ha visitado para juntos pasar las anheladas vacaciones de invierno. El anciano ha cometido un error que no sabe cómo remediar. Cuando Nora descubra el suceso y de quién es el esperado llamado, emprenderá junto a él [&hellip;]</p>
