{"id":22996,"date":"2026-01-26T11:18:20","date_gmt":"2026-01-26T14:18:20","guid":{"rendered":"https:\/\/visitavina.munivina.cl\/?post_type=mec-events&#038;p=22996"},"modified":"2026-01-26T11:18:20","modified_gmt":"2026-01-26T14:18:20","slug":"taller-un-mundo-en-un-hilo-descubriendo-el-patrimonio-de-la-tradicion-oral","status":"publish","type":"mec-events","link":"https:\/\/visitavina.munivina.cl\/br\/actividad\/taller-un-mundo-en-un-hilo-descubriendo-el-patrimonio-de-la-tradicion-oral\/","title":{"rendered":"Taller | Un mundo en un hilo: descubriendo el patrimonio de la tradici\u00f3n oral"},"content":{"rendered":"<p><span data-sheets-root=\"1\"><span style=\"color: #000000;\">L\u00edder do workshop: Marcela Garrido D\u00edaz.<\/span><br \/>\n<span style=\"color: #000000;\">A trav\u00e9s de un simple hilo y las manos, se despliega un universo de historias, juegos y saberes transmitidos de generaci\u00f3n en generaci\u00f3n. Este taller invita a conocer el valor cultural de las figuras de hilo como parte del patrimonio de la tradici\u00f3n oral, explorando su significado y pr\u00e1ctica de manera l\u00fadica y participativa.<\/span><br \/>\n<span style=\"color: #000000;\">Es una actividad pensada para quienes quieran aprender, crear y reconectarse con una expresi\u00f3n ancestral que cruza culturas y territorios.<\/span><br \/>\n<span style=\"color: #000000;\">Esta invitaci\u00f3n se enmarca en \u201cMuseos en Verano\u201d, iniciativa organizada por el Ministerio de las Culturas, las Artes y el Patrimonio, que busca acercar los museos a la comunidad durante la temporada estival.<\/span><br \/>\n<span style=\"color: #000000;\">Dirigido Todo p\u00fablico. Quienes participen deber\u00e1n saber el nombre de los dedos y tener nociones de espacialidad y lateralidad.<\/span><br \/>\n<span style=\"color: #000000;\">Materiales: Cuerda, pita, lienza, lana de 2mt a 2,15 mt de largo anudada en los extremos.<\/span><br \/>\n<span style=\"color: #000000;\">De igual modo, el museo contar\u00e1 con material para todos\/as los\/as participantes.<\/span><\/span><\/p>\n<p><span data-sheets-root=\"1\"><span style=\"color: #000000;\">Inscripci\u00f3n y m\u00e1s informaci\u00f3n en Instagram |<\/span> <a class=\"in-cell-link\" href=\"https:\/\/www.instagram.com\/stories\/museofonck\" target=\"_blank\" rel=\"noopener nofollow\"><strong><span style=\"color: #3366ff;\">@museofonck<\/span><\/strong><\/a><\/span><\/p>","protected":false},"excerpt":{"rendered":"<p>Tallerista: Marcela Garrido D\u00edaz. A trav\u00e9s de un simple hilo y las manos, se despliega un universo de historias, juegos y saberes transmitidos de generaci\u00f3n en generaci\u00f3n. Este taller invita a conocer el valor cultural de las figuras de hilo como parte del patrimonio de la tradici\u00f3n oral, explorando su significado y pr\u00e1ctica de manera [&hellip;]<\/p>\n","protected":false},"author":2,"featured_media":0,"comment_status":"closed","ping_status":"closed","template":"","tags":[],"mec_category":[],"class_list":["post-22996","mec-events","type-mec-events","status-publish","hentry"],"acf":[],"_links":{"self":[{"href":"https:\/\/visitavina.munivina.cl\/br\/wp-json\/wp\/v2\/mec-events\/22996","targetHints":{"allow":["GET"]}}],"collection":[{"href":"https:\/\/visitavina.munivina.cl\/br\/wp-json\/wp\/v2\/mec-events"}],"about":[{"href":"https:\/\/visitavina.munivina.cl\/br\/wp-json\/wp\/v2\/types\/mec-events"}],"author":[{"embeddable":true,"href":"https:\/\/visitavina.munivina.cl\/br\/wp-json\/wp\/v2\/users\/2"}],"replies":[{"embeddable":true,"href":"https:\/\/visitavina.munivina.cl\/br\/wp-json\/wp\/v2\/comments?post=22996"}],"wp:attachment":[{"href":"https:\/\/visitavina.munivina.cl\/br\/wp-json\/wp\/v2\/media?parent=22996"}],"wp:term":[{"taxonomy":"post_tag","embeddable":true,"href":"https:\/\/visitavina.munivina.cl\/br\/wp-json\/wp\/v2\/tags?post=22996"},{"taxonomy":"mec_category","embeddable":true,"href":"https:\/\/visitavina.munivina.cl\/br\/wp-json\/wp\/v2\/mec_category?post=22996"}],"curies":[{"name":"wp","href":"https:\/\/api.w.org\/{rel}","templated":true}]}}

Taller | Un mundo en un hilo: descubriendo el patrimonio de la tradición oral

<p><span data-sheets-root="1"><span style="color: #000000;">Líder do workshop: Marcela Garrido Díaz.</span><br />
<span style="color: #000000;">A través de un simple hilo y las manos, se despliega un universo de historias, juegos y saberes transmitidos de generación en generación. Este taller invita a conocer el valor cultural de las figuras de hilo como parte del patrimonio de la tradición oral, explorando su significado y práctica de manera lúdica y participativa.</span><br />
<span style="color: #000000;">Es una actividad pensada para quienes quieran aprender, crear y reconectarse con una expresión ancestral que cruza culturas y territorios.</span><br />
<span style="color: #000000;">Esta invitación se enmarca en “Museos en Verano”, iniciativa organizada por el Ministerio de las Culturas, las Artes y el Patrimonio, que busca acercar los museos a la comunidad durante la temporada estival.</span><br />
<span style="color: #000000;">Dirigido Todo público. Quienes participen deberán saber el nombre de los dedos y tener nociones de espacialidad y lateralidad.</span><br />
<span style="color: #000000;">Materiales: Cuerda, pita, lienza, lana de 2mt a 2,15 mt de largo anudada en los extremos.</span><br />
<span style="color: #000000;">De igual modo, el museo contará con material para todos/as los/as participantes.</span></span></p>
<p><span data-sheets-root="1"><span style="color: #000000;">Inscripción y más información en Instagram |</span> <a class="in-cell-link" href="https://www.instagram.com/stories/museofonck" target="_blank" rel="noopener nofollow"><strong><span style="color: #3366ff;">@museofonck</span></strong></a></span></p>

<p>Tallerista: Marcela Garrido Díaz. A través de un simple hilo y las manos, se despliega un universo de historias, juegos y saberes transmitidos de generación en generación. Este taller invita a conocer el valor cultural de las figuras de hilo como parte del patrimonio de la tradición oral, explorando su significado y práctica de manera [&hellip;]</p>
