{"id":23008,"date":"2026-01-27T15:32:43","date_gmt":"2026-01-27T18:32:43","guid":{"rendered":"https:\/\/visitavina.munivina.cl\/?post_type=mec-events&#038;p=23008"},"modified":"2026-01-27T15:32:43","modified_gmt":"2026-01-27T18:32:43","slug":"concierto-sonidos-y-movimiento-en-concierto","status":"publish","type":"mec-events","link":"https:\/\/visitavina.munivina.cl\/br\/actividad\/concierto-sonidos-y-movimiento-en-concierto\/","title":{"rendered":"Concierto | Sonidos y movimiento en concierto"},"content":{"rendered":"<p><span style=\"color: #000000;\" data-sheets-root=\"1\">Sonidos y movimiento en concierto, una presentaci\u00f3n que re\u00fane las c\u00e1tedras de m\u00fasica y danza del Conservatorio Izidor Handler, donde el sonido y el cuerpo se encuentran en escena para dar vida a una experiencia art\u00edstica llena de expresi\u00f3n y sensibilidad.<br \/>\nUna invitaci\u00f3n a disfrutar del talento, la disciplina y la creatividad de sus estudiantes en una funci\u00f3n que celebra el arte en movimiento.<\/span><\/p>\n<p><span data-sheets-root=\"1\"><span style=\"color: #000000;\">Inscripci\u00f3n y m\u00e1s informaci\u00f3n en Instagram | <\/span><a class=\"in-cell-link\" href=\"https:\/\/www.instagram.com\/stories\/teatro.munivina\" target=\"_blank\" rel=\"noopener nofollow\"><strong><span style=\"color: #3366ff;\">@teatro.munivina<\/span><\/strong><\/a><\/span><\/p>","protected":false},"excerpt":{"rendered":"<p>Sonidos y movimiento en concierto, una presentaci\u00f3n que re\u00fane las c\u00e1tedras de m\u00fasica y danza del Conservatorio Izidor Handler, donde el sonido y el cuerpo se encuentran en escena para dar vida a una experiencia art\u00edstica llena de expresi\u00f3n y sensibilidad. Una invitaci\u00f3n a disfrutar del talento, la disciplina y la creatividad de sus estudiantes [&hellip;]<\/p>\n","protected":false},"author":2,"featured_media":0,"comment_status":"closed","ping_status":"closed","template":"","tags":[],"mec_category":[],"class_list":["post-23008","mec-events","type-mec-events","status-publish","hentry"],"acf":[],"_links":{"self":[{"href":"https:\/\/visitavina.munivina.cl\/br\/wp-json\/wp\/v2\/mec-events\/23008","targetHints":{"allow":["GET"]}}],"collection":[{"href":"https:\/\/visitavina.munivina.cl\/br\/wp-json\/wp\/v2\/mec-events"}],"about":[{"href":"https:\/\/visitavina.munivina.cl\/br\/wp-json\/wp\/v2\/types\/mec-events"}],"author":[{"embeddable":true,"href":"https:\/\/visitavina.munivina.cl\/br\/wp-json\/wp\/v2\/users\/2"}],"replies":[{"embeddable":true,"href":"https:\/\/visitavina.munivina.cl\/br\/wp-json\/wp\/v2\/comments?post=23008"}],"wp:attachment":[{"href":"https:\/\/visitavina.munivina.cl\/br\/wp-json\/wp\/v2\/media?parent=23008"}],"wp:term":[{"taxonomy":"post_tag","embeddable":true,"href":"https:\/\/visitavina.munivina.cl\/br\/wp-json\/wp\/v2\/tags?post=23008"},{"taxonomy":"mec_category","embeddable":true,"href":"https:\/\/visitavina.munivina.cl\/br\/wp-json\/wp\/v2\/mec_category?post=23008"}],"curies":[{"name":"wp","href":"https:\/\/api.w.org\/{rel}","templated":true}]}}

<p><span style="color: #000000;" data-sheets-root="1">Sonidos y movimiento en concierto, una presentación que reúne las cátedras de música y danza del Conservatorio Izidor Handler, donde el sonido y el cuerpo se encuentran en escena para dar vida a una experiencia artística llena de expresión y sensibilidad.<br />
Una invitación a disfrutar del talento, la disciplina y la creatividad de sus estudiantes en una función que celebra el arte en movimiento.</span></p>
<p><span data-sheets-root="1"><span style="color: #000000;">Inscripción y más información en Instagram | </span><a class="in-cell-link" href="https://www.instagram.com/stories/teatro.munivina" target="_blank" rel="noopener nofollow"><strong><span style="color: #3366ff;">@teatro.munivina</span></strong></a></span></p>

<p>Sonidos y movimiento en concierto, una presentación que reúne las cátedras de música y danza del Conservatorio Izidor Handler, donde el sonido y el cuerpo se encuentran en escena para dar vida a una experiencia artística llena de expresión y sensibilidad. Una invitación a disfrutar del talento, la disciplina y la creatividad de sus estudiantes [&hellip;]</p>
