{"id":23230,"date":"2026-02-25T16:24:52","date_gmt":"2026-02-25T19:24:52","guid":{"rendered":"https:\/\/visitavina.munivina.cl\/?post_type=mec-events&#038;p=23230"},"modified":"2026-02-25T16:24:52","modified_gmt":"2026-02-25T19:24:52","slug":"candlelight-tributo-a-hans-zimmer-2","status":"publish","type":"mec-events","link":"https:\/\/visitavina.munivina.cl\/br\/actividad\/candlelight-tributo-a-hans-zimmer-2\/","title":{"rendered":"Candlelight | Tributo a Hans Zimmer"},"content":{"rendered":"<p><span data-sheets-root=\"1\">Es un concierto orquestado con 60 artistas en escena, los cuales celebrar\u00e1n la obra de Hans Zimmer, aclamado y premiado compositor alem\u00e1n de algunas de las bandas sonoras m\u00e1s ic\u00f3nicas y memorables de la historia del cine. El espect\u00e1culo realizar\u00e1 un viaje por algunas de sus obras m\u00e1s destacadas y queridas por el p\u00fablico como: Inception, Gladiator, Dune, Interestelar, Batman: The Dark Knight, The Lion King y muchas m\u00e1s, todas ellas interpretadas por The Geek Orchestra, bajo la direcci\u00f3n del maestro Jos\u00e9 Aranda Riveros.<br \/>\nEl espect\u00e1culo audiovisual de 2 horas de duraci\u00f3n, contar\u00e1 con una gran pantalla LED, aunque no se mostrar\u00e1n escenas de las pel\u00edculas, la pantalla ser\u00e1 la protagonista junto a la m\u00fasica, transform\u00e1ndose en un lienzo din\u00e1mico creando un ambiente inmersivo y emocionante, donde junto a las bandas sonoras te sumergieran en una experiencia \u00fanica.<\/span><\/p>\n<p><span data-sheets-root=\"1\">Venta de entradas | <a class=\"in-cell-link\" href=\"https:\/\/feverup.com\/m\/355958\" target=\"_blank\" rel=\"noopener nofollow\">FEVER<\/a><\/span><br \/>\nM\u00e1s informaci\u00f3n en Instagram | @teatro.munivina<\/p>","protected":false},"excerpt":{"rendered":"<p>Es un concierto orquestado con 60 artistas en escena, los cuales celebrar\u00e1n la obra de Hans Zimmer, aclamado y premiado compositor alem\u00e1n de algunas de las bandas sonoras m\u00e1s ic\u00f3nicas y memorables de la historia del cine. El espect\u00e1culo realizar\u00e1 un viaje por algunas de sus obras m\u00e1s destacadas y queridas por el p\u00fablico como: [&hellip;]<\/p>\n","protected":false},"author":10,"featured_media":0,"comment_status":"closed","ping_status":"closed","template":"","tags":[],"mec_category":[],"class_list":["post-23230","mec-events","type-mec-events","status-publish","hentry"],"acf":[],"_links":{"self":[{"href":"https:\/\/visitavina.munivina.cl\/br\/wp-json\/wp\/v2\/mec-events\/23230","targetHints":{"allow":["GET"]}}],"collection":[{"href":"https:\/\/visitavina.munivina.cl\/br\/wp-json\/wp\/v2\/mec-events"}],"about":[{"href":"https:\/\/visitavina.munivina.cl\/br\/wp-json\/wp\/v2\/types\/mec-events"}],"author":[{"embeddable":true,"href":"https:\/\/visitavina.munivina.cl\/br\/wp-json\/wp\/v2\/users\/10"}],"replies":[{"embeddable":true,"href":"https:\/\/visitavina.munivina.cl\/br\/wp-json\/wp\/v2\/comments?post=23230"}],"wp:attachment":[{"href":"https:\/\/visitavina.munivina.cl\/br\/wp-json\/wp\/v2\/media?parent=23230"}],"wp:term":[{"taxonomy":"post_tag","embeddable":true,"href":"https:\/\/visitavina.munivina.cl\/br\/wp-json\/wp\/v2\/tags?post=23230"},{"taxonomy":"mec_category","embeddable":true,"href":"https:\/\/visitavina.munivina.cl\/br\/wp-json\/wp\/v2\/mec_category?post=23230"}],"curies":[{"name":"wp","href":"https:\/\/api.w.org\/{rel}","templated":true}]}}

<p><span data-sheets-root="1">Es un concierto orquestado con 60 artistas en escena, los cuales celebrarán la obra de Hans Zimmer, aclamado y premiado compositor alemán de algunas de las bandas sonoras más icónicas y memorables de la historia del cine. El espectáculo realizará un viaje por algunas de sus obras más destacadas y queridas por el público como: Inception, Gladiator, Dune, Interestelar, Batman: The Dark Knight, The Lion King y muchas más, todas ellas interpretadas por The Geek Orchestra, bajo la dirección del maestro José Aranda Riveros.<br />
El espectáculo audiovisual de 2 horas de duración, contará con una gran pantalla LED, aunque no se mostrarán escenas de las películas, la pantalla será la protagonista junto a la música, transformándose en un lienzo dinámico creando un ambiente inmersivo y emocionante, donde junto a las bandas sonoras te sumergieran en una experiencia única.</span></p>
<p><span data-sheets-root="1">Venta de entradas | <a class="in-cell-link" href="https://feverup.com/m/355958" target="_blank" rel="noopener nofollow">FEVER</a></span><br />
Más información en Instagram | @teatro.munivina</p>

<p>Es un concierto orquestado con 60 artistas en escena, los cuales celebrarán la obra de Hans Zimmer, aclamado y premiado compositor alemán de algunas de las bandas sonoras más icónicas y memorables de la historia del cine. El espectáculo realizará un viaje por algunas de sus obras más destacadas y queridas por el público como: [&hellip;]</p>
