{"id":23657,"date":"2026-03-16T09:13:18","date_gmt":"2026-03-16T12:13:18","guid":{"rendered":"https:\/\/visitavina.munivina.cl\/?post_type=mec-events&#038;p=23657"},"modified":"2026-03-16T09:13:18","modified_gmt":"2026-03-16T12:13:18","slug":"humor-kramer-en-vivo","status":"publish","type":"mec-events","link":"https:\/\/visitavina.munivina.cl\/br\/actividad\/humor-kramer-en-vivo\/","title":{"rendered":"Humor | Kramer en vivo"},"content":{"rendered":"<p><span data-sheets-root=\"1\">Una noche \u00fanica con Stefan Kramer, el maestro de las imitaciones, en un formato m\u00e1s cercano, personal y lleno de sorpresas.<br \/>\nHumor, emoci\u00f3n y talento en un espect\u00e1culo donde el protagonista no solo hace re\u00edr, tambi\u00e9n conmueve y asombra con su versatilidad.<\/span><\/p>\n<p><span data-sheets-root=\"1\">M\u00e1s informaci\u00f3n en Instagram | <a class=\"in-cell-link\" href=\"https:\/\/www.instagram.com\/stories\/teatro.munivina\" target=\"_blank\" rel=\"noopener nofollow\">@teatro.munivina<\/a><\/span><br \/>\n<span data-sheets-root=\"1\">Venta de entradas | <a class=\"in-cell-link\" href=\"https:\/\/www.ticketpro.cl\/evento\/4453\/kramer-en-vivo--vina-del-mar\" target=\"_blank\" rel=\"noopener nofollow\">TICKETPRO<\/a><\/span><\/p>","protected":false},"excerpt":{"rendered":"<p>Una noche \u00fanica con Stefan Kramer, el maestro de las imitaciones, en un formato m\u00e1s cercano, personal y lleno de sorpresas. Humor, emoci\u00f3n y talento en un espect\u00e1culo donde el protagonista no solo hace re\u00edr, tambi\u00e9n conmueve y asombra con su versatilidad. M\u00e1s informaci\u00f3n en Instagram | @teatro.munivina Venta de entradas | TICKETPRO<\/p>","protected":false},"author":10,"featured_media":0,"comment_status":"closed","ping_status":"closed","template":"","tags":[],"mec_category":[],"class_list":["post-23657","mec-events","type-mec-events","status-publish","hentry"],"acf":[],"_links":{"self":[{"href":"https:\/\/visitavina.munivina.cl\/br\/wp-json\/wp\/v2\/mec-events\/23657","targetHints":{"allow":["GET"]}}],"collection":[{"href":"https:\/\/visitavina.munivina.cl\/br\/wp-json\/wp\/v2\/mec-events"}],"about":[{"href":"https:\/\/visitavina.munivina.cl\/br\/wp-json\/wp\/v2\/types\/mec-events"}],"author":[{"embeddable":true,"href":"https:\/\/visitavina.munivina.cl\/br\/wp-json\/wp\/v2\/users\/10"}],"replies":[{"embeddable":true,"href":"https:\/\/visitavina.munivina.cl\/br\/wp-json\/wp\/v2\/comments?post=23657"}],"wp:attachment":[{"href":"https:\/\/visitavina.munivina.cl\/br\/wp-json\/wp\/v2\/media?parent=23657"}],"wp:term":[{"taxonomy":"post_tag","embeddable":true,"href":"https:\/\/visitavina.munivina.cl\/br\/wp-json\/wp\/v2\/tags?post=23657"},{"taxonomy":"mec_category","embeddable":true,"href":"https:\/\/visitavina.munivina.cl\/br\/wp-json\/wp\/v2\/mec_category?post=23657"}],"curies":[{"name":"wp","href":"https:\/\/api.w.org\/{rel}","templated":true}]}}

<p><span data-sheets-root="1">Una noche única con Stefan Kramer, el maestro de las imitaciones, en un formato más cercano, personal y lleno de sorpresas.<br />
Humor, emoción y talento en un espectáculo donde el protagonista no solo hace reír, también conmueve y asombra con su versatilidad.</span></p>
<p><span data-sheets-root="1">Más información en Instagram | <a class="in-cell-link" href="https://www.instagram.com/stories/teatro.munivina" target="_blank" rel="noopener nofollow">@teatro.munivina</a></span><br />
<span data-sheets-root="1">Venta de entradas | <a class="in-cell-link" href="https://www.ticketpro.cl/evento/4453/kramer-en-vivo--vina-del-mar" target="_blank" rel="noopener nofollow">TICKETPRO</a></span></p>

<p>Una noche única con Stefan Kramer, el maestro de las imitaciones, en un formato más cercano, personal y lleno de sorpresas. Humor, emoción y talento en un espectáculo donde el protagonista no solo hace reír, también conmueve y asombra con su versatilidad. Más información en Instagram | @teatro.munivina Venta de entradas | TICKETPRO</p>
