{"id":23671,"date":"2026-03-16T15:43:36","date_gmt":"2026-03-16T18:43:36","guid":{"rendered":"https:\/\/visitavina.munivina.cl\/?post_type=mec-events&#038;p=23671"},"modified":"2026-03-16T15:43:36","modified_gmt":"2026-03-16T18:43:36","slug":"teatro-no-me-nombren-a-mi-sola-fantasias-para-el-encuentro-de-gabriela-y-doris","status":"publish","type":"mec-events","link":"https:\/\/visitavina.munivina.cl\/br\/actividad\/teatro-no-me-nombren-a-mi-sola-fantasias-para-el-encuentro-de-gabriela-y-doris\/","title":{"rendered":"Teatro | \u201cNo me nombren a mi sola; fantas\u00edas para el encuentro de Gabriela y Doris\u201d"},"content":{"rendered":"<p><span data-sheets-root=\"1\">En el marco de la conmemoraci\u00f3n del Mes de la Mujer, presentamos \u201cNo me nombren a mi sola; fantas\u00edas para el encuentro de Gabriela y Doris\u201d, una obra interdisciplinar codirigida por Bhavani Kali y Pascuala Ilabaca.<br \/>\nLa propuesta entrelaza poes\u00eda, danza, m\u00fasica y teatro en vivo para imaginar un encuentro entre Gabriela Mistral y Doris Dana, en un recorrido esc\u00e9nico sensible interpretado por 16 artistas en escena.<br \/>\nLes invitamos a vivir esta fant\u00e1stica obra, donde distintas disciplinas dialogan para crear un encuentro lleno de poes\u00eda, m\u00fasica y movimiento.<\/span><\/p>\n<p>A entrada \u00e9 gratuita.<br \/>\n<span data-sheets-root=\"1\">Inscripci\u00f3n y m\u00e1s informaci\u00f3n en Instagram | <a class=\"in-cell-link\" href=\"https:\/\/www.instagram.com\/teatro.munivina\" target=\"_blank\" rel=\"noopener nofollow\">@teatro.munivina<\/a><\/span><\/p>","protected":false},"excerpt":{"rendered":"<p>En el marco de la conmemoraci\u00f3n del Mes de la Mujer, presentamos \u201cNo me nombren a mi sola; fantas\u00edas para el encuentro de Gabriela y Doris\u201d, una obra interdisciplinar codirigida por Bhavani Kali y Pascuala Ilabaca. La propuesta entrelaza poes\u00eda, danza, m\u00fasica y teatro en vivo para imaginar un encuentro entre Gabriela Mistral y Doris [&hellip;]<\/p>\n","protected":false},"author":10,"featured_media":0,"comment_status":"closed","ping_status":"closed","template":"","tags":[],"mec_category":[],"class_list":["post-23671","mec-events","type-mec-events","status-publish","hentry"],"acf":[],"_links":{"self":[{"href":"https:\/\/visitavina.munivina.cl\/br\/wp-json\/wp\/v2\/mec-events\/23671","targetHints":{"allow":["GET"]}}],"collection":[{"href":"https:\/\/visitavina.munivina.cl\/br\/wp-json\/wp\/v2\/mec-events"}],"about":[{"href":"https:\/\/visitavina.munivina.cl\/br\/wp-json\/wp\/v2\/types\/mec-events"}],"author":[{"embeddable":true,"href":"https:\/\/visitavina.munivina.cl\/br\/wp-json\/wp\/v2\/users\/10"}],"replies":[{"embeddable":true,"href":"https:\/\/visitavina.munivina.cl\/br\/wp-json\/wp\/v2\/comments?post=23671"}],"wp:attachment":[{"href":"https:\/\/visitavina.munivina.cl\/br\/wp-json\/wp\/v2\/media?parent=23671"}],"wp:term":[{"taxonomy":"post_tag","embeddable":true,"href":"https:\/\/visitavina.munivina.cl\/br\/wp-json\/wp\/v2\/tags?post=23671"},{"taxonomy":"mec_category","embeddable":true,"href":"https:\/\/visitavina.munivina.cl\/br\/wp-json\/wp\/v2\/mec_category?post=23671"}],"curies":[{"name":"wp","href":"https:\/\/api.w.org\/{rel}","templated":true}]}}

Teatro | “No me nombren a mi sola; fantasías para el encuentro de Gabriela y Doris”

<p><span data-sheets-root="1">En el marco de la conmemoración del Mes de la Mujer, presentamos “No me nombren a mi sola; fantasías para el encuentro de Gabriela y Doris”, una obra interdisciplinar codirigida por Bhavani Kali y Pascuala Ilabaca.<br />
La propuesta entrelaza poesía, danza, música y teatro en vivo para imaginar un encuentro entre Gabriela Mistral y Doris Dana, en un recorrido escénico sensible interpretado por 16 artistas en escena.<br />
Les invitamos a vivir esta fantástica obra, donde distintas disciplinas dialogan para crear un encuentro lleno de poesía, música y movimiento.</span></p>
<p>A entrada é gratuita.<br />
<span data-sheets-root="1">Inscripción y más información en Instagram | <a class="in-cell-link" href="https://www.instagram.com/teatro.munivina" target="_blank" rel="noopener nofollow">@teatro.munivina</a></span></p>

<p>En el marco de la conmemoración del Mes de la Mujer, presentamos “No me nombren a mi sola; fantasías para el encuentro de Gabriela y Doris”, una obra interdisciplinar codirigida por Bhavani Kali y Pascuala Ilabaca. La propuesta entrelaza poesía, danza, música y teatro en vivo para imaginar un encuentro entre Gabriela Mistral y Doris [&hellip;]</p>
