{"id":23725,"date":"2026-03-18T09:21:36","date_gmt":"2026-03-18T12:21:36","guid":{"rendered":"https:\/\/visitavina.munivina.cl\/?post_type=mec-events&#038;p=23725"},"modified":"2026-03-18T09:21:36","modified_gmt":"2026-03-18T12:21:36","slug":"teatro-obra-tres-marias-y-una-rosa","status":"publish","type":"mec-events","link":"https:\/\/visitavina.munivina.cl\/br\/actividad\/teatro-obra-tres-marias-y-una-rosa\/","title":{"rendered":"Teatro | Obra Tres Mar\u00edas y una rosa"},"content":{"rendered":"<p><span data-sheets-root=\"1\">En el marco del Mes de la Mujer, la PUCV invita a la presentaci\u00f3n de la obra Tres Mar\u00edas y una rosa<br \/>\nLa obra, dirigida por Loreto Valenzuela, es una historia que rescata la fuerza, la creatividad y la solidaridad de mujeres que, en tiempos de adversidad, encontraron en lo colectivo una forma de resistencia.<br \/>\nAc\u00e1 potenciamos el arte como un puente para la reflexi\u00f3n social.<\/span><\/p>\n<p>Organizado por<br \/>\nVicerrector\u00eda de vinculaci\u00f3n con el medio PUCV<br \/>\nDirecci\u00f3n de Vinculaci\u00f3n Art\u00edstico Cultural<br \/>\nColabora<br \/>\nVicerrector\u00eda acad\u00e9mica PUCV<br \/>\nDirecci\u00f3n de Equidad de G\u00e9nero<\/p>\n<p><span data-sheets-root=\"1\">Inscripci\u00f3n y m\u00e1s informaci\u00f3n en Instagram | <a class=\"in-cell-link\" href=\"https:\/\/www.instagram.com\/teatro.munivina\" target=\"_blank\" rel=\"noopener nofollow\">@teatro.munivina<\/a><\/span><\/p>","protected":false},"excerpt":{"rendered":"<p>En el marco del Mes de la Mujer, la PUCV invita a la presentaci\u00f3n de la obra Tres Mar\u00edas y una rosa La obra, dirigida por Loreto Valenzuela, es una historia que rescata la fuerza, la creatividad y la solidaridad de mujeres que, en tiempos de adversidad, encontraron en lo colectivo una forma de resistencia. [&hellip;]<\/p>\n","protected":false},"author":10,"featured_media":0,"comment_status":"closed","ping_status":"closed","template":"","tags":[],"mec_category":[],"class_list":["post-23725","mec-events","type-mec-events","status-publish","hentry"],"acf":[],"_links":{"self":[{"href":"https:\/\/visitavina.munivina.cl\/br\/wp-json\/wp\/v2\/mec-events\/23725","targetHints":{"allow":["GET"]}}],"collection":[{"href":"https:\/\/visitavina.munivina.cl\/br\/wp-json\/wp\/v2\/mec-events"}],"about":[{"href":"https:\/\/visitavina.munivina.cl\/br\/wp-json\/wp\/v2\/types\/mec-events"}],"author":[{"embeddable":true,"href":"https:\/\/visitavina.munivina.cl\/br\/wp-json\/wp\/v2\/users\/10"}],"replies":[{"embeddable":true,"href":"https:\/\/visitavina.munivina.cl\/br\/wp-json\/wp\/v2\/comments?post=23725"}],"wp:attachment":[{"href":"https:\/\/visitavina.munivina.cl\/br\/wp-json\/wp\/v2\/media?parent=23725"}],"wp:term":[{"taxonomy":"post_tag","embeddable":true,"href":"https:\/\/visitavina.munivina.cl\/br\/wp-json\/wp\/v2\/tags?post=23725"},{"taxonomy":"mec_category","embeddable":true,"href":"https:\/\/visitavina.munivina.cl\/br\/wp-json\/wp\/v2\/mec_category?post=23725"}],"curies":[{"name":"wp","href":"https:\/\/api.w.org\/{rel}","templated":true}]}}

Teatro | Obra Tres Marías y una rosa

<p><span data-sheets-root="1">En el marco del Mes de la Mujer, la PUCV invita a la presentación de la obra Tres Marías y una rosa<br />
La obra, dirigida por Loreto Valenzuela, es una historia que rescata la fuerza, la creatividad y la solidaridad de mujeres que, en tiempos de adversidad, encontraron en lo colectivo una forma de resistencia.<br />
Acá potenciamos el arte como un puente para la reflexión social.</span></p>
<p>Organizado por<br />
Vicerrectoría de vinculación con el medio PUCV<br />
Dirección de Vinculación Artístico Cultural<br />
Colabora<br />
Vicerrectoría académica PUCV<br />
Dirección de Equidad de Género</p>
<p><span data-sheets-root="1">Inscripción y más información en Instagram | <a class="in-cell-link" href="https://www.instagram.com/teatro.munivina" target="_blank" rel="noopener nofollow">@teatro.munivina</a></span></p>

<p>En el marco del Mes de la Mujer, la PUCV invita a la presentación de la obra Tres Marías y una rosa La obra, dirigida por Loreto Valenzuela, es una historia que rescata la fuerza, la creatividad y la solidaridad de mujeres que, en tiempos de adversidad, encontraron en lo colectivo una forma de resistencia. [&hellip;]</p>
