{"id":23760,"date":"2026-03-27T11:46:10","date_gmt":"2026-03-27T14:46:10","guid":{"rendered":"https:\/\/visitavina.munivina.cl\/?post_type=mec-events&#038;p=23760"},"modified":"2026-03-27T15:21:51","modified_gmt":"2026-03-27T18:21:51","slug":"ciclo-de-cine-de-autor-jean-renoir-2","status":"publish","type":"mec-events","link":"https:\/\/visitavina.munivina.cl\/br\/actividad\/ciclo-de-cine-de-autor-jean-renoir-2\/","title":{"rendered":"Ciclo de Cine de Autor | Jean Renoir"},"content":{"rendered":"<p><span data-sheets-root=\"1\"><strong>Pel\u00edcula: La Marsellesa (1938)<\/strong><br \/>\nLa Marsellesa es una pel\u00edcula francesa de 1938, dirigida por Jean Renoir<br \/>\nSinopsis: Ofrece un amplio panorama pol\u00edtico, social y militar de la Revoluci\u00f3n Francesa hasta el oto\u00f1o de 1792.<br \/>\nElenco: Pierre Renoirr, Lise Delamare, Elisa Ruis, Marie Pierre Sordet-Dantes, entre otros.<br \/>\nActividad gratuita. Sala Alado Francia<br \/>\nEvento por orden de llegada hasta completar el aforo<\/span><br \/>\n<span data-sheets-root=\"1\">M\u00e1s informaci\u00f3n en Instagram | <a class=\"in-cell-link\" href=\"https:\/\/www.instagram.com\/museopalaciorioja\" target=\"_blank\" rel=\"noopener nofollow\">@museopalaciorioja<\/a><\/span><\/p>","protected":false},"excerpt":{"rendered":"<p>Pel\u00edcula: La Marsellesa (1938) La Marsellesa es una pel\u00edcula francesa de 1938, dirigida por Jean Renoir Sinopsis: Ofrece un amplio panorama pol\u00edtico, social y militar de la Revoluci\u00f3n Francesa hasta el oto\u00f1o de 1792. Elenco: Pierre Renoirr, Lise Delamare, Elisa Ruis, Marie Pierre Sordet-Dantes, entre otros. Actividad gratuita. Sala Alado Francia Evento por orden de [&hellip;]<\/p>\n","protected":false},"author":10,"featured_media":0,"comment_status":"closed","ping_status":"closed","template":"","tags":[],"mec_category":[],"class_list":["post-23760","mec-events","type-mec-events","status-publish","hentry"],"acf":[],"_links":{"self":[{"href":"https:\/\/visitavina.munivina.cl\/br\/wp-json\/wp\/v2\/mec-events\/23760","targetHints":{"allow":["GET"]}}],"collection":[{"href":"https:\/\/visitavina.munivina.cl\/br\/wp-json\/wp\/v2\/mec-events"}],"about":[{"href":"https:\/\/visitavina.munivina.cl\/br\/wp-json\/wp\/v2\/types\/mec-events"}],"author":[{"embeddable":true,"href":"https:\/\/visitavina.munivina.cl\/br\/wp-json\/wp\/v2\/users\/10"}],"replies":[{"embeddable":true,"href":"https:\/\/visitavina.munivina.cl\/br\/wp-json\/wp\/v2\/comments?post=23760"}],"wp:attachment":[{"href":"https:\/\/visitavina.munivina.cl\/br\/wp-json\/wp\/v2\/media?parent=23760"}],"wp:term":[{"taxonomy":"post_tag","embeddable":true,"href":"https:\/\/visitavina.munivina.cl\/br\/wp-json\/wp\/v2\/tags?post=23760"},{"taxonomy":"mec_category","embeddable":true,"href":"https:\/\/visitavina.munivina.cl\/br\/wp-json\/wp\/v2\/mec_category?post=23760"}],"curies":[{"name":"wp","href":"https:\/\/api.w.org\/{rel}","templated":true}]}}

<p><span data-sheets-root="1"><strong>Película: La Marsellesa (1938)</strong><br />
La Marsellesa es una película francesa de 1938, dirigida por Jean Renoir<br />
Sinopsis: Ofrece un amplio panorama político, social y militar de la Revolución Francesa hasta el otoño de 1792.<br />
Elenco: Pierre Renoirr, Lise Delamare, Elisa Ruis, Marie Pierre Sordet-Dantes, entre otros.<br />
Actividad gratuita. Sala Alado Francia<br />
Evento por orden de llegada hasta completar el aforo</span><br />
<span data-sheets-root="1">Más información en Instagram | <a class="in-cell-link" href="https://www.instagram.com/museopalaciorioja" target="_blank" rel="noopener nofollow">@museopalaciorioja</a></span></p>

<p>Película: La Marsellesa (1938) La Marsellesa es una película francesa de 1938, dirigida por Jean Renoir Sinopsis: Ofrece un amplio panorama político, social y militar de la Revolución Francesa hasta el otoño de 1792. Elenco: Pierre Renoirr, Lise Delamare, Elisa Ruis, Marie Pierre Sordet-Dantes, entre otros. Actividad gratuita. Sala Alado Francia Evento por orden de [&hellip;]</p>
