{"id":23782,"date":"2026-03-30T10:46:07","date_gmt":"2026-03-30T13:46:07","guid":{"rendered":"https:\/\/visitavina.munivina.cl\/?post_type=mec-events&#038;p=23782"},"modified":"2026-03-30T10:48:10","modified_gmt":"2026-03-30T13:48:10","slug":"concierto-concierto-de-resurreccion","status":"publish","type":"mec-events","link":"https:\/\/visitavina.munivina.cl\/br\/actividad\/concierto-concierto-de-resurreccion\/","title":{"rendered":"Concierto | Concierto de Resurrecci\u00f3n"},"content":{"rendered":"<p><span data-sheets-root=\"1\">Vive una experiencia musical \u00fanica junto a la Orquesta y el Coro de C\u00e1mara PUCV, en un repertorio que recorre algunas de las obras m\u00e1s emblem\u00e1ticas de la m\u00fasica sacra.<br \/>\nBajo la direcci\u00f3n de Jes\u00fas Rodr\u00edguez Rubio (Orquesta) y Manuel Suazo Pavez (Coro), el programa contempla piezas de grandes compositores como:<br \/>\nAnton Bruckner, Arcangelo Corelli,<br \/>\nAntonio Vivaldi, Mozart y H\u00e4ndel.<br \/>\nUna invitaci\u00f3n a encontrarnos a trav\u00e9s de la m\u00fasica en una fecha llena de significado.<\/span><\/p>\n<p><span data-sheets-root=\"1\">Inscripci\u00f3n y m\u00e1s informaci\u00f3n en Instagram | <a class=\"in-cell-link\" href=\"https:\/\/www.instagram.com\/cultura.pucv\/\" target=\"_blank\" rel=\"noopener nofollow\">@cultura.pucv<\/a> <\/span><\/p>","protected":false},"excerpt":{"rendered":"<p>Vive una experiencia musical \u00fanica junto a la Orquesta y el Coro de C\u00e1mara PUCV, en un repertorio que recorre algunas de las obras m\u00e1s emblem\u00e1ticas de la m\u00fasica sacra. Bajo la direcci\u00f3n de Jes\u00fas Rodr\u00edguez Rubio (Orquesta) y Manuel Suazo Pavez (Coro), el programa contempla piezas de grandes compositores como: Anton Bruckner, Arcangelo Corelli, [&hellip;]<\/p>\n","protected":false},"author":10,"featured_media":0,"comment_status":"closed","ping_status":"closed","template":"","tags":[],"mec_category":[],"class_list":["post-23782","mec-events","type-mec-events","status-publish","hentry"],"acf":[],"_links":{"self":[{"href":"https:\/\/visitavina.munivina.cl\/br\/wp-json\/wp\/v2\/mec-events\/23782","targetHints":{"allow":["GET"]}}],"collection":[{"href":"https:\/\/visitavina.munivina.cl\/br\/wp-json\/wp\/v2\/mec-events"}],"about":[{"href":"https:\/\/visitavina.munivina.cl\/br\/wp-json\/wp\/v2\/types\/mec-events"}],"author":[{"embeddable":true,"href":"https:\/\/visitavina.munivina.cl\/br\/wp-json\/wp\/v2\/users\/10"}],"replies":[{"embeddable":true,"href":"https:\/\/visitavina.munivina.cl\/br\/wp-json\/wp\/v2\/comments?post=23782"}],"wp:attachment":[{"href":"https:\/\/visitavina.munivina.cl\/br\/wp-json\/wp\/v2\/media?parent=23782"}],"wp:term":[{"taxonomy":"post_tag","embeddable":true,"href":"https:\/\/visitavina.munivina.cl\/br\/wp-json\/wp\/v2\/tags?post=23782"},{"taxonomy":"mec_category","embeddable":true,"href":"https:\/\/visitavina.munivina.cl\/br\/wp-json\/wp\/v2\/mec_category?post=23782"}],"curies":[{"name":"wp","href":"https:\/\/api.w.org\/{rel}","templated":true}]}}

Concierto | Concierto de Resurrección

<p><span data-sheets-root="1">Vive una experiencia musical única junto a la Orquesta y el Coro de Cámara PUCV, en un repertorio que recorre algunas de las obras más emblemáticas de la música sacra.<br />
Bajo la dirección de Jesús Rodríguez Rubio (Orquesta) y Manuel Suazo Pavez (Coro), el programa contempla piezas de grandes compositores como:<br />
Anton Bruckner, Arcangelo Corelli,<br />
Antonio Vivaldi, Mozart y Händel.<br />
Una invitación a encontrarnos a través de la música en una fecha llena de significado.</span></p>
<p><span data-sheets-root="1">Inscripción y más información en Instagram | <a class="in-cell-link" href="https://www.instagram.com/cultura.pucv/" target="_blank" rel="noopener nofollow">@cultura.pucv</a> </span></p>

<p>Vive una experiencia musical única junto a la Orquesta y el Coro de Cámara PUCV, en un repertorio que recorre algunas de las obras más emblemáticas de la música sacra. Bajo la dirección de Jesús Rodríguez Rubio (Orquesta) y Manuel Suazo Pavez (Coro), el programa contempla piezas de grandes compositores como: Anton Bruckner, Arcangelo Corelli, [&hellip;]</p>
