{"id":23902,"date":"2026-04-20T10:51:56","date_gmt":"2026-04-20T14:51:56","guid":{"rendered":"https:\/\/visitavina.munivina.cl\/?post_type=mec-events&#038;p=23902"},"modified":"2026-04-20T10:51:56","modified_gmt":"2026-04-20T14:51:56","slug":"stand-up-sergio-freire","status":"publish","type":"mec-events","link":"https:\/\/visitavina.munivina.cl\/br\/actividad\/stand-up-sergio-freire\/","title":{"rendered":"Stand up | Sergio Freire"},"content":{"rendered":"<p><span data-sheets-root=\"1\">Sergio Freire nos trae su nuevo show de stand up donde trata sobre sus problemas recientes medi\u00e1ticos y adem\u00e1s realiza una cr\u00edtica mordaz a la sociedad chilena, mezclando humor y reflexi\u00f3n con una perspectiva muy propia y desafiante. Sin duda, es un espect\u00e1culo que no deja indiferente a nadie, y que muestra la capacidad del comediante para re\u00edrse de s\u00ed mismo mientras ofrece una mirada aguda sobre la realidad del pa\u00eds.<\/span><\/p>\n<p><span data-sheets-root=\"1\">M\u00e1s informaci\u00f3n en Instagram | <a class=\"in-cell-link\" href=\"https:\/\/www.instagram.com\/barbonescomedy\/\" target=\"_blank\" rel=\"noopener nofollow\">@barbonescomedy<\/a><\/span><br \/>\n<span data-sheets-root=\"1\">Venta de entradas | <a class=\"in-cell-link\" href=\"https:\/\/comediaticket.cl\/details\/events_details\/sergio-freire-en-vina-del-mar_zgqm3\" target=\"_blank\" rel=\"noopener nofollow\">COMEDIATICKET\u00a0<\/a><\/span><\/p>\n<p>&nbsp;<\/p>","protected":false},"excerpt":{"rendered":"<p>Sergio Freire nos trae su nuevo show de stand up donde trata sobre sus problemas recientes medi\u00e1ticos y adem\u00e1s realiza una cr\u00edtica mordaz a la sociedad chilena, mezclando humor y reflexi\u00f3n con una perspectiva muy propia y desafiante. Sin duda, es un espect\u00e1culo que no deja indiferente a nadie, y que muestra la capacidad del [&hellip;]<\/p>\n","protected":false},"author":10,"featured_media":0,"comment_status":"closed","ping_status":"closed","template":"","tags":[],"mec_category":[],"class_list":["post-23902","mec-events","type-mec-events","status-publish","hentry"],"acf":[],"_links":{"self":[{"href":"https:\/\/visitavina.munivina.cl\/br\/wp-json\/wp\/v2\/mec-events\/23902","targetHints":{"allow":["GET"]}}],"collection":[{"href":"https:\/\/visitavina.munivina.cl\/br\/wp-json\/wp\/v2\/mec-events"}],"about":[{"href":"https:\/\/visitavina.munivina.cl\/br\/wp-json\/wp\/v2\/types\/mec-events"}],"author":[{"embeddable":true,"href":"https:\/\/visitavina.munivina.cl\/br\/wp-json\/wp\/v2\/users\/10"}],"replies":[{"embeddable":true,"href":"https:\/\/visitavina.munivina.cl\/br\/wp-json\/wp\/v2\/comments?post=23902"}],"wp:attachment":[{"href":"https:\/\/visitavina.munivina.cl\/br\/wp-json\/wp\/v2\/media?parent=23902"}],"wp:term":[{"taxonomy":"post_tag","embeddable":true,"href":"https:\/\/visitavina.munivina.cl\/br\/wp-json\/wp\/v2\/tags?post=23902"},{"taxonomy":"mec_category","embeddable":true,"href":"https:\/\/visitavina.munivina.cl\/br\/wp-json\/wp\/v2\/mec_category?post=23902"}],"curies":[{"name":"wp","href":"https:\/\/api.w.org\/{rel}","templated":true}]}}

<p><span data-sheets-root="1">Sergio Freire nos trae su nuevo show de stand up donde trata sobre sus problemas recientes mediáticos y además realiza una crítica mordaz a la sociedad chilena, mezclando humor y reflexión con una perspectiva muy propia y desafiante. Sin duda, es un espectáculo que no deja indiferente a nadie, y que muestra la capacidad del comediante para reírse de sí mismo mientras ofrece una mirada aguda sobre la realidad del país.</span></p>
<p><span data-sheets-root="1">Más información en Instagram | <a class="in-cell-link" href="https://www.instagram.com/barbonescomedy/" target="_blank" rel="noopener nofollow">@barbonescomedy</a></span><br />
<span data-sheets-root="1">Venta de entradas | <a class="in-cell-link" href="https://comediaticket.cl/details/events_details/sergio-freire-en-vina-del-mar_zgqm3" target="_blank" rel="noopener nofollow">COMEDIATICKET </a></span></p>
<p>&nbsp;</p>

<p>Sergio Freire nos trae su nuevo show de stand up donde trata sobre sus problemas recientes mediáticos y además realiza una crítica mordaz a la sociedad chilena, mezclando humor y reflexión con una perspectiva muy propia y desafiante. Sin duda, es un espectáculo que no deja indiferente a nadie, y que muestra la capacidad del [&hellip;]</p>
