{"id":23939,"date":"2026-04-27T09:30:58","date_gmt":"2026-04-27T13:30:58","guid":{"rendered":"https:\/\/visitavina.munivina.cl\/?post_type=mec-events&#038;p=23939"},"modified":"2026-04-27T09:30:58","modified_gmt":"2026-04-27T13:30:58","slug":"ballet-alicia-en-el-pais-de-las-maravillas","status":"publish","type":"mec-events","link":"https:\/\/visitavina.munivina.cl\/br\/actividad\/ballet-alicia-en-el-pais-de-las-maravillas\/","title":{"rendered":"Ballet | Alicia en el pa\u00eds de las maravillas"},"content":{"rendered":"<p><span data-sheets-root=\"1\">El Ballet Teatro Nescaf\u00e9 de las Artes trae Alicia en el pa\u00eds de las maravillas<br \/>\nCon debut en 2018, m\u00e1s segunda temporada en 2019, esta ovacionada versi\u00f3n de nuestra compa\u00f1\u00eda residente de danza cl\u00e1sica, con direcci\u00f3n (y coreograf\u00eda original) de la ex bailarina estrella, la maestra Sara Nieto, presentar\u00e1 (tras seis meses de ensayos hasta el nuevo reestreno) a m\u00e1s de 35 bailarines profesionales de diferentes nacionalidades para desplegar un ballet totalmente m\u00e1gico gracias a una inmersiva puesta en escena con pantallas led a cargo del destacado escen\u00f3grafo Germ\u00e1n Droghetti (primera creaci\u00f3n del artista con esta tecnolog\u00eda, e innovadora para el g\u00e9nero tanto en Chile como en Europa).<br \/>\nMayores de 5 a\u00f1os.<\/span><\/p>\n<p><span data-sheets-root=\"1\">M\u00e1s informaci\u00f3n en Instagram | <a class=\"in-cell-link\" href=\"https:\/\/www.instagram.com\/teatro.munivina\" target=\"_blank\" rel=\"noopener nofollow\">@teatro.munivina<\/a><\/span><br \/>\n<span data-sheets-root=\"1\">Venta de entradas | <a class=\"in-cell-link\" href=\"https:\/\/www.ticketmaster.cl\/event\/alicia-en-el-pais-de-las-maravillas-teatro-municipal-de-vina-del-mar\" target=\"_blank\" rel=\"noopener nofollow\">TICKETMASTER<\/a><\/span><\/p>","protected":false},"excerpt":{"rendered":"<p>El Ballet Teatro Nescaf\u00e9 de las Artes trae Alicia en el pa\u00eds de las maravillas Con debut en 2018, m\u00e1s segunda temporada en 2019, esta ovacionada versi\u00f3n de nuestra compa\u00f1\u00eda residente de danza cl\u00e1sica, con direcci\u00f3n (y coreograf\u00eda original) de la ex bailarina estrella, la maestra Sara Nieto, presentar\u00e1 (tras seis meses de ensayos hasta [&hellip;]<\/p>\n","protected":false},"author":10,"featured_media":0,"comment_status":"closed","ping_status":"closed","template":"","tags":[],"mec_category":[],"class_list":["post-23939","mec-events","type-mec-events","status-publish","hentry"],"acf":[],"_links":{"self":[{"href":"https:\/\/visitavina.munivina.cl\/br\/wp-json\/wp\/v2\/mec-events\/23939","targetHints":{"allow":["GET"]}}],"collection":[{"href":"https:\/\/visitavina.munivina.cl\/br\/wp-json\/wp\/v2\/mec-events"}],"about":[{"href":"https:\/\/visitavina.munivina.cl\/br\/wp-json\/wp\/v2\/types\/mec-events"}],"author":[{"embeddable":true,"href":"https:\/\/visitavina.munivina.cl\/br\/wp-json\/wp\/v2\/users\/10"}],"replies":[{"embeddable":true,"href":"https:\/\/visitavina.munivina.cl\/br\/wp-json\/wp\/v2\/comments?post=23939"}],"wp:attachment":[{"href":"https:\/\/visitavina.munivina.cl\/br\/wp-json\/wp\/v2\/media?parent=23939"}],"wp:term":[{"taxonomy":"post_tag","embeddable":true,"href":"https:\/\/visitavina.munivina.cl\/br\/wp-json\/wp\/v2\/tags?post=23939"},{"taxonomy":"mec_category","embeddable":true,"href":"https:\/\/visitavina.munivina.cl\/br\/wp-json\/wp\/v2\/mec_category?post=23939"}],"curies":[{"name":"wp","href":"https:\/\/api.w.org\/{rel}","templated":true}]}}

Ballet | Alicia en el país de las maravillas

<p><span data-sheets-root="1">El Ballet Teatro Nescafé de las Artes trae Alicia en el país de las maravillas<br />
Con debut en 2018, más segunda temporada en 2019, esta ovacionada versión de nuestra compañía residente de danza clásica, con dirección (y coreografía original) de la ex bailarina estrella, la maestra Sara Nieto, presentará (tras seis meses de ensayos hasta el nuevo reestreno) a más de 35 bailarines profesionales de diferentes nacionalidades para desplegar un ballet totalmente mágico gracias a una inmersiva puesta en escena con pantallas led a cargo del destacado escenógrafo Germán Droghetti (primera creación del artista con esta tecnología, e innovadora para el género tanto en Chile como en Europa).<br />
Mayores de 5 años.</span></p>
<p><span data-sheets-root="1">Más información en Instagram | <a class="in-cell-link" href="https://www.instagram.com/teatro.munivina" target="_blank" rel="noopener nofollow">@teatro.munivina</a></span><br />
<span data-sheets-root="1">Venta de entradas | <a class="in-cell-link" href="https://www.ticketmaster.cl/event/alicia-en-el-pais-de-las-maravillas-teatro-municipal-de-vina-del-mar" target="_blank" rel="noopener nofollow">TICKETMASTER</a></span></p>

<p>El Ballet Teatro Nescafé de las Artes trae Alicia en el país de las maravillas Con debut en 2018, más segunda temporada en 2019, esta ovacionada versión de nuestra compañía residente de danza clásica, con dirección (y coreografía original) de la ex bailarina estrella, la maestra Sara Nieto, presentará (tras seis meses de ensayos hasta [&hellip;]</p>
