{"id":24688,"date":"2026-09-01T11:31:24","date_gmt":"2026-09-01T15:31:24","guid":{"rendered":"https:\/\/visitavina.munivina.cl\/?post_type=mec-events&#038;p=24688"},"modified":"2026-09-01T11:31:24","modified_gmt":"2026-09-01T15:31:24","slug":"ciclo-formacion-de-publico-ficvina","status":"publish","type":"mec-events","link":"https:\/\/visitavina.munivina.cl\/br\/actividad\/ciclo-formacion-de-publico-ficvina\/","title":{"rendered":"Ciclo Formaci\u00f3n de P\u00fablico FICVI\u00d1A"},"content":{"rendered":"<p><span data-sheets-root=\"1\">\u201cLa Historia Oficial\u201d | (1985) | Dir. Luis Puenzo (Argentina)<br \/>\nBuenos Aires, 1983. En los \u00faltimos a\u00f1os de la dictadura militar argentina, una acomodada profesora de historia comienza a tomar conciencia de lo ocurrido en ese periodo. Sus sospechas sobre los oscuros asuntos de su marido y una Abuela de Plaza de Mayo que busca a su nieta son los motivos que la llevan a replantearse &#8220;la historia oficial&#8221;<br \/>\nActividad gratuita hasta completar el aforo<\/span>.<\/p>\n<p><span data-sheets-root=\"1\">M\u00e1s informaci\u00f3n en Instagram | <a class=\"in-cell-link\" href=\"https:\/\/www.instagram.com\/museopalaciorioja\/\" target=\"_blank\" rel=\"noopener nofollow\">@museopalaciorioja<\/a><\/span><\/p>","protected":false},"excerpt":{"rendered":"<p>\u201cLa Historia Oficial\u201d | (1985) | Dir. Luis Puenzo (Argentina) Buenos Aires, 1983. En los \u00faltimos a\u00f1os de la dictadura militar argentina, una acomodada profesora de historia comienza a tomar conciencia de lo ocurrido en ese periodo. Sus sospechas sobre los oscuros asuntos de su marido y una Abuela de Plaza de Mayo que busca [&hellip;]<\/p>\n","protected":false},"author":20,"featured_media":0,"comment_status":"closed","ping_status":"closed","template":"","tags":[],"mec_category":[],"class_list":["post-24688","mec-events","type-mec-events","status-publish","hentry"],"acf":[],"_links":{"self":[{"href":"https:\/\/visitavina.munivina.cl\/br\/wp-json\/wp\/v2\/mec-events\/24688","targetHints":{"allow":["GET"]}}],"collection":[{"href":"https:\/\/visitavina.munivina.cl\/br\/wp-json\/wp\/v2\/mec-events"}],"about":[{"href":"https:\/\/visitavina.munivina.cl\/br\/wp-json\/wp\/v2\/types\/mec-events"}],"author":[{"embeddable":true,"href":"https:\/\/visitavina.munivina.cl\/br\/wp-json\/wp\/v2\/users\/20"}],"replies":[{"embeddable":true,"href":"https:\/\/visitavina.munivina.cl\/br\/wp-json\/wp\/v2\/comments?post=24688"}],"wp:attachment":[{"href":"https:\/\/visitavina.munivina.cl\/br\/wp-json\/wp\/v2\/media?parent=24688"}],"wp:term":[{"taxonomy":"post_tag","embeddable":true,"href":"https:\/\/visitavina.munivina.cl\/br\/wp-json\/wp\/v2\/tags?post=24688"},{"taxonomy":"mec_category","embeddable":true,"href":"https:\/\/visitavina.munivina.cl\/br\/wp-json\/wp\/v2\/mec_category?post=24688"}],"curies":[{"name":"wp","href":"https:\/\/api.w.org\/{rel}","templated":true}]}}

Ciclo Formación de Público FICVIÑA

<p><span data-sheets-root="1">“La Historia Oficial” | (1985) | Dir. Luis Puenzo (Argentina)<br />
Buenos Aires, 1983. En los últimos años de la dictadura militar argentina, una acomodada profesora de historia comienza a tomar conciencia de lo ocurrido en ese periodo. Sus sospechas sobre los oscuros asuntos de su marido y una Abuela de Plaza de Mayo que busca a su nieta son los motivos que la llevan a replantearse &#8220;la historia oficial&#8221;<br />
Actividad gratuita hasta completar el aforo</span>.</p>
<p><span data-sheets-root="1">Más información en Instagram | <a class="in-cell-link" href="https://www.instagram.com/museopalaciorioja/" target="_blank" rel="noopener nofollow">@museopalaciorioja</a></span></p>

<p>“La Historia Oficial” | (1985) | Dir. Luis Puenzo (Argentina) Buenos Aires, 1983. En los últimos años de la dictadura militar argentina, una acomodada profesora de historia comienza a tomar conciencia de lo ocurrido en ese periodo. Sus sospechas sobre los oscuros asuntos de su marido y una Abuela de Plaza de Mayo que busca [&hellip;]</p>
