{"id":24691,"date":"2026-09-01T11:36:19","date_gmt":"2026-09-01T15:36:19","guid":{"rendered":"https:\/\/visitavina.munivina.cl\/?post_type=mec-events&#038;p=24691"},"modified":"2026-09-01T11:36:19","modified_gmt":"2026-09-01T15:36:19","slug":"musica-concierto-de-primavera-de-la-escuela-sigall","status":"publish","type":"mec-events","link":"https:\/\/visitavina.munivina.cl\/br\/actividad\/musica-concierto-de-primavera-de-la-escuela-sigall\/","title":{"rendered":"M\u00fasica \/\/ Concierto de Primavera de la Escuela Sigall"},"content":{"rendered":"<p><span data-sheets-root=\"1\">Concierto de Viol\u00edn y Violoncello<br \/>\nActividad gratuita, dirigido a todo p\u00fablico<br \/>\nIngreso por orden de llegada<\/span>.<\/p>\n<p><span data-sheets-root=\"1\">M\u00e1s informaci\u00f3n en Instagram | <a class=\"in-cell-link\" href=\"https:\/\/www.instagram.com\/museopalaciorioja\/\" target=\"_blank\" rel=\"noopener nofollow\">@museopalaciorioja<\/a><\/span><\/p>","protected":false},"excerpt":{"rendered":"<p>Concierto de Viol\u00edn y Violoncello Actividad gratuita, dirigido a todo p\u00fablico Ingreso por orden de llegada. M\u00e1s informaci\u00f3n en Instagram | @museopalaciorioja<\/p>","protected":false},"author":20,"featured_media":0,"comment_status":"closed","ping_status":"closed","template":"","tags":[],"mec_category":[],"class_list":["post-24691","mec-events","type-mec-events","status-publish","hentry"],"acf":[],"_links":{"self":[{"href":"https:\/\/visitavina.munivina.cl\/br\/wp-json\/wp\/v2\/mec-events\/24691","targetHints":{"allow":["GET"]}}],"collection":[{"href":"https:\/\/visitavina.munivina.cl\/br\/wp-json\/wp\/v2\/mec-events"}],"about":[{"href":"https:\/\/visitavina.munivina.cl\/br\/wp-json\/wp\/v2\/types\/mec-events"}],"author":[{"embeddable":true,"href":"https:\/\/visitavina.munivina.cl\/br\/wp-json\/wp\/v2\/users\/20"}],"replies":[{"embeddable":true,"href":"https:\/\/visitavina.munivina.cl\/br\/wp-json\/wp\/v2\/comments?post=24691"}],"wp:attachment":[{"href":"https:\/\/visitavina.munivina.cl\/br\/wp-json\/wp\/v2\/media?parent=24691"}],"wp:term":[{"taxonomy":"post_tag","embeddable":true,"href":"https:\/\/visitavina.munivina.cl\/br\/wp-json\/wp\/v2\/tags?post=24691"},{"taxonomy":"mec_category","embeddable":true,"href":"https:\/\/visitavina.munivina.cl\/br\/wp-json\/wp\/v2\/mec_category?post=24691"}],"curies":[{"name":"wp","href":"https:\/\/api.w.org\/{rel}","templated":true}]}}

Música // Concierto de Primavera de la Escuela Sigall

<p><span data-sheets-root="1">Concierto de Violín y Violoncello<br />
Actividad gratuita, dirigido a todo público<br />
Ingreso por orden de llegada</span>.</p>
<p><span data-sheets-root="1">Más información en Instagram | <a class="in-cell-link" href="https://www.instagram.com/museopalaciorioja/" target="_blank" rel="noopener nofollow">@museopalaciorioja</a></span></p>

<p>Concierto de Violín y Violoncello Actividad gratuita, dirigido a todo público Ingreso por orden de llegada. Más información en Instagram | @museopalaciorioja</p>
