{"id":24700,"date":"2026-09-01T11:46:33","date_gmt":"2026-09-01T15:46:33","guid":{"rendered":"https:\/\/visitavina.munivina.cl\/?post_type=mec-events&#038;p=24700"},"modified":"2026-09-01T11:46:33","modified_gmt":"2026-09-01T15:46:33","slug":"presentacion-libro-a-la-hora-de-la-oracion","status":"publish","type":"mec-events","link":"https:\/\/visitavina.munivina.cl\/br\/actividad\/presentacion-libro-a-la-hora-de-la-oracion\/","title":{"rendered":"Presentaci\u00f3n libro \/\/ &#8220;A la hora de la oraci\u00f3n&#8221;"},"content":{"rendered":"<p><span data-sheets-root=\"1\">Presentaci\u00f3n del libro &#8220;A la hora de la oraci\u00f3n&#8221;<br \/>\nDe: Dragica Vukeli\u0107.<br \/>\nNovela &#8220;A la hora de la oraci\u00f3n&#8221;. Es una novela ambientada en el Valle de Colchagua, Chile, a principios del siglo XX.<br \/>\nEn ella, a trav\u00e9s de diez cap\u00edtulos, se despliegan los destinos de la familia Navarrete Vidaurre en un escenario rural donde se condensa lo mejor y lo peor de una sociedad en un tiempo que ya es remoto, en un Chile que ya no recordamos, donde los secretos y las verdades que duelen se confund\u00edan con los mitos y leyendas del campo.<br \/>\nDirigido a personas mayores de 14 a\u00f1os.<br \/>\nEntrada por orden de llegada<\/span>.<\/p>\n<p><span data-sheets-root=\"1\">M\u00e1s informaci\u00f3n en Instagram | <a class=\"in-cell-link\" href=\"https:\/\/www.instagram.com\/museopalaciorioja\/\" target=\"_blank\" rel=\"noopener nofollow\">@museopalaciorioja<\/a><\/span><\/p>","protected":false},"excerpt":{"rendered":"<p>Presentaci\u00f3n del libro &#8220;A la hora de la oraci\u00f3n&#8221; De: Dragica Vukeli\u0107. Novela &#8220;A la hora de la oraci\u00f3n&#8221;. Es una novela ambientada en el Valle de Colchagua, Chile, a principios del siglo XX. En ella, a trav\u00e9s de diez cap\u00edtulos, se despliegan los destinos de la familia Navarrete Vidaurre en un escenario rural donde [&hellip;]<\/p>\n","protected":false},"author":20,"featured_media":0,"comment_status":"closed","ping_status":"closed","template":"","tags":[],"mec_category":[],"class_list":["post-24700","mec-events","type-mec-events","status-publish","hentry"],"acf":[],"_links":{"self":[{"href":"https:\/\/visitavina.munivina.cl\/br\/wp-json\/wp\/v2\/mec-events\/24700","targetHints":{"allow":["GET"]}}],"collection":[{"href":"https:\/\/visitavina.munivina.cl\/br\/wp-json\/wp\/v2\/mec-events"}],"about":[{"href":"https:\/\/visitavina.munivina.cl\/br\/wp-json\/wp\/v2\/types\/mec-events"}],"author":[{"embeddable":true,"href":"https:\/\/visitavina.munivina.cl\/br\/wp-json\/wp\/v2\/users\/20"}],"replies":[{"embeddable":true,"href":"https:\/\/visitavina.munivina.cl\/br\/wp-json\/wp\/v2\/comments?post=24700"}],"wp:attachment":[{"href":"https:\/\/visitavina.munivina.cl\/br\/wp-json\/wp\/v2\/media?parent=24700"}],"wp:term":[{"taxonomy":"post_tag","embeddable":true,"href":"https:\/\/visitavina.munivina.cl\/br\/wp-json\/wp\/v2\/tags?post=24700"},{"taxonomy":"mec_category","embeddable":true,"href":"https:\/\/visitavina.munivina.cl\/br\/wp-json\/wp\/v2\/mec_category?post=24700"}],"curies":[{"name":"wp","href":"https:\/\/api.w.org\/{rel}","templated":true}]}}

Presentación libro // &#8220;A la hora de la oración&#8221;

<p><span data-sheets-root="1">Presentación del libro &#8220;A la hora de la oración&#8221;<br />
De: Dragica Vukelić.<br />
Novela &#8220;A la hora de la oración&#8221;. Es una novela ambientada en el Valle de Colchagua, Chile, a principios del siglo XX.<br />
En ella, a través de diez capítulos, se despliegan los destinos de la familia Navarrete Vidaurre en un escenario rural donde se condensa lo mejor y lo peor de una sociedad en un tiempo que ya es remoto, en un Chile que ya no recordamos, donde los secretos y las verdades que duelen se confundían con los mitos y leyendas del campo.<br />
Dirigido a personas mayores de 14 años.<br />
Entrada por orden de llegada</span>.</p>
<p><span data-sheets-root="1">Más información en Instagram | <a class="in-cell-link" href="https://www.instagram.com/museopalaciorioja/" target="_blank" rel="noopener nofollow">@museopalaciorioja</a></span></p>

<p>Presentación del libro &#8220;A la hora de la oración&#8221; De: Dragica Vukelić. Novela &#8220;A la hora de la oración&#8221;. Es una novela ambientada en el Valle de Colchagua, Chile, a principios del siglo XX. En ella, a través de diez capítulos, se despliegan los destinos de la familia Navarrete Vidaurre en un escenario rural donde [&hellip;]</p>
