{"id":24701,"date":"2026-09-01T11:48:01","date_gmt":"2026-09-01T15:48:01","guid":{"rendered":"https:\/\/visitavina.munivina.cl\/?post_type=mec-events&#038;p=24701"},"modified":"2026-09-01T11:48:01","modified_gmt":"2026-09-01T15:48:01","slug":"ciclo-cine-de-autor-roberto-rossellini-paisa","status":"publish","type":"mec-events","link":"https:\/\/visitavina.munivina.cl\/br\/actividad\/ciclo-cine-de-autor-roberto-rossellini-paisa\/","title":{"rendered":"Ciclo Cine De Autor \/\/ Roberto Rossellini, &#8220;Pais\u00e0&#8221;"},"content":{"rendered":"<p><span data-sheets-root=\"1\">Pel\u00edcula: Pais\u00e0 (1946)<br \/>\nSeis episodios independientes con el nexo com\u00fan del avance de las tropas aliadas en Italia durante la Segunda Guerra Mundial.<br \/>\nActividad gratuita hasta completar el aforo<\/span><\/p>\n<p><span data-sheets-root=\"1\">M\u00e1s informaci\u00f3n en Instagram | <a class=\"in-cell-link\" href=\"https:\/\/www.instagram.com\/museopalaciorioja\/\" target=\"_blank\" rel=\"noopener nofollow\">@museopalaciorioja<\/a><\/span><\/p>","protected":false},"excerpt":{"rendered":"<p>Pel\u00edcula: Pais\u00e0 (1946) Seis episodios independientes con el nexo com\u00fan del avance de las tropas aliadas en Italia durante la Segunda Guerra Mundial. Actividad gratuita hasta completar el aforo M\u00e1s informaci\u00f3n en Instagram | @museopalaciorioja<\/p>","protected":false},"author":20,"featured_media":0,"comment_status":"closed","ping_status":"closed","template":"","tags":[],"mec_category":[],"class_list":["post-24701","mec-events","type-mec-events","status-publish","hentry"],"acf":[],"_links":{"self":[{"href":"https:\/\/visitavina.munivina.cl\/br\/wp-json\/wp\/v2\/mec-events\/24701","targetHints":{"allow":["GET"]}}],"collection":[{"href":"https:\/\/visitavina.munivina.cl\/br\/wp-json\/wp\/v2\/mec-events"}],"about":[{"href":"https:\/\/visitavina.munivina.cl\/br\/wp-json\/wp\/v2\/types\/mec-events"}],"author":[{"embeddable":true,"href":"https:\/\/visitavina.munivina.cl\/br\/wp-json\/wp\/v2\/users\/20"}],"replies":[{"embeddable":true,"href":"https:\/\/visitavina.munivina.cl\/br\/wp-json\/wp\/v2\/comments?post=24701"}],"wp:attachment":[{"href":"https:\/\/visitavina.munivina.cl\/br\/wp-json\/wp\/v2\/media?parent=24701"}],"wp:term":[{"taxonomy":"post_tag","embeddable":true,"href":"https:\/\/visitavina.munivina.cl\/br\/wp-json\/wp\/v2\/tags?post=24701"},{"taxonomy":"mec_category","embeddable":true,"href":"https:\/\/visitavina.munivina.cl\/br\/wp-json\/wp\/v2\/mec_category?post=24701"}],"curies":[{"name":"wp","href":"https:\/\/api.w.org\/{rel}","templated":true}]}}

Ciclo Cine De Autor // Roberto Rossellini, &#8220;Paisà&#8221;

<p><span data-sheets-root="1">Película: Paisà (1946)<br />
Seis episodios independientes con el nexo común del avance de las tropas aliadas en Italia durante la Segunda Guerra Mundial.<br />
Actividad gratuita hasta completar el aforo</span></p>
<p><span data-sheets-root="1">Más información en Instagram | <a class="in-cell-link" href="https://www.instagram.com/museopalaciorioja/" target="_blank" rel="noopener nofollow">@museopalaciorioja</a></span></p>

<p>Película: Paisà (1946) Seis episodios independientes con el nexo común del avance de las tropas aliadas en Italia durante la Segunda Guerra Mundial. Actividad gratuita hasta completar el aforo Más información en Instagram | @museopalaciorioja</p>
