{"id":24705,"date":"2026-09-01T11:51:50","date_gmt":"2026-09-01T15:51:50","guid":{"rendered":"https:\/\/visitavina.munivina.cl\/?post_type=mec-events&#038;p=24705"},"modified":"2026-09-01T11:51:50","modified_gmt":"2026-09-01T15:51:50","slug":"lanzamiento-libro-fieras","status":"publish","type":"mec-events","link":"https:\/\/visitavina.munivina.cl\/br\/actividad\/lanzamiento-libro-fieras\/","title":{"rendered":"Lanzamiento Libro \/\/ &#8220;Fieras&#8221;"},"content":{"rendered":"<p><span data-sheets-root=\"1\">Antolog\u00eda Chile\u2013Costa Rica de poes\u00eda de mujeres y disidencias<br \/>\nSala Aldo Francia del Palacio Rioja ser\u00e1 escenario del lanzamiento de Fieras, antolog\u00eda binacional Chile\u2013Costa Rica que re\u00fane poes\u00eda de mujeres y disidencias de ambos territorios.<br \/>\nLa publicaci\u00f3n, editada por Lourdes Montenegro bajo Editorial Pirata, surge de un proceso de encuentros y torneos de poes\u00eda slam realizados en Valpara\u00edso y San Jos\u00e9 de Costa Rica, reuniendo voces de distintas trayectorias y experiencias en torno a la poes\u00eda oral, esc\u00e9nica y escrita.<br \/>\nLa jornada contar\u00e1 con una presentaci\u00f3n y conversaci\u00f3n a cargo de Paola Aveggio, Lila D\u00edaz Calder\u00f3n y Lourdes Montenegro, adem\u00e1s de un recital po\u00e9tico con las autoras Rosa Alcayaga, Rom\u00e1ntica Brusca, Jennifer Z\u00fa\u00f1iga, Valentina Miranda y Helen.<br \/>\nLa actividad incluir\u00e1 tambi\u00e9n m\u00fasica en vivo a cargo del D\u00fao Cordis, integrado por Miguel Lahsen y Marina Martins, adem\u00e1s de venta y firma de libros.<br \/>\nEntrada liberada, por orden de llegada<\/span>.<\/p>\n<p><span data-sheets-root=\"1\">M\u00e1s informaci\u00f3n en Instagram | <a class=\"in-cell-link\" href=\"https:\/\/www.instagram.com\/museopalaciorioja\/\" target=\"_blank\" rel=\"noopener nofollow\">@museopalaciorioja<\/a><\/span><\/p>","protected":false},"excerpt":{"rendered":"<p>Antolog\u00eda Chile\u2013Costa Rica de poes\u00eda de mujeres y disidencias Sala Aldo Francia del Palacio Rioja ser\u00e1 escenario del lanzamiento de Fieras, antolog\u00eda binacional Chile\u2013Costa Rica que re\u00fane poes\u00eda de mujeres y disidencias de ambos territorios. La publicaci\u00f3n, editada por Lourdes Montenegro bajo Editorial Pirata, surge de un proceso de encuentros y torneos de poes\u00eda slam [&hellip;]<\/p>\n","protected":false},"author":20,"featured_media":0,"comment_status":"closed","ping_status":"closed","template":"","tags":[],"mec_category":[],"class_list":["post-24705","mec-events","type-mec-events","status-publish","hentry"],"acf":[],"_links":{"self":[{"href":"https:\/\/visitavina.munivina.cl\/br\/wp-json\/wp\/v2\/mec-events\/24705","targetHints":{"allow":["GET"]}}],"collection":[{"href":"https:\/\/visitavina.munivina.cl\/br\/wp-json\/wp\/v2\/mec-events"}],"about":[{"href":"https:\/\/visitavina.munivina.cl\/br\/wp-json\/wp\/v2\/types\/mec-events"}],"author":[{"embeddable":true,"href":"https:\/\/visitavina.munivina.cl\/br\/wp-json\/wp\/v2\/users\/20"}],"replies":[{"embeddable":true,"href":"https:\/\/visitavina.munivina.cl\/br\/wp-json\/wp\/v2\/comments?post=24705"}],"wp:attachment":[{"href":"https:\/\/visitavina.munivina.cl\/br\/wp-json\/wp\/v2\/media?parent=24705"}],"wp:term":[{"taxonomy":"post_tag","embeddable":true,"href":"https:\/\/visitavina.munivina.cl\/br\/wp-json\/wp\/v2\/tags?post=24705"},{"taxonomy":"mec_category","embeddable":true,"href":"https:\/\/visitavina.munivina.cl\/br\/wp-json\/wp\/v2\/mec_category?post=24705"}],"curies":[{"name":"wp","href":"https:\/\/api.w.org\/{rel}","templated":true}]}}

<p><span data-sheets-root="1">Antología Chile–Costa Rica de poesía de mujeres y disidencias<br />
Sala Aldo Francia del Palacio Rioja será escenario del lanzamiento de Fieras, antología binacional Chile–Costa Rica que reúne poesía de mujeres y disidencias de ambos territorios.<br />
La publicación, editada por Lourdes Montenegro bajo Editorial Pirata, surge de un proceso de encuentros y torneos de poesía slam realizados en Valparaíso y San José de Costa Rica, reuniendo voces de distintas trayectorias y experiencias en torno a la poesía oral, escénica y escrita.<br />
La jornada contará con una presentación y conversación a cargo de Paola Aveggio, Lila Díaz Calderón y Lourdes Montenegro, además de un recital poético con las autoras Rosa Alcayaga, Romántica Brusca, Jennifer Zúñiga, Valentina Miranda y Helen.<br />
La actividad incluirá también música en vivo a cargo del Dúo Cordis, integrado por Miguel Lahsen y Marina Martins, además de venta y firma de libros.<br />
Entrada liberada, por orden de llegada</span>.</p>
<p><span data-sheets-root="1">Más información en Instagram | <a class="in-cell-link" href="https://www.instagram.com/museopalaciorioja/" target="_blank" rel="noopener nofollow">@museopalaciorioja</a></span></p>

<p>Antología Chile–Costa Rica de poesía de mujeres y disidencias Sala Aldo Francia del Palacio Rioja será escenario del lanzamiento de Fieras, antología binacional Chile–Costa Rica que reúne poesía de mujeres y disidencias de ambos territorios. La publicación, editada por Lourdes Montenegro bajo Editorial Pirata, surge de un proceso de encuentros y torneos de poesía slam [&hellip;]</p>
