{"id":24711,"date":"2026-09-01T11:58:38","date_gmt":"2026-09-01T15:58:38","guid":{"rendered":"https:\/\/visitavina.munivina.cl\/?post_type=mec-events&#038;p=24711"},"modified":"2026-09-01T11:58:38","modified_gmt":"2026-09-01T15:58:38","slug":"lecturas-escriturales-sech-v-2026","status":"publish","type":"mec-events","link":"https:\/\/visitavina.munivina.cl\/br\/actividad\/lecturas-escriturales-sech-v-2026\/","title":{"rendered":"Lecturas Escriturales SECH-V 2026"},"content":{"rendered":"<p><span data-sheets-root=\"1\">Creadores de la Sociedad de la Sociedad de Escritores de Chile, se dan cita en un recital donde exponen sus \u00faltimas creaciones del a\u00f1o 2026.<br \/>\nUna muestra donde se exponen sus nuevos libros y adelanto de otros.<br \/>\nActividad gratuita por orden de llegada<\/span>.<\/p>\n<p><span data-sheets-root=\"1\">M\u00e1s informaci\u00f3n en Instagram | <a class=\"in-cell-link\" href=\"https:\/\/www.instagram.com\/museopalaciorioja\/\" target=\"_blank\" rel=\"noopener nofollow\">@museopalaciorioja<\/a><\/span><\/p>","protected":false},"excerpt":{"rendered":"<p>Creadores de la Sociedad de la Sociedad de Escritores de Chile, se dan cita en un recital donde exponen sus \u00faltimas creaciones del a\u00f1o 2026. Una muestra donde se exponen sus nuevos libros y adelanto de otros. Actividad gratuita por orden de llegada. M\u00e1s informaci\u00f3n en Instagram | @museopalaciorioja<\/p>","protected":false},"author":20,"featured_media":0,"comment_status":"closed","ping_status":"closed","template":"","tags":[],"mec_category":[],"class_list":["post-24711","mec-events","type-mec-events","status-publish","hentry"],"acf":[],"_links":{"self":[{"href":"https:\/\/visitavina.munivina.cl\/br\/wp-json\/wp\/v2\/mec-events\/24711","targetHints":{"allow":["GET"]}}],"collection":[{"href":"https:\/\/visitavina.munivina.cl\/br\/wp-json\/wp\/v2\/mec-events"}],"about":[{"href":"https:\/\/visitavina.munivina.cl\/br\/wp-json\/wp\/v2\/types\/mec-events"}],"author":[{"embeddable":true,"href":"https:\/\/visitavina.munivina.cl\/br\/wp-json\/wp\/v2\/users\/20"}],"replies":[{"embeddable":true,"href":"https:\/\/visitavina.munivina.cl\/br\/wp-json\/wp\/v2\/comments?post=24711"}],"wp:attachment":[{"href":"https:\/\/visitavina.munivina.cl\/br\/wp-json\/wp\/v2\/media?parent=24711"}],"wp:term":[{"taxonomy":"post_tag","embeddable":true,"href":"https:\/\/visitavina.munivina.cl\/br\/wp-json\/wp\/v2\/tags?post=24711"},{"taxonomy":"mec_category","embeddable":true,"href":"https:\/\/visitavina.munivina.cl\/br\/wp-json\/wp\/v2\/mec_category?post=24711"}],"curies":[{"name":"wp","href":"https:\/\/api.w.org\/{rel}","templated":true}]}}

<p><span data-sheets-root="1">Creadores de la Sociedad de la Sociedad de Escritores de Chile, se dan cita en un recital donde exponen sus últimas creaciones del año 2026.<br />
Una muestra donde se exponen sus nuevos libros y adelanto de otros.<br />
Actividad gratuita por orden de llegada</span>.</p>
<p><span data-sheets-root="1">Más información en Instagram | <a class="in-cell-link" href="https://www.instagram.com/museopalaciorioja/" target="_blank" rel="noopener nofollow">@museopalaciorioja</a></span></p>

<p>Creadores de la Sociedad de la Sociedad de Escritores de Chile, se dan cita en un recital donde exponen sus últimas creaciones del año 2026. Una muestra donde se exponen sus nuevos libros y adelanto de otros. Actividad gratuita por orden de llegada. Más información en Instagram | @museopalaciorioja</p>
