{"id":24712,"date":"2026-09-01T11:59:23","date_gmt":"2026-09-01T15:59:23","guid":{"rendered":"https:\/\/visitavina.munivina.cl\/?post_type=mec-events&#038;p=24712"},"modified":"2026-09-01T11:59:23","modified_gmt":"2026-09-01T15:59:23","slug":"ciclo-formacion-de-publico-ficvina-5","status":"publish","type":"mec-events","link":"https:\/\/visitavina.munivina.cl\/br\/actividad\/ciclo-formacion-de-publico-ficvina-5\/","title":{"rendered":"Ciclo Formaci\u00f3n de P\u00fablico FICVI\u00d1A"},"content":{"rendered":"<p><span data-sheets-root=\"1\">\u201cVidas Secas\u201d | Documental y Conversatorio (1963) | Dir. Nelson Pereira dos Santos<br \/>\nVidas secas narra la historia de una familia Fabiano, su mujer, la sinh\u00e1 Vit\u00f3ria, y sus dos hijos en el sertao de los a\u00f1os cuarenta. Realizado en una \u00e9poca de gran agitaci\u00f3n pol\u00edtica y social, en v\u00edsperas del golpe de estado que iba a instaurar la dictadura militar en Brasil, es uno de los t\u00edtulos mayores del cine latinoamericano.<br \/>\nActividad gratuita hasta completar el aforo<\/span>.<\/p>\n<p><span data-sheets-root=\"1\">M\u00e1s informaci\u00f3n en Instagram | <a class=\"in-cell-link\" href=\"https:\/\/www.instagram.com\/museopalaciorioja\/\" target=\"_blank\" rel=\"noopener nofollow\">@museopalaciorioja<\/a><\/span><\/p>","protected":false},"excerpt":{"rendered":"<p>\u201cVidas Secas\u201d | Documental y Conversatorio (1963) | Dir. Nelson Pereira dos Santos Vidas secas narra la historia de una familia Fabiano, su mujer, la sinh\u00e1 Vit\u00f3ria, y sus dos hijos en el sertao de los a\u00f1os cuarenta. Realizado en una \u00e9poca de gran agitaci\u00f3n pol\u00edtica y social, en v\u00edsperas del golpe de estado que [&hellip;]<\/p>\n","protected":false},"author":20,"featured_media":0,"comment_status":"closed","ping_status":"closed","template":"","tags":[],"mec_category":[],"class_list":["post-24712","mec-events","type-mec-events","status-publish","hentry"],"acf":[],"_links":{"self":[{"href":"https:\/\/visitavina.munivina.cl\/br\/wp-json\/wp\/v2\/mec-events\/24712","targetHints":{"allow":["GET"]}}],"collection":[{"href":"https:\/\/visitavina.munivina.cl\/br\/wp-json\/wp\/v2\/mec-events"}],"about":[{"href":"https:\/\/visitavina.munivina.cl\/br\/wp-json\/wp\/v2\/types\/mec-events"}],"author":[{"embeddable":true,"href":"https:\/\/visitavina.munivina.cl\/br\/wp-json\/wp\/v2\/users\/20"}],"replies":[{"embeddable":true,"href":"https:\/\/visitavina.munivina.cl\/br\/wp-json\/wp\/v2\/comments?post=24712"}],"wp:attachment":[{"href":"https:\/\/visitavina.munivina.cl\/br\/wp-json\/wp\/v2\/media?parent=24712"}],"wp:term":[{"taxonomy":"post_tag","embeddable":true,"href":"https:\/\/visitavina.munivina.cl\/br\/wp-json\/wp\/v2\/tags?post=24712"},{"taxonomy":"mec_category","embeddable":true,"href":"https:\/\/visitavina.munivina.cl\/br\/wp-json\/wp\/v2\/mec_category?post=24712"}],"curies":[{"name":"wp","href":"https:\/\/api.w.org\/{rel}","templated":true}]}}

Ciclo Formación de Público FICVIÑA

<p><span data-sheets-root="1">“Vidas Secas” | Documental y Conversatorio (1963) | Dir. Nelson Pereira dos Santos<br />
Vidas secas narra la historia de una familia Fabiano, su mujer, la sinhá Vitória, y sus dos hijos en el sertao de los años cuarenta. Realizado en una época de gran agitación política y social, en vísperas del golpe de estado que iba a instaurar la dictadura militar en Brasil, es uno de los títulos mayores del cine latinoamericano.<br />
Actividad gratuita hasta completar el aforo</span>.</p>
<p><span data-sheets-root="1">Más información en Instagram | <a class="in-cell-link" href="https://www.instagram.com/museopalaciorioja/" target="_blank" rel="noopener nofollow">@museopalaciorioja</a></span></p>

<p>“Vidas Secas” | Documental y Conversatorio (1963) | Dir. Nelson Pereira dos Santos Vidas secas narra la historia de una familia Fabiano, su mujer, la sinhá Vitória, y sus dos hijos en el sertao de los años cuarenta. Realizado en una época de gran agitación política y social, en vísperas del golpe de estado que [&hellip;]</p>
