{"id":24719,"date":"2026-09-02T09:23:29","date_gmt":"2026-09-02T13:23:29","guid":{"rendered":"https:\/\/visitavina.munivina.cl\/?post_type=mec-events&#038;p=24719"},"modified":"2026-09-02T09:23:29","modified_gmt":"2026-09-02T13:23:29","slug":"taller-las-nubes-de-diego-543","status":"publish","type":"mec-events","link":"https:\/\/visitavina.munivina.cl\/br\/actividad\/taller-las-nubes-de-diego-543\/","title":{"rendered":"M\u00fasica \/\/ Homenaje a V\u00edctor Jara: Siempre ser\u00e1 canci\u00f3n nueva"},"content":{"rendered":"<p><span data-sheets-root=\"1\">Un encuentro art\u00edstico dedicado a la obra y legado de V\u00edctor Jara, con la participaci\u00f3n del Coro de C\u00e1mara de la Universidad de Playa Ancha, el Ensamble Latinoamericano Abya Yala, el Ballet Gimn\u00e1stico y la C\u00e1mara de Guitarras Guitarregas.<br \/>\nEntradas disponibles desde el 22 de septiembre<\/span><\/p>\n<p><span data-sheets-root=\"1\">Inscripci\u00f3n y m\u00e1s informaci\u00f3n en Instagram | <a class=\"in-cell-link\" href=\"https:\/\/www.instagram.com\/teatro.munivina\" target=\"_blank\" rel=\"noopener nofollow\">@teatro.munivina<\/a><\/span><\/p>","protected":false},"excerpt":{"rendered":"<p>Un encuentro art\u00edstico dedicado a la obra y legado de V\u00edctor Jara, con la participaci\u00f3n del Coro de C\u00e1mara de la Universidad de Playa Ancha, el Ensamble Latinoamericano Abya Yala, el Ballet Gimn\u00e1stico y la C\u00e1mara de Guitarras Guitarregas. Entradas disponibles desde el 22 de septiembre Inscripci\u00f3n y m\u00e1s informaci\u00f3n en Instagram | @teatro.munivina<\/p>","protected":false},"author":20,"featured_media":0,"comment_status":"closed","ping_status":"closed","template":"","tags":[],"mec_category":[],"class_list":["post-24719","mec-events","type-mec-events","status-publish","hentry"],"acf":[],"_links":{"self":[{"href":"https:\/\/visitavina.munivina.cl\/br\/wp-json\/wp\/v2\/mec-events\/24719","targetHints":{"allow":["GET"]}}],"collection":[{"href":"https:\/\/visitavina.munivina.cl\/br\/wp-json\/wp\/v2\/mec-events"}],"about":[{"href":"https:\/\/visitavina.munivina.cl\/br\/wp-json\/wp\/v2\/types\/mec-events"}],"author":[{"embeddable":true,"href":"https:\/\/visitavina.munivina.cl\/br\/wp-json\/wp\/v2\/users\/20"}],"replies":[{"embeddable":true,"href":"https:\/\/visitavina.munivina.cl\/br\/wp-json\/wp\/v2\/comments?post=24719"}],"wp:attachment":[{"href":"https:\/\/visitavina.munivina.cl\/br\/wp-json\/wp\/v2\/media?parent=24719"}],"wp:term":[{"taxonomy":"post_tag","embeddable":true,"href":"https:\/\/visitavina.munivina.cl\/br\/wp-json\/wp\/v2\/tags?post=24719"},{"taxonomy":"mec_category","embeddable":true,"href":"https:\/\/visitavina.munivina.cl\/br\/wp-json\/wp\/v2\/mec_category?post=24719"}],"curies":[{"name":"wp","href":"https:\/\/api.w.org\/{rel}","templated":true}]}}

Música // Homenaje a Víctor Jara: Siempre será canción nueva

<p><span data-sheets-root="1">Un encuentro artístico dedicado a la obra y legado de Víctor Jara, con la participación del Coro de Cámara de la Universidad de Playa Ancha, el Ensamble Latinoamericano Abya Yala, el Ballet Gimnástico y la Cámara de Guitarras Guitarregas.<br />
Entradas disponibles desde el 22 de septiembre</span></p>
<p><span data-sheets-root="1">Inscripción y más información en Instagram | <a class="in-cell-link" href="https://www.instagram.com/teatro.munivina" target="_blank" rel="noopener nofollow">@teatro.munivina</a></span></p>

<p>Un encuentro artístico dedicado a la obra y legado de Víctor Jara, con la participación del Coro de Cámara de la Universidad de Playa Ancha, el Ensamble Latinoamericano Abya Yala, el Ballet Gimnástico y la Cámara de Guitarras Guitarregas. Entradas disponibles desde el 22 de septiembre Inscripción y más información en Instagram | @teatro.munivina</p>
