{"id":24720,"date":"2026-09-02T09:24:46","date_gmt":"2026-09-02T13:24:46","guid":{"rendered":"https:\/\/visitavina.munivina.cl\/?post_type=mec-events&#038;p=24720"},"modified":"2026-09-02T09:24:46","modified_gmt":"2026-09-02T13:24:46","slug":"taller-las-nubes-de-diego-543-575","status":"publish","type":"mec-events","link":"https:\/\/visitavina.munivina.cl\/br\/actividad\/taller-las-nubes-de-diego-543-575\/","title":{"rendered":"M\u00fasica \/\/ Shao Pescao &#038; Los Teriyakis"},"content":{"rendered":"<p><span data-sheets-root=\"1\">Ciclo De Artistas Regionales Emergentes<br \/>\nConvocatoria 2026<br \/>\nActividad financiada por el Ministerio de las Culturas, las Artes y el Patrimonio<\/span><\/p>\n<p><span data-sheets-root=\"1\">Inscripci\u00f3n y m\u00e1s informaci\u00f3n en Instagram | <a class=\"in-cell-link\" href=\"https:\/\/www.instagram.com\/teatro.munivina\" target=\"_blank\" rel=\"noopener nofollow\">@teatro.munivina<\/a><\/span><\/p>","protected":false},"excerpt":{"rendered":"<p>Ciclo De Artistas Regionales Emergentes Convocatoria 2026 Actividad financiada por el Ministerio de las Culturas, las Artes y el Patrimonio Inscripci\u00f3n y m\u00e1s informaci\u00f3n en Instagram | @teatro.munivina<\/p>","protected":false},"author":20,"featured_media":0,"comment_status":"closed","ping_status":"closed","template":"","tags":[],"mec_category":[],"class_list":["post-24720","mec-events","type-mec-events","status-publish","hentry"],"acf":[],"_links":{"self":[{"href":"https:\/\/visitavina.munivina.cl\/br\/wp-json\/wp\/v2\/mec-events\/24720","targetHints":{"allow":["GET"]}}],"collection":[{"href":"https:\/\/visitavina.munivina.cl\/br\/wp-json\/wp\/v2\/mec-events"}],"about":[{"href":"https:\/\/visitavina.munivina.cl\/br\/wp-json\/wp\/v2\/types\/mec-events"}],"author":[{"embeddable":true,"href":"https:\/\/visitavina.munivina.cl\/br\/wp-json\/wp\/v2\/users\/20"}],"replies":[{"embeddable":true,"href":"https:\/\/visitavina.munivina.cl\/br\/wp-json\/wp\/v2\/comments?post=24720"}],"wp:attachment":[{"href":"https:\/\/visitavina.munivina.cl\/br\/wp-json\/wp\/v2\/media?parent=24720"}],"wp:term":[{"taxonomy":"post_tag","embeddable":true,"href":"https:\/\/visitavina.munivina.cl\/br\/wp-json\/wp\/v2\/tags?post=24720"},{"taxonomy":"mec_category","embeddable":true,"href":"https:\/\/visitavina.munivina.cl\/br\/wp-json\/wp\/v2\/mec_category?post=24720"}],"curies":[{"name":"wp","href":"https:\/\/api.w.org\/{rel}","templated":true}]}}

Música // Shao Pescao &#038; Los Teriyakis

<p><span data-sheets-root="1">Ciclo De Artistas Regionales Emergentes<br />
Convocatoria 2026<br />
Actividad financiada por el Ministerio de las Culturas, las Artes y el Patrimonio</span></p>
<p><span data-sheets-root="1">Inscripción y más información en Instagram | <a class="in-cell-link" href="https://www.instagram.com/teatro.munivina" target="_blank" rel="noopener nofollow">@teatro.munivina</a></span></p>

<p>Ciclo De Artistas Regionales Emergentes Convocatoria 2026 Actividad financiada por el Ministerio de las Culturas, las Artes y el Patrimonio Inscripción y más información en Instagram | @teatro.munivina</p>
