{"id":24723,"date":"2026-09-02T09:28:10","date_gmt":"2026-09-02T13:28:10","guid":{"rendered":"https:\/\/visitavina.munivina.cl\/?post_type=mec-events&#038;p=24723"},"modified":"2026-09-02T09:28:10","modified_gmt":"2026-09-02T13:28:10","slug":"taller-las-nubes-de-diego-543-575-985-647-493","status":"publish","type":"mec-events","link":"https:\/\/visitavina.munivina.cl\/br\/actividad\/taller-las-nubes-de-diego-543-575-985-647-493\/","title":{"rendered":"Folklore \/\/ Peregrinos del Tamarugal"},"content":{"rendered":"<p><span data-sheets-root=\"1\">Folklore \/\/ Peregrinos del Tamarugal<br \/>\nEl Conjunto Folkl\u00f3rico PUCV presenta un espect\u00e1culo que se adentra en las tradiciones musicales y devocionales vinculadas a la Fiesta de La Tirana, poniendo en valor el patrimonio y las expresiones del folclore del norte de Chile.<br \/>\nEntradas disponibles desde el 15 de septiembre<\/span><\/p>\n<p><span data-sheets-root=\"1\">Inscripci\u00f3n y m\u00e1s informaci\u00f3n en Instagram | <a class=\"in-cell-link\" href=\"https:\/\/www.instagram.com\/teatro.munivina\" target=\"_blank\" rel=\"noopener nofollow\">@teatro.munivina<\/a><\/span><\/p>","protected":false},"excerpt":{"rendered":"<p>Folklore \/\/ Peregrinos del Tamarugal El Conjunto Folkl\u00f3rico PUCV presenta un espect\u00e1culo que se adentra en las tradiciones musicales y devocionales vinculadas a la Fiesta de La Tirana, poniendo en valor el patrimonio y las expresiones del folclore del norte de Chile. Entradas disponibles desde el 15 de septiembre Inscripci\u00f3n y m\u00e1s informaci\u00f3n en Instagram [&hellip;]<\/p>\n","protected":false},"author":20,"featured_media":0,"comment_status":"closed","ping_status":"closed","template":"","tags":[],"mec_category":[],"class_list":["post-24723","mec-events","type-mec-events","status-publish","hentry"],"acf":[],"_links":{"self":[{"href":"https:\/\/visitavina.munivina.cl\/br\/wp-json\/wp\/v2\/mec-events\/24723","targetHints":{"allow":["GET"]}}],"collection":[{"href":"https:\/\/visitavina.munivina.cl\/br\/wp-json\/wp\/v2\/mec-events"}],"about":[{"href":"https:\/\/visitavina.munivina.cl\/br\/wp-json\/wp\/v2\/types\/mec-events"}],"author":[{"embeddable":true,"href":"https:\/\/visitavina.munivina.cl\/br\/wp-json\/wp\/v2\/users\/20"}],"replies":[{"embeddable":true,"href":"https:\/\/visitavina.munivina.cl\/br\/wp-json\/wp\/v2\/comments?post=24723"}],"wp:attachment":[{"href":"https:\/\/visitavina.munivina.cl\/br\/wp-json\/wp\/v2\/media?parent=24723"}],"wp:term":[{"taxonomy":"post_tag","embeddable":true,"href":"https:\/\/visitavina.munivina.cl\/br\/wp-json\/wp\/v2\/tags?post=24723"},{"taxonomy":"mec_category","embeddable":true,"href":"https:\/\/visitavina.munivina.cl\/br\/wp-json\/wp\/v2\/mec_category?post=24723"}],"curies":[{"name":"wp","href":"https:\/\/api.w.org\/{rel}","templated":true}]}}

<p><span data-sheets-root="1">Folklore // Peregrinos del Tamarugal<br />
El Conjunto Folklórico PUCV presenta un espectáculo que se adentra en las tradiciones musicales y devocionales vinculadas a la Fiesta de La Tirana, poniendo en valor el patrimonio y las expresiones del folclore del norte de Chile.<br />
Entradas disponibles desde el 15 de septiembre</span></p>
<p><span data-sheets-root="1">Inscripción y más información en Instagram | <a class="in-cell-link" href="https://www.instagram.com/teatro.munivina" target="_blank" rel="noopener nofollow">@teatro.munivina</a></span></p>

<p>Folklore // Peregrinos del Tamarugal El Conjunto Folklórico PUCV presenta un espectáculo que se adentra en las tradiciones musicales y devocionales vinculadas a la Fiesta de La Tirana, poniendo en valor el patrimonio y las expresiones del folclore del norte de Chile. Entradas disponibles desde el 15 de septiembre Inscripción y más información en Instagram [&hellip;]</p>
