{"id":24724,"date":"2026-09-02T09:28:57","date_gmt":"2026-09-02T13:28:57","guid":{"rendered":"https:\/\/visitavina.munivina.cl\/?post_type=mec-events&#038;p=24724"},"modified":"2026-09-02T09:28:57","modified_gmt":"2026-09-02T13:28:57","slug":"taller-las-nubes-de-diego-543-575-985-647-493-376","status":"publish","type":"mec-events","link":"https:\/\/visitavina.munivina.cl\/br\/actividad\/taller-las-nubes-de-diego-543-575-985-647-493-376\/","title":{"rendered":"\u201cMujeres que tejen en el aire\u201d Compa\u00f1\u00eda Contrahilolab"},"content":{"rendered":"<p><span data-sheets-root=\"1\">\u201cMujeres que tejen en el aire\u201d Compa\u00f1\u00eda Contrahilolab<br \/>\nCiclo de Artistas Regionales Emergentes<br \/>\nConvocatoria 2026<br \/>\nLa compa\u00f1\u00eda ContraHiloLab presenta Mujeres que tejen en el aire, un espect\u00e1culo de artes circenses que re\u00fane movimiento, acrobacia y creaci\u00f3n esc\u00e9nica para abordar distintas experiencias y perspectivas en torno a lo femenino.<br \/>\nEntradas disponibles desde el 14 de septiembre<\/span><\/p>\n<p><span data-sheets-root=\"1\">Inscripci\u00f3n y m\u00e1s informaci\u00f3n en Instagram | <a class=\"in-cell-link\" href=\"https:\/\/www.instagram.com\/teatro.munivina\" target=\"_blank\" rel=\"noopener nofollow\">@teatro.munivina<\/a><\/span><\/p>","protected":false},"excerpt":{"rendered":"<p>\u201cMujeres que tejen en el aire\u201d Compa\u00f1\u00eda Contrahilolab Ciclo de Artistas Regionales Emergentes Convocatoria 2026 La compa\u00f1\u00eda ContraHiloLab presenta Mujeres que tejen en el aire, un espect\u00e1culo de artes circenses que re\u00fane movimiento, acrobacia y creaci\u00f3n esc\u00e9nica para abordar distintas experiencias y perspectivas en torno a lo femenino. Entradas disponibles desde el 14 de septiembre [&hellip;]<\/p>\n","protected":false},"author":20,"featured_media":0,"comment_status":"closed","ping_status":"closed","template":"","tags":[],"mec_category":[],"class_list":["post-24724","mec-events","type-mec-events","status-publish","hentry"],"acf":[],"_links":{"self":[{"href":"https:\/\/visitavina.munivina.cl\/br\/wp-json\/wp\/v2\/mec-events\/24724","targetHints":{"allow":["GET"]}}],"collection":[{"href":"https:\/\/visitavina.munivina.cl\/br\/wp-json\/wp\/v2\/mec-events"}],"about":[{"href":"https:\/\/visitavina.munivina.cl\/br\/wp-json\/wp\/v2\/types\/mec-events"}],"author":[{"embeddable":true,"href":"https:\/\/visitavina.munivina.cl\/br\/wp-json\/wp\/v2\/users\/20"}],"replies":[{"embeddable":true,"href":"https:\/\/visitavina.munivina.cl\/br\/wp-json\/wp\/v2\/comments?post=24724"}],"wp:attachment":[{"href":"https:\/\/visitavina.munivina.cl\/br\/wp-json\/wp\/v2\/media?parent=24724"}],"wp:term":[{"taxonomy":"post_tag","embeddable":true,"href":"https:\/\/visitavina.munivina.cl\/br\/wp-json\/wp\/v2\/tags?post=24724"},{"taxonomy":"mec_category","embeddable":true,"href":"https:\/\/visitavina.munivina.cl\/br\/wp-json\/wp\/v2\/mec_category?post=24724"}],"curies":[{"name":"wp","href":"https:\/\/api.w.org\/{rel}","templated":true}]}}

“Mujeres que tejen en el aire” Compañía Contrahilolab

<p><span data-sheets-root="1">“Mujeres que tejen en el aire” Compañía Contrahilolab<br />
Ciclo de Artistas Regionales Emergentes<br />
Convocatoria 2026<br />
La compañía ContraHiloLab presenta Mujeres que tejen en el aire, un espectáculo de artes circenses que reúne movimiento, acrobacia y creación escénica para abordar distintas experiencias y perspectivas en torno a lo femenino.<br />
Entradas disponibles desde el 14 de septiembre</span></p>
<p><span data-sheets-root="1">Inscripción y más información en Instagram | <a class="in-cell-link" href="https://www.instagram.com/teatro.munivina" target="_blank" rel="noopener nofollow">@teatro.munivina</a></span></p>

<p>“Mujeres que tejen en el aire” Compañía Contrahilolab Ciclo de Artistas Regionales Emergentes Convocatoria 2026 La compañía ContraHiloLab presenta Mujeres que tejen en el aire, un espectáculo de artes circenses que reúne movimiento, acrobacia y creación escénica para abordar distintas experiencias y perspectivas en torno a lo femenino. Entradas disponibles desde el 14 de septiembre [&hellip;]</p>
