{"id":24726,"date":"2026-09-02T09:31:21","date_gmt":"2026-09-02T13:31:21","guid":{"rendered":"https:\/\/visitavina.munivina.cl\/?post_type=mec-events&#038;p=24726"},"modified":"2026-09-02T09:31:21","modified_gmt":"2026-09-02T13:31:21","slug":"taller-las-nubes-de-diego-543-575-985-647-493-376-132-786","status":"publish","type":"mec-events","link":"https:\/\/visitavina.munivina.cl\/br\/actividad\/taller-las-nubes-de-diego-543-575-985-647-493-376-132-786\/","title":{"rendered":"Concierto folcl\u00f3rico \/\/ Cuncum\u00e9n"},"content":{"rendered":"<p><span data-sheets-root=\"1\">Conjunto Cuncum\u00e9n: 70 a\u00f1os cantando Chile<br \/>\nEl hist\u00f3rico Conjunto Cuncum\u00e9n celebra siete d\u00e9cadas de trayectoria con un encuentro musical dedicado al folclore y a la identidad cultural chilena, recorriendo parte de su amplio repertorio y legado art\u00edstico.<br \/>\nEntradas disponibles desde el 6 de septiembre<\/span><\/p>\n<p><span data-sheets-root=\"1\">Inscripci\u00f3n y m\u00e1s informaci\u00f3n en Instagram | <a class=\"in-cell-link\" href=\"https:\/\/www.instagram.com\/teatro.munivina\" target=\"_blank\" rel=\"noopener nofollow\">@teatro.munivina<\/a><\/span><\/p>","protected":false},"excerpt":{"rendered":"<p>Conjunto Cuncum\u00e9n: 70 a\u00f1os cantando Chile El hist\u00f3rico Conjunto Cuncum\u00e9n celebra siete d\u00e9cadas de trayectoria con un encuentro musical dedicado al folclore y a la identidad cultural chilena, recorriendo parte de su amplio repertorio y legado art\u00edstico. Entradas disponibles desde el 6 de septiembre Inscripci\u00f3n y m\u00e1s informaci\u00f3n en Instagram | @teatro.munivina<\/p>","protected":false},"author":20,"featured_media":0,"comment_status":"closed","ping_status":"closed","template":"","tags":[],"mec_category":[],"class_list":["post-24726","mec-events","type-mec-events","status-publish","hentry"],"acf":[],"_links":{"self":[{"href":"https:\/\/visitavina.munivina.cl\/br\/wp-json\/wp\/v2\/mec-events\/24726","targetHints":{"allow":["GET"]}}],"collection":[{"href":"https:\/\/visitavina.munivina.cl\/br\/wp-json\/wp\/v2\/mec-events"}],"about":[{"href":"https:\/\/visitavina.munivina.cl\/br\/wp-json\/wp\/v2\/types\/mec-events"}],"author":[{"embeddable":true,"href":"https:\/\/visitavina.munivina.cl\/br\/wp-json\/wp\/v2\/users\/20"}],"replies":[{"embeddable":true,"href":"https:\/\/visitavina.munivina.cl\/br\/wp-json\/wp\/v2\/comments?post=24726"}],"wp:attachment":[{"href":"https:\/\/visitavina.munivina.cl\/br\/wp-json\/wp\/v2\/media?parent=24726"}],"wp:term":[{"taxonomy":"post_tag","embeddable":true,"href":"https:\/\/visitavina.munivina.cl\/br\/wp-json\/wp\/v2\/tags?post=24726"},{"taxonomy":"mec_category","embeddable":true,"href":"https:\/\/visitavina.munivina.cl\/br\/wp-json\/wp\/v2\/mec_category?post=24726"}],"curies":[{"name":"wp","href":"https:\/\/api.w.org\/{rel}","templated":true}]}}

Concierto folclórico // Cuncumén

<p><span data-sheets-root="1">Conjunto Cuncumén: 70 años cantando Chile<br />
El histórico Conjunto Cuncumén celebra siete décadas de trayectoria con un encuentro musical dedicado al folclore y a la identidad cultural chilena, recorriendo parte de su amplio repertorio y legado artístico.<br />
Entradas disponibles desde el 6 de septiembre</span></p>
<p><span data-sheets-root="1">Inscripción y más información en Instagram | <a class="in-cell-link" href="https://www.instagram.com/teatro.munivina" target="_blank" rel="noopener nofollow">@teatro.munivina</a></span></p>

<p>Conjunto Cuncumén: 70 años cantando Chile El histórico Conjunto Cuncumén celebra siete décadas de trayectoria con un encuentro musical dedicado al folclore y a la identidad cultural chilena, recorriendo parte de su amplio repertorio y legado artístico. Entradas disponibles desde el 6 de septiembre Inscripción y más información en Instagram | @teatro.munivina</p>
