{"id":24728,"date":"2026-09-02T09:33:49","date_gmt":"2026-09-02T13:33:49","guid":{"rendered":"https:\/\/visitavina.munivina.cl\/?post_type=mec-events&#038;p=24728"},"modified":"2026-09-02T09:33:49","modified_gmt":"2026-09-02T13:33:49","slug":"taller-las-nubes-de-diego-543-575-985-647-493-376-132-786-845-885","status":"publish","type":"mec-events","link":"https:\/\/visitavina.munivina.cl\/br\/actividad\/taller-las-nubes-de-diego-543-575-985-647-493-376-132-786-845-885\/","title":{"rendered":"Teatro \/\/ Lxs ciegxs"},"content":{"rendered":"<p><span data-sheets-root=\"1\">Lxs ciegxs<br \/>\nDirecci\u00f3n: Patricia Art\u00e9s<br \/>\nPrograma de Apoyo a Teatros Universitarios.<br \/>\nLa Escuela de Teatro de la Universidad de Valpara\u00edso presenta Lxs Ciegxs, obra basada en la dramaturgia de Maurice Maeterlinck y dirigida por Patricia Art\u00e9s. Una propuesta esc\u00e9nica que explora la incertidumbre, la espera y la condici\u00f3n humana.<br \/>\nPara mayores de 14 A\u00f1os<\/span><\/p>\n<p><span data-sheets-root=\"1\">Inscripci\u00f3n y m\u00e1s informaci\u00f3n en Instagram | <a class=\"in-cell-link\" href=\"https:\/\/www.instagram.com\/teatro.munivina\" target=\"_blank\" rel=\"noopener nofollow\">@teatro.munivina<\/a><\/span><\/p>","protected":false},"excerpt":{"rendered":"<p>Lxs ciegxs Direcci\u00f3n: Patricia Art\u00e9s Programa de Apoyo a Teatros Universitarios. La Escuela de Teatro de la Universidad de Valpara\u00edso presenta Lxs Ciegxs, obra basada en la dramaturgia de Maurice Maeterlinck y dirigida por Patricia Art\u00e9s. Una propuesta esc\u00e9nica que explora la incertidumbre, la espera y la condici\u00f3n humana. Para mayores de 14 A\u00f1os Inscripci\u00f3n [&hellip;]<\/p>\n","protected":false},"author":20,"featured_media":0,"comment_status":"closed","ping_status":"closed","template":"","tags":[],"mec_category":[],"class_list":["post-24728","mec-events","type-mec-events","status-publish","hentry"],"acf":[],"_links":{"self":[{"href":"https:\/\/visitavina.munivina.cl\/br\/wp-json\/wp\/v2\/mec-events\/24728","targetHints":{"allow":["GET"]}}],"collection":[{"href":"https:\/\/visitavina.munivina.cl\/br\/wp-json\/wp\/v2\/mec-events"}],"about":[{"href":"https:\/\/visitavina.munivina.cl\/br\/wp-json\/wp\/v2\/types\/mec-events"}],"author":[{"embeddable":true,"href":"https:\/\/visitavina.munivina.cl\/br\/wp-json\/wp\/v2\/users\/20"}],"replies":[{"embeddable":true,"href":"https:\/\/visitavina.munivina.cl\/br\/wp-json\/wp\/v2\/comments?post=24728"}],"wp:attachment":[{"href":"https:\/\/visitavina.munivina.cl\/br\/wp-json\/wp\/v2\/media?parent=24728"}],"wp:term":[{"taxonomy":"post_tag","embeddable":true,"href":"https:\/\/visitavina.munivina.cl\/br\/wp-json\/wp\/v2\/tags?post=24728"},{"taxonomy":"mec_category","embeddable":true,"href":"https:\/\/visitavina.munivina.cl\/br\/wp-json\/wp\/v2\/mec_category?post=24728"}],"curies":[{"name":"wp","href":"https:\/\/api.w.org\/{rel}","templated":true}]}}

<p><span data-sheets-root="1">Lxs ciegxs<br />
Dirección: Patricia Artés<br />
Programa de Apoyo a Teatros Universitarios.<br />
La Escuela de Teatro de la Universidad de Valparaíso presenta Lxs Ciegxs, obra basada en la dramaturgia de Maurice Maeterlinck y dirigida por Patricia Artés. Una propuesta escénica que explora la incertidumbre, la espera y la condición humana.<br />
Para mayores de 14 Años</span></p>
<p><span data-sheets-root="1">Inscripción y más información en Instagram | <a class="in-cell-link" href="https://www.instagram.com/teatro.munivina" target="_blank" rel="noopener nofollow">@teatro.munivina</a></span></p>

<p>Lxs ciegxs Dirección: Patricia Artés Programa de Apoyo a Teatros Universitarios. La Escuela de Teatro de la Universidad de Valparaíso presenta Lxs Ciegxs, obra basada en la dramaturgia de Maurice Maeterlinck y dirigida por Patricia Artés. Una propuesta escénica que explora la incertidumbre, la espera y la condición humana. Para mayores de 14 Años Inscripción [&hellip;]</p>
